www.masi.dk
188.143.232.210 - - [17/Jan/2012:20:03:17 +0000] "GET /Program%20Manual.htm HTTP/1.1" 200 115425 "-" "Mozilla/4.0 (compatible; MSIE 6.0; Windows NT 5.1; SV1)" masi.dk
188.143.232.210 - - [17/Jan/2012:20:03:17 +0000] "GET /Copyrigth%20of%20H.%20Jessen:%20Programm%20-%20files/MASI.ZIP HTTP/1.1" 200 268824 "-" "Mozilla/4.0 (compatible; MSIE 6.0; Windows NT 5.1; SV1)" masi.dk
188.143.232.210 - - [17/Jan/2012:20:03:18 +0000] "GET /Copyrigth%20of%20H.%20Jessen:%20Programm%20-%20files/MASI_SOURCE_GB.ZIP HTTP/1.1" 200 214286 "-" "Mozilla/4.0 (compatible; MSIE 6.0; Windows NT 5.1; SV1)" masi.dk
188.143.232.210 - - [17/Jan/2012:20:03:19 +0000] "GET /Copyrigth%20of%20H.%20Jessen:%20Programm%20-%20files/Old%20files.ZIP HTTP/1.1" 200 4676244 "-" "Mozilla/4.0 (compatible; MSIE 6.0; Windows NT 5.1; SV1)" www.masi.dk
188.143.232.210 - - [17/Jan/2012:20:03:26 +0000] "GET /Thesis_partB.htm HTTP/1.1" 200 1165734 "-" "Mozilla/4.0 (compatible; MSIE 6.0; Windows NT 5.1; SV1)" www.masi.dk
71.178.64.49 - - [17/Jan/2012:20:52:07 +0000] "GET /Thesis-filer/MouThesis.JPG HTTP/1.1" 200 150270 "http://images.search.yahoo.com/images/view?back=http%3A%2F%2Fsearch.yahoo.com%2Fsearch%3Fei%3DUTF-8%26p%3Dthesis%2Backnowledgements&w=140&h=160&imgurl=www.bing.com%2Fimages%2Fsearch%3Fq%3Dthesis%2Backnowledgements%23focal%3D83bef2cdfd535e3a48307496a0ebfe2a%26furl%3Dhttp%253a%252f%252fwww.professays.com%252fwp-content%252fuploads%252f2010%252f02%252fThesis-Acknoledgement-sample2.jpg&size=&name=search&rcurl=http%3A%2F%2Fwww.bing.com%2Fimages%2Fsearch%3Fq%3Dthesis%2Backnowledgements%23focal%3D83bef2cdfd535e3a48307496a0ebfe2a%26furl%3Dhttp%253a%252f%252fwww.professays.com%252fwp-content%252fuploads%252f2010%252f02%252fThesis-Acknoledgement-sample2.jpg&rurl=http%3A%2F%2Fwww.bing.com%2Fimages%2Fsearch%3Fq%3Dthesis%2Backnowledgements%23focal%3D83bef2cdfd535e3a48307496a0ebfe2a%26furl%3Dhttp%253a%252f%252fwww.professays.com%252fwp-content%252fuploads%252f2010%252f02%252fThesis-Acknoledgement-sample2.jpg&p=thesis+acknowledgements&type=&no=1&tt=115&oid=http%3A%2F%2Fts1.mm.bing.net%2Fimages%2Fthumbnail.aspx%3Fq%3D1574267335608%26id%3Dfaf6909d5b02936edb24d76d241399a3&tit=Thesis+Acknowledgement+Writing+Help%2C+Thesis+Acknowledgement+Sample+...&sigr=16e8vtajt&sigi=16702r7n6&sigb=121tclgu1&fr=yfp-t-701-s" "Mozilla/5.0 (compatible; MSIE 9.0; Windows NT 6.0; Trident/5.0)" www.masi.dk
207.46.194.37 - - [17/Jan/2012:20:52:42 +0000] "GET /Thesis-filer/Scan5.JPG HTTP/1.1" 200 215555 "-" "msnbot-media/1.1 (+http://search.msn.com/msnbot.htm)" www.masi.dk
207.46.194.37 - - [17/Jan/2012:20:52:43 +0000] "GET /licensees.htm HTTP/1.1" 200 33996 "-" "msnbot-media/1.1 (+http://search.msn.com/msnbot.htm)" masi.dk
220.181.51.83 - - [17/Jan/2012:21:06:58 +0000] "GET / HTTP/1.1" 200 102436 "-" "Mozilla/5.0 (Windows NT 5.1; rv:6.0.2) Gecko/20100101 Firefox/6.0.2" www.masi.dk
220.181.51.82 - - [17/Jan/2012:21:06:58 +0000] "GET / HTTP/1.1" 200 102436 "-" "Mozilla/5.0 (Windows NT 5.1; rv:6.0.2) Gecko/20100101 Firefox/6.0.2" masi.dk
180.76.5.148 - - [17/Jan/2012:21:21:11 +0000] "GET / HTTP/1.1" 304 - "-" "Mozilla/5.0 (compatible; Baiduspider/2.0; +http://www.baidu.com/search/spider.html)" www.masi.dk
207.46.194.93 - - [17/Jan/2012:21:45:36 +0000] "GET /robots.txt HTTP/1.1" 404 208 "-" "msnbot-media/1.1 (+http://search.msn.com/msnbot.htm)" www.masi.dk
207.46.194.93 - - [17/Jan/2012:21:45:36 +0000] "GET /Thesis-filer/Scan28.JPG HTTP/1.1" 200 209880 "-" "msnbot-media/1.1 (+http://search.msn.com/msnbot.htm)" www.masi.dk
207.46.194.93 - - [17/Jan/2012:21:45:38 +0000] "GET /licensees.htm HTTP/1.1" 200 33996 "-" "msnbot-media/1.1 (+http://search.msn.com/msnbot.htm)" www.masi.dk
207.46.199.224 - - [17/Jan/2012:22:13:18 +0000] "GET /robots.txt HTTP/1.1" 404 208 "-" "msnbot-media/1.1 (+http://search.msn.com/msnbot.htm)" www.masi.dk
207.46.199.224 - - [17/Jan/2012:22:13:18 +0000] "GET /Thesis-filer/Image52.gif HTTP/1.1" 200 21374 "-" "msnbot-media/1.1 (+http://search.msn.com/msnbot.htm)" www.masi.dk
207.46.199.224 - - [17/Jan/2012:22:13:18 +0000] "GET /Program%20Manual.htm HTTP/1.1" 200 115425 "-" "msnbot-media/1.1 (+http://search.msn.com/msnbot.htm)" masi.dk
119.63.196.46 - - [17/Jan/2012:22:29:38 +0000] "GET /robots.txt HTTP/1.1" 404 208 "-" "Baiduspider+(+http://www.baidu.com/search/spider.htm)" www.masi.dk
207.46.194.49 - - [17/Jan/2012:22:41:05 +0000] "GET /robots.txt HTTP/1.1" 404 208 "-" "msnbot-media/1.1 (+http://search.msn.com/msnbot.htm)" www.masi.dk
207.46.194.49 - - [17/Jan/2012:22:41:05 +0000] "GET /Thesis-filer/Image54.gif HTTP/1.1" 200 30233 "-" "msnbot-media/1.1 (+http://search.msn.com/msnbot.htm)" www.masi.dk
207.46.194.49 - - [17/Jan/2012:22:41:05 +0000] "GET /Program%20Manual.htm HTTP/1.1" 200 115425 "-" "msnbot-media/1.1 (+http://search.msn.com/msnbot.htm)" www.masi.dk
109.230.246.118 - - [17/Jan/2012:23:21:08 +0000] "GET /Science%252520of%252520M%252520A%252520S%252520I.htm HTTP/1.0" 404 240 "http://www.masi.dk/Science%252520of%252520M%252520A%252520S%252520I.htm" "Mozilla/4.0 (compatible; Powermarks/3.5; Windows 95/98/2000/NT)" www.masi.dk
109.230.246.118 - - [17/Jan/2012:23:21:08 +0000] "GET / HTTP/1.0" 200 102436 "http://www.masi.dk/" "Mozilla/4.0 (compatible; Powermarks/3.5; Windows 95/98/2000/NT)" www.masi.dk
188.143.232.210 - - [17/Jan/2012:23:24:42 +0000] "GET /Thesis_partB.htm HTTP/1.1" 200 1165734 "-" "Mozilla/4.0 (compatible; MSIE 6.0; Windows NT 5.1; SV1)" www.masi.dk
188.143.232.210 - - [17/Jan/2012:23:24:48 +0000] "GET /..%5C..%5C..%5C..%5CDokumenter%5CDokumenterWeb-stedermit_web-sted_0Science%20of%20M%20A%20S%20I.htm HTTP/1.1" 404 277 "-" "Mozilla/4.0 (compatible; MSIE 6.0; Windows NT 5.1; SV1)" www.masi.dk
95.108.150.235 - - [17/Jan/2012:23:27:22 +0000] "GET /robots.txt HTTP/1.1" 404 208 "-" "Mozilla/5.0 (compatible; YandexBot/3.0; +http://yandex.com/bots)" masi.dk
95.108.150.235 - - [17/Jan/2012:23:27:23 +0000] "GET /robots.txt HTTP/1.1" 404 208 "-" "Mozilla/5.0 (compatible; YandexBot/3.0; +http://yandex.com/bots)" www.masi.dk
95.108.150.235 - - [17/Jan/2012:23:27:23 +0000] "GET / HTTP/1.1" 200 102436 "-" "Mozilla/5.0 (compatible; YandexBot/3.0; +http://yandex.com/bots)" masi.dk
95.108.150.235 - - [17/Jan/2012:23:27:24 +0000] "GET / HTTP/1.1" 200 102436 "-" "Mozilla/5.0 (compatible; YandexBot/3.0; +http://yandex.com/bots)" www.masi.dk
95.108.150.235 - - [17/Jan/2012:23:27:24 +0000] "GET / HTTP/1.1" 200 102436 "-" "Mozilla/5.0 (compatible; YandexBot/3.0; +http://yandex.com/bots)" masi.dk
95.108.150.235 - - [17/Jan/2012:23:27:25 +0000] "GET / HTTP/1.1" 200 102436 "-" "Mozilla/5.0 (compatible; YandexBot/3.0; +http://yandex.com/bots)" masi.dk
123.125.71.40 - - [18/Jan/2012:00:17:49 +0000] "GET /Program%20Manual.htm HTTP/1.1" 200 115425 "-" "Mozilla/5.0 (compatible; Baiduspider/2.0; +http://www.baidu.com/search/spider.html)" www.masi.dk
180.76.6.213 - - [18/Jan/2012:00:21:50 +0000] "GET /index.htm HTTP/1.1" 200 102436 "-" "Mozilla/5.0 (compatible; Baiduspider/2.0; +http://www.baidu.com/search/spider.html)" www.masi.dk
180.76.5.59 - - [18/Jan/2012:00:21:52 +0000] "GET / HTTP/1.1" 200 102436 "-" "Mozilla/5.0 (compatible; Baiduspider/2.0; +http://www.baidu.com/search/spider.html)" www.masi.dk
108.90.177.151 - - [18/Jan/2012:00:44:01 +0000] "GET /Thesis-filer/MouThesis.JPG HTTP/1.1" 200 150270 "http://images.search.yahoo.com/images/view;_ylt=A0PDoX97FRZPmyIA1cOJzbkF;_ylu=X3oDMTBlMTQ4cGxyBHNlYwNzcgRzbGsDaW1n?back=http%3A%2F%2Fimages.search.yahoo.com%2Fsearch%2Fimages%3Fp%3Dthesis%26ei%3DUTF-8%26fr%3Dyfp-t-701%26tab%3Dorganic%26ri%3D12&w=1131&h=707&imgurl=th02.deviantart.net%2Ffs50%2FPRE%2Fi%2F2009%2F298%2Fe%2Fa%2FBFA_Thesis_Exhibition_Poster_by_ishbu.jpg&rurl=http%3A%2F%2Fishbu.deviantart.com%2Fart%2FBFA-Thesis-Exhibition-Poster-141429111&size=121.3+KB&name=BFA+Thesis+Exhibition+Poster+by+%7Eishbu+on+deviantART&p=thesis&oid=41d93168277b003ab7e9924534722bd8&fr2=&fr=yfp-t-701&tt=BFA%2BThesis%2BExhibition%2BPoster%2Bby%2B%257Eishbu%2Bon%2BdeviantART&b=0&ni=21&no=12&tab=organic&ts=&sigr=126ovr9j4&sigb=12t2rn18k&sigi=12lqjifuq&.crumb=lXUlG0a6wKj" "Mozilla/5.0 (Macintosh; Intel Mac OS X 10_6_8) AppleWebKit/534.52.7 (KHTML, like Gecko) Version/5.1.2 Safari/534.52.7" masi.dk
123.125.71.49 - - [18/Jan/2012:01:29:25 +0000] "GET / HTTP/1.1" 200 102436 "-" "Mozilla/5.0 (compatible; Baiduspider/2.0; +http://www.baidu.com/search/spider.html)" www.masi.dk
208.80.194.34 - - [18/Jan/2012:03:46:01 +0000] "GET / HTTP/1.0" 200 102436 "-" "Mozilla/4.0 (compatible; MSIE 7.0; Windows NT 5.1; NovaPacs Viewer 6.0.197.0; (R1 1.5); .NET CLR 1.0.3705; .NET CLR 1.1.4322; Media Center PC 4.0)" www.masi.dk
208.80.194.34 - - [18/Jan/2012:03:46:02 +0000] "GET /./fphover.class HTTP/1.0" 200 9328 "-" "Mozilla/4.0 (compatible; MSIE 6.0; Windows NT 5.1; {B969BC43-9C38-27AB-F396-B47427F30C5D})" www.masi.dk
208.115.113.83 - - [18/Jan/2012:04:12:37 +0000] "GET /robots.txt HTTP/1.1" 404 208 "-" "Mozilla/5.0 (compatible; Ezooms/1.0; ezooms.bot@gmail.com)" www.masi.dk
66.249.66.9 - - [18/Jan/2012:04:23:41 +0000] "GET /robots.txt HTTP/1.1" 404 208 "-" "Mozilla/5.0 (compatible; Googlebot/2.1; +http://www.google.com/bot.html)" www.masi.dk
66.249.71.106 - - [18/Jan/2012:04:23:42 +0000] "GET /April_2011.htm HTTP/1.1" 304 - "-" "Mozilla/5.0 (compatible; Googlebot/2.1; +http://www.google.com/bot.html)" www.masi.dk
208.115.113.83 - - [18/Jan/2012:05:48:02 +0000] "GET /Science%20of%20M%20A%20S%20I.htm HTTP/1.1" 200 166955 "-" "Mozilla/5.0 (compatible; Ezooms/1.0; ezooms.bot@gmail.com)" www.masi.dk
123.125.71.26 - - [18/Jan/2012:07:27:18 +0000] "GET /Science%20of%20M%20A%20S%20I.htm HTTP/1.1" 200 166955 "-" "Mozilla/5.0 (compatible; Baiduspider/2.0; +http://www.baidu.com/search/spider.html)" masi.dk
188.165.195.156 - - [18/Jan/2012:10:45:09 +0000] "HEAD / HTTP/1.1" 200 - "-" "Mozilla/4.0 (compatible; MSIE 5.01; Windows NT 5.0)" www.masi.dk
195.47.247.42 - - [18/Jan/2012:11:32:01 +0000] "GET / HTTP/1.1" 200 102436 "-" "OneDotComLatencyTester/1.0" www.masi.dk
195.47.247.42 - - [18/Jan/2012:11:32:01 +0000] "GET / HTTP/1.1" 200 102436 "-" "OneDotComLatencyTester/1.0" masi.dk
208.80.194.30 - - [18/Jan/2012:14:06:04 +0000] "GET /tfxyc/accomodation.php HTTP/1.0" 404 220 "-" "Mozilla/4.0 (compatible; MSIE 7.0; America Online Browser 1.1; rev1.5; Windows NT 5.1; .NET CLR 1.1.4322; .NET CLR 2.0.50727; .NET CLR 3.0.04506.30)" www.masi.dk
178.73.63.132 - - [18/Jan/2012:15:41:36 +0000] "GET /Science%2520of%2520M%2520A%2520S%2520I.htm HTTP/1.0" 404 230 "http://www.masi.dk/Science%2520of%2520M%2520A%2520S%2520I.htm" "Mozilla/4.0 (compatible; MSIE 6.0; Windows NT 5.1) Opera 7.54 [en]" www.masi.dk
178.73.63.132 - - [18/Jan/2012:15:41:36 +0000] "GET / HTTP/1.0" 200 102436 "http://www.masi.dk/" "Mozilla/4.0 (compatible; MSIE 6.0; Windows NT 5.1) Opera 7.54 [en]" www.masi.dk
195.47.247.42 - - [18/Jan/2012:16:23:32 +0000] "GET / HTTP/1.1" 200 102436 "-" "OneDotComLatencyTester/1.0" www.masi.dk
195.47.247.42 - - [18/Jan/2012:16:23:32 +0000] "GET / HTTP/1.1" 200 102436 "-" "OneDotComLatencyTester/1.0" www.masi.dk
76.72.167.164 - - [18/Jan/2012:18:07:39 +0000] "GET /robots.txt HTTP/1.0" 404 208 "-" "Mozilla/5.0 (compatible; MJ12bot/v1.4.1; http://www.majestic12.co.uk/bot.php?+)" www.masi.dk
76.72.167.164 - - [18/Jan/2012:18:07:40 +0000] "GET / HTTP/1.0" 200 102436 "-" "Mozilla/5.0 (compatible; MJ12bot/v1.4.1; http://www.majestic12.co.uk/bot.php?+)" www.masi.dk
62.198.82.19 - - [18/Jan/2012:21:04:34 +0000] "GET / HTTP/1.1" 200 102436 "-" "Mozilla/5.0 (Windows NT 5.1) AppleWebKit/535.7 (KHTML, like Gecko) Chrome/16.0.912.75 Safari/535.7" www.masi.dk
62.198.82.19 - - [18/Jan/2012:21:04:34 +0000] "GET /Thesis-filer/oversi33_31.jpg HTTP/1.1" 200 10549 "http://www.masi.dk/" "Mozilla/5.0 (Windows NT 5.1) AppleWebKit/535.7 (KHTML, like Gecko) Chrome/16.0.912.75 Safari/535.7" www.masi.dk
62.198.82.19 - - [18/Jan/2012:21:04:34 +0000] "GET /Thesis-filer/Sensm.jpg HTTP/1.1" 200 11641 "http://www.masi.dk/" "Mozilla/5.0 (Windows NT 5.1) AppleWebKit/535.7 (KHTML, like Gecko) Chrome/16.0.912.75 Safari/535.7" www.masi.dk
62.198.82.19 - - [18/Jan/2012:21:04:34 +0000] "GET /Thesis-filer/Varism.jpg HTTP/1.1" 200 12504 "http://www.masi.dk/" "Mozilla/5.0 (Windows NT 5.1) AppleWebKit/535.7 (KHTML, like Gecko) Chrome/16.0.912.75 Safari/535.7" www.masi.dk
62.198.82.19 - - [18/Jan/2012:21:04:35 +0000] "GET /Thesis-filer/Timesm.jpg HTTP/1.1" 200 11464 "http://www.masi.dk/" "Mozilla/5.0 (Windows NT 5.1) AppleWebKit/535.7 (KHTML, like Gecko) Chrome/16.0.912.75 Safari/535.7" www.masi.dk
62.198.82.19 - - [18/Jan/2012:21:04:35 +0000] "GET /Thesis-filer/HJ_v_s.jpg HTTP/1.1" 200 3509 "http://www.masi.dk/" "Mozilla/5.0 (Windows NT 5.1) AppleWebKit/535.7 (KHTML, like Gecko) Chrome/16.0.912.75 Safari/535.7" www.masi.dk
62.198.82.19 - - [18/Jan/2012:21:04:35 +0000] "GET /Thesis-filer/stattotal.jpg HTTP/1.1" 200 19797 "http://www.masi.dk/" "Mozilla/5.0 (Windows NT 5.1) AppleWebKit/535.7 (KHTML, like Gecko) Chrome/16.0.912.75 Safari/535.7" www.masi.dk
62.198.82.19 - - [18/Jan/2012:21:04:35 +0000] "GET /Thesis-filer/hourly_usage_200508.png HTTP/1.1" 200 18446 "http://www.masi.dk/" "Mozilla/5.0 (Windows NT 5.1) AppleWebKit/535.7 (KHTML, like Gecko) Chrome/16.0.912.75 Safari/535.7" www.masi.dk
62.198.82.19 - - [18/Jan/2012:21:04:35 +0000] "GET /Thesis-filer/hourly_usage_200509.png HTTP/1.1" 200 18703 "http://www.masi.dk/" "Mozilla/5.0 (Windows NT 5.1) AppleWebKit/535.7 (KHTML, like Gecko) Chrome/16.0.912.75 Safari/535.7" www.masi.dk
62.198.82.19 - - [18/Jan/2012:21:04:35 +0000] "GET /Thesis-filer/hourly_usage_200510.png HTTP/1.1" 200 18736 "http://www.masi.dk/" "Mozilla/5.0 (Windows NT 5.1) AppleWebKit/535.7 (KHTML, like Gecko) Chrome/16.0.912.75 Safari/535.7" www.masi.dk
62.198.82.19 - - [18/Jan/2012:21:04:35 +0000] "GET /Thesis-filer/hourly_usage_200511.png HTTP/1.1" 200 19001 "http://www.masi.dk/" "Mozilla/5.0 (Windows NT 5.1) AppleWebKit/535.7 (KHTML, like Gecko) Chrome/16.0.912.75 Safari/535.7" www.masi.dk
62.198.82.19 - - [18/Jan/2012:21:04:35 +0000] "GET /Thesis-filer/hourly_usage_200512.png HTTP/1.1" 200 18967 "http://www.masi.dk/" "Mozilla/5.0 (Windows NT 5.1) AppleWebKit/535.7 (KHTML, like Gecko) Chrome/16.0.912.75 Safari/535.7" www.masi.dk
62.198.82.19 - - [18/Jan/2012:21:04:35 +0000] "GET /favicon.ico HTTP/1.1" 404 209 "-" "Mozilla/5.0 (Windows NT 5.1) AppleWebKit/535.7 (KHTML, like Gecko) Chrome/16.0.912.75 Safari/535.7" www.masi.dk
178.154.160.30 - - [18/Jan/2012:23:23:08 +0000] "GET /robots.txt HTTP/1.1" 404 208 "-" "Mozilla/5.0 (compatible; YandexBot/3.0; +http://yandex.com/bots)" www.masi.dk
178.154.160.30 - - [19/Jan/2012:01:03:21 +0000] "GET /index.htm HTTP/1.1" 200 102436 "-" "Mozilla/5.0 (compatible; YandexBot/3.0; +http://yandex.com/bots)" www.masi.dk
109.230.245.245 - - [19/Jan/2012:01:08:24 +0000] "GET /July_2006.htm HTTP/1.0" 200 770118 "http://www.masi.dk/July_2006.htm" "Mozilla/4.0 (compatible; MSIE 7.0; Windows NT 5.1; SV1; .NET CLR 2.0.50727)" www.masi.dk
195.47.247.42 - - [19/Jan/2012:02:07:06 +0000] "GET / HTTP/1.1" 200 102436 "-" "OneDotComLatencyTester/1.0" www.masi.dk
195.47.247.42 - - [19/Jan/2012:02:07:06 +0000] "GET / HTTP/1.1" 200 102436 "-" "OneDotComLatencyTester/1.0" www.masi.dk
178.154.160.30 - - [19/Jan/2012:02:18:26 +0000] "GET / HTTP/1.1" 200 102436 "-" "Mozilla/5.0 (compatible; YandexBot/3.0; +http://yandex.com/bots)" www.masi.dk
119.63.196.104 - - [19/Jan/2012:03:29:03 +0000] "GET /robots.txt HTTP/1.1" 404 208 "-" "Baiduspider+(+http://www.baidu.com/search/spider.htm)" www.masi.dk
178.154.160.30 - - [19/Jan/2012:04:17:45 +0000] "GET /August_2007.htm HTTP/1.1" 200 786932 "-" "Mozilla/5.0 (compatible; YandexBot/3.0; +http://yandex.com/bots)" www.masi.dk
178.154.160.30 - - [19/Jan/2012:05:35:49 +0000] "GET /April_2011.htm HTTP/1.1" 200 544444 "-" "Mozilla/5.0 (compatible; YandexBot/3.0; +http://yandex.com/bots)" www.masi.dk
208.115.111.67 - - [19/Jan/2012:06:18:18 +0000] "GET /robots.txt HTTP/1.1" 404 208 "-" "Mozilla/5.0 (compatible; Ezooms/1.0; ezooms.bot@gmail.com)" www.masi.dk
178.154.160.30 - - [19/Jan/2012:07:04:21 +0000] "GET /August_2005.htm HTTP/1.1" 200 776208 "-" "Mozilla/5.0 (compatible; YandexBot/3.0; +http://yandex.com/bots)" www.masi.dk
208.115.111.67 - - [19/Jan/2012:07:46:05 +0000] "GET /licensees.htm HTTP/1.1" 200 33996 "-" "Mozilla/5.0 (compatible; Ezooms/1.0; ezooms.bot@gmail.com)" masi.dk
66.249.66.196 - - [19/Jan/2012:07:54:05 +0000] "GET /robots.txt HTTP/1.1" 404 208 "-" "Mozilla/5.0 (compatible; Googlebot/2.1; +http://www.google.com/bot.html)" masi.dk
66.249.66.196 - - [19/Jan/2012:07:54:05 +0000] "GET / HTTP/1.1" 200 102436 "-" "Mozilla/5.0 (iPhone; U; CPU iPhone OS 4_1 like Mac OS X; en-us) AppleWebKit/532.9 (KHTML, like Gecko) Version/4.0.5 Mobile/8B117 Safari/6531.22.7 (compatible; Googlebot-Mobile/2.1; +http://www.google.com/bot.html)" www.masi.dk
178.154.160.30 - - [19/Jan/2012:08:11:54 +0000] "GET /July_2006.htm HTTP/1.1" 200 770118 "-" "Mozilla/5.0 (compatible; YandexBot/3.0; +http://yandex.com/bots)" masi.dk
208.80.194.30 - - [19/Jan/2012:09:19:23 +0000] "GET / HTTP/1.0" 200 102436 "-" "Mozilla/4.0 (compatible; MSIE 7.0; Windows NT 5.1; FunWebProducts; TB Newsbar; .NET CLR 1.0.3705; .NET CLR 1.1.4322; Media Center PC 4.0; .NET CLR 2.0.50727; PeoplePal 3.0)" masi.dk
208.80.194.30 - - [19/Jan/2012:09:19:24 +0000] "GET /./fphover.class HTTP/1.0" 200 9328 "-" "Mozilla/4.0 (compatible; MSIE 7.0; Windows NT 5.1; .NET CLR 1.0.3705; .NET CLR 1.1.4322; Media Center PC 3.1; .NET CLR 2.0.50727; MSN 6.1; MSNbMSFT; MSNmen-us; MSNc00; MSNc00)" www.masi.dk
178.154.160.30 - - [19/Jan/2012:09:24:43 +0000] "GET /August_2008.htm HTTP/1.1" 200 966095 "-" "Mozilla/5.0 (compatible; YandexBot/3.0; +http://yandex.com/bots)" www.masi.dk
178.154.160.30 - - [19/Jan/2012:10:43:20 +0000] "GET /Thesis.htm HTTP/1.1" 200 1281530 "-" "Mozilla/5.0 (compatible; YandexBot/3.0; +http://yandex.com/bots)" www.masi.dk
123.125.71.13 - - [19/Jan/2012:11:01:10 +0000] "GET / HTTP/1.1" 200 102436 "-" "Mozilla/5.0 (compatible; Baiduspider/2.0; +http://www.baidu.com/search/spider.html)" www.masi.dk
178.154.160.30 - - [19/Jan/2012:11:53:37 +0000] "GET /Science%20of%20M%20A%20S%20I.htm HTTP/1.1" 200 166955 "-" "Mozilla/5.0 (compatible; YandexBot/3.0; +http://yandex.com/bots)" www.masi.dk
91.150.44.152 - - [19/Jan/2012:12:25:34 +0000] "GET /Thesis-filer/MouThesis.JPG HTTP/1.1" 200 150270 "http://www.google.com/imgres?hl=en&client=firefox-a&sa=X&rls=org.mozilla:en-US:official&biw=1329&bih=1867&tbm=isch&prmd=imvns&tbnid=inBgisWWdA9aYM:&imgrefurl=http://p-t-m.org/search/acknowledgement-in-thesis.html&docid=9xA9BWmMh2wl9M&imgurl=http://www.masi.dk/Thesis-filer/MouThesis.JPG&w=826&h=1169&ei=owsYT8KRMer54QTL8vzsDQ&zoom=1&iact=rc&dur=380&sig=100722275319841043735&page=1&tbnh=140&tbnw=100&start=0&ndsp=76&ved=1t:429,r:14,s:0&tx=7&ty=31" "Mozilla/5.0 (X11; U; Linux i686; en-US; rv:1.9.2.12) Gecko/20101026 Firefox/3.6.12" masi.dk
66.249.66.196 - - [19/Jan/2012:12:39:06 +0000] "GET /Thesis.htm HTTP/1.1" 304 - "-" "Mozilla/5.0 (compatible; Googlebot/2.1; +http://www.google.com/bot.html)" www.masi.dk
66.249.66.9 - - [19/Jan/2012:12:41:19 +0000] "GET /robots.txt HTTP/1.1" 404 208 "-" "Mozilla/5.0 (compatible; Googlebot/2.1; +http://www.google.com/bot.html)" www.masi.dk
66.249.66.9 - - [19/Jan/2012:12:41:19 +0000] "GET /April_2008.htm HTTP/1.1" 404 212 "-" "Mozilla/5.0 (iPhone; U; CPU iPhone OS 4_1 like Mac OS X; en-us) AppleWebKit/532.9 (KHTML, like Gecko) Version/4.0.5 Mobile/8B117 Safari/6531.22.7 (compatible; Googlebot-Mobile/2.1; +http://www.google.com/bot.html)" masi.dk
66.249.66.196 - - [19/Jan/2012:12:56:42 +0000] "GET /April_2006.htm HTTP/1.1" 200 804396 "-" "Mozilla/5.0 (iPhone; U; CPU iPhone OS 4_1 like Mac OS X; en-us) AppleWebKit/532.9 (KHTML, like Gecko) Version/4.0.5 Mobile/8B117 Safari/6531.22.7 (compatible; Googlebot-Mobile/2.1; +http://www.google.com/bot.html)" www.masi.dk
178.154.160.30 - - [19/Jan/2012:13:02:35 +0000] "GET /Thesis_partB.htm HTTP/1.1" 200 1165734 "-" "Mozilla/5.0 (compatible; YandexBot/3.0; +http://yandex.com/bots)" www.masi.dk
193.164.202.166 - - [19/Jan/2012:13:56:04 +0000] "GET / HTTP/1.1" 200 102436 "-" "Mozilla/5.0 (compatible)" www.masi.dk
193.164.202.166 - - [19/Jan/2012:13:56:04 +0000] "GET / HTTP/1.1" 200 102436 "-" "Mozilla/5.0 (compatible)" www.masi.dk
193.164.202.166 - - [19/Jan/2012:13:56:05 +0000] "GET / HTTP/1.1" 200 102436 "-" "Mozilla/5.0 (compatible)" www.masi.dk
193.164.202.166 - - [19/Jan/2012:13:56:05 +0000] "GET / HTTP/1.1" 200 102436 "-" "Mozilla/5.0 (compatible)" www.masi.dk
193.164.202.166 - - [19/Jan/2012:13:56:05 +0000] "GET / HTTP/1.1" 200 102436 "-" "Mozilla/5.0 (compatible)" www.masi.dk
178.154.160.30 - - [19/Jan/2012:14:14:51 +0000] "GET /November_2009.htm HTTP/1.1" 200 974013 "-" "Mozilla/5.0 (compatible; YandexBot/3.0; +http://yandex.com/bots)" masi.dk
66.249.66.196 - - [19/Jan/2012:15:32:21 +0000] "GET /Copyrigth%20of%20H.%20Jessen:%20Programm%20-%20files/Source%20in%20DOS%20C/Old%20files/Masi_DK_S_88/SI588/II/COFIL HTTP/1.1" 404 292 "-" "Mozilla/5.0 (compatible; Googlebot/2.1; +http://www.google.com/bot.html)" www.masi.dk
178.154.160.30 - - [19/Jan/2012:15:46:53 +0000] "GET /Program%20Manual.htm HTTP/1.1" 200 115425 "-" "Mozilla/5.0 (compatible; YandexBot/3.0; +http://yandex.com/bots)" masi.dk
188.165.195.156 - - [19/Jan/2012:16:04:19 +0000] "HEAD / HTTP/1.1" 200 - "-" "Mozilla/4.0 (compatible; MSIE 5.01; Windows NT 5.0)" www.masi.dk
178.154.160.30 - - [19/Jan/2012:17:00:15 +0000] "GET /April_2006.htm HTTP/1.1" 200 804396 "-" "Mozilla/5.0 (compatible; YandexBot/3.0; +http://yandex.com/bots)" www.masi.dk
178.154.160.30 - - [19/Jan/2012:18:02:32 +0000] "GET /licensees.htm HTTP/1.1" 200 33996 "-" "Mozilla/5.0 (compatible; YandexBot/3.0; +http://yandex.com/bots)" www.masi.dk
195.47.247.42 - - [19/Jan/2012:18:12:57 +0000] "GET / HTTP/1.1" 200 102436 "-" "OneDotComLatencyTester/1.0" www.masi.dk
195.47.247.42 - - [19/Jan/2012:18:12:57 +0000] "GET / HTTP/1.1" 200 102436 "-" "OneDotComLatencyTester/1.0" www.masi.dk
62.249.165.195 - - [19/Jan/2012:18:22:47 +0000] "GET /robots.txt HTTP/1.0" 404 208 "-" "Mozilla/5.0 (compatible; MJ12bot/v1.4.1; http://www.majestic12.co.uk/bot.php?+)" www.masi.dk
62.249.165.195 - - [19/Jan/2012:18:22:48 +0000] "GET / HTTP/1.1" 200 102436 "-" "Mozilla/5.0 (compatible; MJ12bot/v1.4.1; http://www.majestic12.co.uk/bot.php?+)" masi.dk
149.5.168.2 - - [19/Jan/2012:19:40:21 +0000] "GET /Copyrigth%20of%20H.%20Jessen:%20Programm%20-%20files/MASI.ZIP HTTP/1.1" 206 268824 "-" "\"Mozilla/5.0\"" masi.dk
149.5.168.2 - - [19/Jan/2012:19:40:31 +0000] "GET /Copyrigth%20of%20H.%20Jessen:%20Programm%20-%20files/MASI_SOURCE_GB.ZIP HTTP/1.1" 206 214286 "-" "\"Mozilla/5.0\"" masi.dk
180.76.5.48 - - [19/Jan/2012:19:52:50 +0000] "GET / HTTP/1.1" 304 - "-" "Mozilla/5.0 (compatible; Baiduspider/2.0; +http://www.baidu.com/search/spider.html)" www.masi.dk
208.115.113.83 - - [19/Jan/2012:20:17:06 +0000] "GET /robots.txt HTTP/1.1" 404 208 "-" "Mozilla/5.0 (compatible; Ezooms/1.0; ezooms.bot@gmail.com)" www.masi.dk
216.145.17.190 - - [19/Jan/2012:20:49:22 +0000] "GET /robots.txt HTTP/1.0" 404 208 "-" "Mozilla/5.0 (Windows; U; Windows NT 5.1; en; rv:1.9.0.13) Gecko/2009073022 Firefox/3.5.2 (.NET CLR 3.5.30729) SurveyBot/2.3 (DomainTools)" www.masi.dk
216.145.17.190 - - [19/Jan/2012:20:49:22 +0000] "GET / HTTP/1.1" 200 102436 "http://whois.domaintools.com/masi.dk" "Mozilla/5.0 (Windows; U; Windows NT 5.1; en; rv:1.9.0.13) Gecko/2009073022 Firefox/3.5.2 (.NET CLR 3.5.30729) SurveyBot/2.3 (DomainTools)" www.masi.dk
208.115.113.83 - - [19/Jan/2012:21:15:43 +0000] "GET /robots.txt HTTP/1.1" 404 208 "-" "Mozilla/5.0 (compatible; Ezooms/1.0; ezooms.bot@gmail.com)" www.masi.dk
92.239.174.80 - - [19/Jan/2012:21:40:00 +0000] "GET /Thesis-filer/MouThesis.JPG HTTP/1.1" 200 150270 "http://www.google.co.uk/imgres?q=dissertation+acknowledgement&hl=en&sa=X&rlz=1C1DVCL_enGB419GB421&biw=1366&bih=667&tbm=isch&prmd=imvns&tbnid=inBgisWWdA9aYM:&imgrefurl=http://p-t-m.org/search/acknowledgement-in-thesis.html&docid=9xA9BWmMh2wl9M&imgurl=http://www.masi.dk/Thesis-filer/MouThesis.JPG&w=826&h=1169&ei=p40YT9SJO4fe8QPVqfGjCw&zoom=1&iact=hc&vpx=822&vpy=378&dur=226&hovh=166&hovw=117&tx=60&ty=89&sig=100970946190227743956&page=3&tbnh=160&tbnw=117&start=50&ndsp=26&ved=1t:429,r:10,s:50" "Mozilla/5.0 (Windows NT 6.1; WOW64) AppleWebKit/535.7 (KHTML, like Gecko) Chrome/16.0.912.75 Safari/535.7" www.masi.dk
95.108.150.235 - - [19/Jan/2012:22:02:16 +0000] "GET /robots.txt HTTP/1.1" 404 208 "-" "Mozilla/5.0 (compatible; YandexBot/3.0; +http://yandex.com/bots)" masi.dk
95.108.150.235 - - [19/Jan/2012:22:02:16 +0000] "GET /robots.txt HTTP/1.1" 404 208 "-" "Mozilla/5.0 (compatible; YandexBot/3.0; +http://yandex.com/bots)" www.masi.dk
95.108.150.235 - - [19/Jan/2012:22:02:17 +0000] "GET / HTTP/1.1" 200 102436 "-" "Mozilla/5.0 (compatible; YandexBot/3.0; +http://yandex.com/bots)" masi.dk
95.108.150.235 - - [19/Jan/2012:22:02:17 +0000] "GET / HTTP/1.1" 200 102436 "-" "Mozilla/5.0 (compatible; YandexBot/3.0; +http://yandex.com/bots)" www.masi.dk
95.108.150.235 - - [19/Jan/2012:22:02:18 +0000] "GET / HTTP/1.1" 200 102436 "-" "Mozilla/5.0 (compatible; YandexBot/3.0; +http://yandex.com/bots)" masi.dk
95.108.150.235 - - [19/Jan/2012:22:02:18 +0000] "GET / HTTP/1.1" 200 102436 "-" "Mozilla/5.0 (compatible; YandexBot/3.0; +http://yandex.com/bots)" www.masi.dk
66.249.66.9 - - [19/Jan/2012:22:25:28 +0000] "GET /robots.txt HTTP/1.1" 404 208 "-" "Mozilla/5.0 (compatible; Googlebot/2.1; +http://www.google.com/bot.html)" www.masi.dk
66.249.66.9 - - [19/Jan/2012:22:25:29 +0000] "GET / HTTP/1.1" 200 102436 "-" "SAMSUNG-SGH-E250/1.0 Profile/MIDP-2.0 Configuration/CLDC-1.1 UP.Browser/6.2.3.3.c.1.101 (GUI) MMP/2.0 (compatible; Googlebot-Mobile/2.1; +http://www.google.com/bot.html)" www.masi.dk
208.80.194.33 - - [19/Jan/2012:22:26:21 +0000] "GET / HTTP/1.0" 200 102436 "-" "Mozilla/4.0 (compatible; MSIE 7.0; Windows NT 5.1; (R1 1.5); .NET CLR 1.1.4322; IEMB3)" www.masi.dk
208.80.194.33 - - [19/Jan/2012:22:26:22 +0000] "GET /./fphover.class HTTP/1.0" 200 9328 "-" "Mozilla/4.0 (compatible; MSIE 6.0; Windows NT 5.1; SV1; (R1 1.5; yplus 5.1.04b); .NET CLR 1.1.4322; InfoPath.1; SpamBlockerUtility 4.8.6)" www.masi.dk
66.249.71.71 - - [19/Jan/2012:22:48:36 +0000] "GET / HTTP/1.1" 200 102436 "-" "DoCoMo/2.0 N905i(c100;TB;W24H16) (compatible; Googlebot-Mobile/2.1; +http://www.google.com/bot.html)" www.masi.dk
208.115.113.83 - - [19/Jan/2012:22:51:09 +0000] "GET /Program%20Manual.htm HTTP/1.1" 200 115425 "-" "Mozilla/5.0 (compatible; Ezooms/1.0; ezooms.bot@gmail.com)" masi.dk
123.125.71.105 - - [20/Jan/2012:00:35:16 +0000] "GET / HTTP/1.1" 200 102436 "-" "Mozilla/5.0 (compatible; Baiduspider/2.0; +http://www.baidu.com/search/spider.html)" masi.dk
123.125.71.18 - - [20/Jan/2012:00:39:01 +0000] "GET /April_2011.htm HTTP/1.1" 200 544444 "-" "Mozilla/5.0 (compatible; Baiduspider/2.0; +http://www.baidu.com/search/spider.html)" masi.dk
123.125.71.17 - - [20/Jan/2012:00:42:51 +0000] "GET /Thesis_partB.htm HTTP/1.1" 200 1165734 "-" "Mozilla/5.0 (compatible; Baiduspider/2.0; +http://www.baidu.com/search/spider.html)" masi.dk
123.125.71.54 - - [20/Jan/2012:00:46:34 +0000] "GET /August_2008.htm HTTP/1.1" 200 966095 "-" "Mozilla/5.0 (compatible; Baiduspider/2.0; +http://www.baidu.com/search/spider.html)" masi.dk
66.249.66.196 - - [20/Jan/2012:00:54:30 +0000] "GET /robots.txt HTTP/1.1" 404 208 "-" "Mozilla/5.0 (compatible; Googlebot/2.1; +http://www.google.com/bot.html)" masi.dk
66.249.71.118 - - [20/Jan/2012:00:54:30 +0000] "GET /Copyrigth%20of%20H.%20Jessen:%20Programm%20-%20files/Source%20in%20DOS%20C/Old%20files/Navision/Nav2/ HTTP/1.1" 404 279 "-" "Mozilla/5.0 (compatible; Googlebot/2.1; +http://www.google.com/bot.html)" masi.dk
149.5.168.2 - - [20/Jan/2012:05:02:24 +0000] "GET /Copyrigth%20of%20H.%20Jessen:%20Programm%20-%20files/Old%20files.ZIP HTTP/1.1" 206 1048576 "-" "\"Mozilla/5.0\"" www.masi.dk
213.186.127.10 - - [20/Jan/2012:05:18:38 +0000] "GET /Science%20of%20M%20A%20S%20I.htm HTTP/1.1" 200 166955 "-" "Mozilla/5.0 (compatible; AhrefsBot/2.0; +http://ahrefs.com/robot/)" www.masi.dk
66.249.66.9 - - [20/Jan/2012:05:30:29 +0000] "GET /robots.txt HTTP/1.1" 404 208 "-" "Mozilla/5.0 (compatible; Googlebot/2.1; +http://www.google.com/bot.html)" www.masi.dk
66.249.71.71 - - [20/Jan/2012:05:30:29 +0000] "GET /Thesis-filer/HJ_h.jpg HTTP/1.1" 304 - "-" "Googlebot-Image/1.0" www.masi.dk
208.115.111.67 - - [20/Jan/2012:06:19:51 +0000] "GET /robots.txt HTTP/1.1" 404 208 "-" "Mozilla/5.0 (compatible; Ezooms/1.0; ezooms.bot@gmail.com)" www.masi.dk
65.52.109.73 - - [20/Jan/2012:06:25:09 +0000] "GET /robots.txt HTTP/1.1" 404 208 "-" "Mozilla/5.0 (compatible; bingbot/2.0; +http://www.bing.com/bingbot.htm)" www.masi.dk
65.52.109.73 - - [20/Jan/2012:06:26:23 +0000] "GET / HTTP/1.1" 304 - "-" "Mozilla/5.0 (compatible; bingbot/2.0; +http://www.bing.com/bingbot.htm)" www.masi.dk
66.249.66.9 - - [20/Jan/2012:06:53:05 +0000] "GET /Science%2520of%2520M%2520A%2520S%2520I.htm HTTP/1.1" 404 230 "-" "Mozilla/5.0 (iPhone; U; CPU iPhone OS 4_1 like Mac OS X; en-us) AppleWebKit/532.9 (KHTML, like Gecko) Version/4.0.5 Mobile/8B117 Safari/6531.22.7 (compatible; Googlebot-Mobile/2.1; +http://www.google.com/bot.html)" masi.dk
66.249.71.118 - - [20/Jan/2012:06:53:06 +0000] "GET /robots.txt HTTP/1.1" 404 208 "-" "Mozilla/5.0 (compatible; Googlebot/2.1; +http://www.google.com/bot.html)" masi.dk
66.249.66.196 - - [20/Jan/2012:06:53:06 +0000] "GET /August_2005.htm HTTP/1.1" 200 776208 "-" "Mozilla/5.0 (iPhone; U; CPU iPhone OS 4_1 like Mac OS X; en-us) AppleWebKit/532.9 (KHTML, like Gecko) Version/4.0.5 Mobile/8B117 Safari/6531.22.7 (compatible; Googlebot-Mobile/2.1; +http://www.google.com/bot.html)" www.masi.dk
208.115.111.67 - - [20/Jan/2012:07:26:44 +0000] "GET /Thesis.htm HTTP/1.1" 200 1281530 "-" "Mozilla/5.0 (compatible; Ezooms/1.0; ezooms.bot@gmail.com)" masi.dk
188.165.195.156 - - [20/Jan/2012:07:33:28 +0000] "HEAD / HTTP/1.1" 200 - "-" "Mozilla/4.0 (compatible; MSIE 5.01; Windows NT 5.0)" masi.dk
208.80.194.30 - - [20/Jan/2012:08:54:18 +0000] "GET /tfxyc/accomodation.php HTTP/1.0" 404 220 "-" "Mozilla/4.0 (compatible; MSIE 7.0; Windows NT 5.1; sv1; InfoPath.2; IEMB3; IEMB3)" www.masi.dk
66.249.66.9 - - [20/Jan/2012:09:19:40 +0000] "GET /Thesis-filer/Sensm.jpg HTTP/1.1" 304 - "-" "Googlebot-Image/1.0" www.masi.dk
49.145.68.152 - - [20/Jan/2012:09:36:05 +0000] "GET /Thesis-filer/MouThesis.JPG HTTP/1.1" 200 150270 "http://www.google.com.ph/imgres?q=acknowledgement+for+thesis&um=1&hl=en&biw=1366&bih=685&tbm=isch&tbnid=inBgisWWdA9aYM:&imgrefurl=http://p-t-m.org/search/acknowledgement-in-thesis.html&docid=9xA9BWmMh2wl9M&imgurl=http://www.masi.dk/Thesis-filer/MouThesis.JPG&w=826&h=1169&ei=RTUZT46RGcStrAexwdmGDQ&zoom=1&iact=rc&dur=263&sig=110701994062350029775&page=2&tbnh=142&tbnw=111&start=21&ndsp=27&ved=1t:429,r:25,s:21&tx=40&ty=72" "Mozilla/5.0 (Windows NT 5.1) AppleWebKit/535.7 (KHTML, like Gecko) Chrome/16.0.912.75 Safari/535.7" www.masi.dk
50.15.164.56 - - [20/Jan/2012:09:59:05 +0000] "GET /July_2006.htm HTTP/1.1" 200 770118 "-" "Mozilla/5.0 (Windows; U; Windows NT 6.0; en-US; rv:1.9.2.11) Gecko/20101012 Firefox/3.6.11 GTB7.1 ( .NET CLR 3.5.30729; .NET4.0E)" www.masi.dk
50.15.164.56 - - [20/Jan/2012:10:01:34 +0000] "GET /July_2006.htm HTTP/1.1" 200 770118 "-" "Mozilla/5.0 (Windows; U; Windows NT 6.0; en-US; rv:1.9.2.11) Gecko/20101012 Firefox/3.6.11 GTB7.1 ( .NET CLR 3.5.30729; .NET4.0E)" www.masi.dk
50.15.164.56 - - [20/Jan/2012:10:06:18 +0000] "GET /Program%20Manual.htm HTTP/1.1" 200 115425 "-" "Mozilla/5.0 (Windows; U; Windows NT 6.0; en-US; rv:1.9.2.11) Gecko/20101012 Firefox/3.6.11 GTB7.1 ( .NET CLR 3.5.30729; .NET4.0E)" www.masi.dk
69.28.58.42 - - [20/Jan/2012:10:07:53 +0000] "GET /robots.txt HTTP/1.0" 404 208 "http://www.masi.dk/robots.txt" "Mozilla/4.0 (compatible; MSIE 8.0; Windows NT 5.1; SV1; .NET CLR 2.0.50727)" www.masi.dk
69.28.58.42 - - [20/Jan/2012:10:07:54 +0000] "GET / HTTP/1.0" 200 102436 "http://www.masi.dk/" "Mozilla/4.0 (compatible; MSIE 8.0; Windows NT 5.1; SV1; .NET CLR 2.0.50727)" www.masi.dk
208.115.111.67 - - [20/Jan/2012:10:45:24 +0000] "GET /robots.txt HTTP/1.1" 404 208 "-" "Mozilla/5.0 (compatible; Ezooms/1.0; ezooms.bot@gmail.com)" masi.dk
66.249.66.196 - - [20/Jan/2012:11:33:19 +0000] "GET /robots.txt HTTP/1.1" 404 208 "-" "Mozilla/5.0 (compatible; Googlebot/2.1; +http://www.google.com/bot.html)" masi.dk
66.249.66.196 - - [20/Jan/2012:11:33:19 +0000] "GET /Copyrigth%20of%20H.%20Jessen:%20Programm%20-%20files/Source%20in%20DOS%20C/Internal%20SOURCE/SPECIUDD.C HTTP/1.1" 404 281 "-" "Mozilla/5.0 (compatible; Googlebot/2.1; +http://www.google.com/bot.html)" www.masi.dk
208.115.111.67 - - [20/Jan/2012:12:14:19 +0000] "GET / HTTP/1.1" 200 102436 "-" "Mozilla/5.0 (compatible; Ezooms/1.0; ezooms.bot@gmail.com)" www.masi.dk
208.115.111.67 - - [20/Jan/2012:12:14:19 +0000] "GET /July_2006.htm HTTP/1.1" 200 770118 "-" "Mozilla/5.0 (compatible; Ezooms/1.0; ezooms.bot@gmail.com)" www.masi.dk
195.47.247.42 - - [20/Jan/2012:13:28:04 +0000] "GET / HTTP/1.1" 200 102436 "-" "OneDotComLatencyTester/1.0" www.masi.dk
195.47.247.42 - - [20/Jan/2012:13:28:04 +0000] "GET / HTTP/1.1" 200 102436 "-" "OneDotComLatencyTester/1.0" www.masi.dk
66.249.66.9 - - [20/Jan/2012:14:32:51 +0000] "GET /robots.txt HTTP/1.1" 404 208 "-" "Mozilla/5.0 (compatible; Googlebot/2.1; +http://www.google.com/bot.html)" www.masi.dk
66.249.66.9 - - [20/Jan/2012:14:32:51 +0000] "GET /Thesis-filer/Image115.gif HTTP/1.1" 304 - "-" "Googlebot-Image/1.0" masi.dk
66.249.71.118 - - [20/Jan/2012:14:49:05 +0000] "GET /Thesis-filer/hourly_usage_200511.png HTTP/1.1" 200 19001 "http://masi.dk/" "Mozilla/5.0 (compatible; Googlebot/2.1; +http://www.google.com/bot.html)" masi.dk
66.249.66.196 - - [20/Jan/2012:14:49:20 +0000] "GET /Thesis-filer/Varism.jpg HTTP/1.1" 200 12504 "http://masi.dk/" "Mozilla/5.0 (compatible; Googlebot/2.1; +http://www.google.com/bot.html)" masi.dk
66.249.71.118 - - [20/Jan/2012:14:49:32 +0000] "GET /Thesis-filer/Timesm.jpg HTTP/1.1" 200 11464 "http://masi.dk/" "Mozilla/5.0 (compatible; Googlebot/2.1; +http://www.google.com/bot.html)" masi.dk
184.154.48.82 - - [20/Jan/2012:14:50:26 +0000] "GET /robots.txt HTTP/1.0" 404 208 "-" "Mozilla/5.0 (compatible; MJ12bot/v1.4.1; http://www.majestic12.co.uk/bot.php?+)" masi.dk
184.154.48.82 - - [20/Jan/2012:14:50:27 +0000] "GET /April_2006.htm HTTP/1.0" 200 804396 "-" "Mozilla/5.0 (compatible; MJ12bot/v1.4.1; http://www.majestic12.co.uk/bot.php?+)" masi.dk
184.154.48.82 - - [20/Jan/2012:14:50:29 +0000] "GET /August_2005.htm HTTP/1.0" 200 776208 "-" "Mozilla/5.0 (compatible; MJ12bot/v1.4.1; http://www.majestic12.co.uk/bot.php?+)" masi.dk
184.154.48.82 - - [20/Jan/2012:14:50:31 +0000] "GET /August_2007.htm HTTP/1.0" 200 786932 "-" "Mozilla/5.0 (compatible; MJ12bot/v1.4.1; http://www.majestic12.co.uk/bot.php?+)" masi.dk
184.154.48.82 - - [20/Jan/2012:14:50:34 +0000] "GET /August_2008.htm HTTP/1.0" 200 966095 "-" "Mozilla/5.0 (compatible; MJ12bot/v1.4.1; http://www.majestic12.co.uk/bot.php?+)" masi.dk
184.154.48.82 - - [20/Jan/2012:14:50:36 +0000] "GET /July_2006.htm HTTP/1.0" 200 770118 "-" "Mozilla/5.0 (compatible; MJ12bot/v1.4.1; http://www.majestic12.co.uk/bot.php?+)" masi.dk
184.154.48.82 - - [20/Jan/2012:14:50:38 +0000] "GET /November_2009.htm HTTP/1.0" 200 974013 "-" "Mozilla/5.0 (compatible; MJ12bot/v1.4.1; http://www.majestic12.co.uk/bot.php?+)" masi.dk
184.154.48.82 - - [20/Jan/2012:14:50:40 +0000] "GET /Program%20Manual.htm HTTP/1.0" 200 115425 "-" "Mozilla/5.0 (compatible; MJ12bot/v1.4.1; http://www.majestic12.co.uk/bot.php?+)" masi.dk
184.154.48.82 - - [20/Jan/2012:14:50:42 +0000] "GET /Science%20of%20M%20A%20S%20I.htm HTTP/1.0" 200 166955 "-" "Mozilla/5.0 (compatible; MJ12bot/v1.4.1; http://www.majestic12.co.uk/bot.php?+)" masi.dk
184.154.48.82 - - [20/Jan/2012:14:50:44 +0000] "GET /Thesis.htm HTTP/1.0" 200 1281530 "-" "Mozilla/5.0 (compatible; MJ12bot/v1.4.1; http://www.majestic12.co.uk/bot.php?+)" masi.dk
184.154.48.82 - - [20/Jan/2012:14:50:46 +0000] "GET /Thesis_partB.htm HTTP/1.0" 200 1165734 "-" "Mozilla/5.0 (compatible; MJ12bot/v1.4.1; http://www.majestic12.co.uk/bot.php?+)" masi.dk
184.154.48.82 - - [20/Jan/2012:14:50:49 +0000] "GET /licensees.htm HTTP/1.0" 200 33996 "-" "Mozilla/5.0 (compatible; MJ12bot/v1.4.1; http://www.majestic12.co.uk/bot.php?+)" www.masi.dk
184.154.48.82 - - [20/Jan/2012:14:50:50 +0000] "GET /robots.txt HTTP/1.0" 404 208 "-" "Mozilla/5.0 (compatible; MJ12bot/v1.4.1; http://www.majestic12.co.uk/bot.php?+)" www.masi.dk
184.154.48.82 - - [20/Jan/2012:14:50:51 +0000] "GET /April_2006.htm HTTP/1.0" 200 804396 "-" "Mozilla/5.0 (compatible; MJ12bot/v1.4.1; http://www.majestic12.co.uk/bot.php?+)" www.masi.dk
184.154.48.82 - - [20/Jan/2012:14:50:53 +0000] "GET /August_2005.htm HTTP/1.0" 200 776208 "-" "Mozilla/5.0 (compatible; MJ12bot/v1.4.1; http://www.majestic12.co.uk/bot.php?+)" www.masi.dk
184.154.48.82 - - [20/Jan/2012:14:50:55 +0000] "GET /August_2007.htm HTTP/1.0" 200 786932 "-" "Mozilla/5.0 (compatible; MJ12bot/v1.4.1; http://www.majestic12.co.uk/bot.php?+)" masi.dk
66.249.66.196 - - [20/Jan/2012:14:50:56 +0000] "GET /Thesis-filer/stattotal.jpg HTTP/1.1" 200 19797 "http://masi.dk/" "Mozilla/5.0 (compatible; Googlebot/2.1; +http://www.google.com/bot.html)" www.masi.dk
184.154.48.82 - - [20/Jan/2012:14:50:58 +0000] "GET /August_2008.htm HTTP/1.0" 200 966095 "-" "Mozilla/5.0 (compatible; MJ12bot/v1.4.1; http://www.majestic12.co.uk/bot.php?+)" www.masi.dk
184.154.48.82 - - [20/Jan/2012:14:51:00 +0000] "GET /July_2006.htm HTTP/1.0" 200 770118 "-" "Mozilla/5.0 (compatible; MJ12bot/v1.4.1; http://www.majestic12.co.uk/bot.php?+)" www.masi.dk
184.154.48.82 - - [20/Jan/2012:14:51:02 +0000] "GET /November_2009.htm HTTP/1.0" 200 974013 "-" "Mozilla/5.0 (compatible; MJ12bot/v1.4.1; http://www.majestic12.co.uk/bot.php?+)" www.masi.dk
184.154.48.82 - - [20/Jan/2012:14:51:04 +0000] "GET /Program%20Manual.htm HTTP/1.0" 200 115425 "-" "Mozilla/5.0 (compatible; MJ12bot/v1.4.1; http://www.majestic12.co.uk/bot.php?+)" www.masi.dk
184.154.48.82 - - [20/Jan/2012:14:51:06 +0000] "GET /Science%20of%20M%20A%20S%20I.htm HTTP/1.0" 200 166955 "-" "Mozilla/5.0 (compatible; MJ12bot/v1.4.1; http://www.majestic12.co.uk/bot.php?+)" www.masi.dk
184.154.48.82 - - [20/Jan/2012:14:51:08 +0000] "GET /Thesis.htm HTTP/1.0" 200 1281530 "-" "Mozilla/5.0 (compatible; MJ12bot/v1.4.1; http://www.majestic12.co.uk/bot.php?+)" www.masi.dk
184.154.48.82 - - [20/Jan/2012:14:51:11 +0000] "GET /Thesis_partB.htm HTTP/1.0" 200 1165734 "-" "Mozilla/5.0 (compatible; MJ12bot/v1.4.1; http://www.majestic12.co.uk/bot.php?+)" www.masi.dk
184.154.48.82 - - [20/Jan/2012:14:51:13 +0000] "GET /licensees.htm HTTP/1.0" 200 33996 "-" "Mozilla/5.0 (compatible; MJ12bot/v1.4.1; http://www.majestic12.co.uk/bot.php?+)" www.masi.dk
208.115.111.67 - - [20/Jan/2012:17:18:14 +0000] "GET /robots.txt HTTP/1.1" 404 208 "-" "Mozilla/5.0 (compatible; Ezooms/1.0; ezooms.bot@gmail.com)" masi.dk
66.197.227.152 - - [20/Jan/2012:17:29:53 +0000] "GET http://masi.dk HTTP/1.1" 200 102436 "-" "-" www.masi.dk
76.72.167.164 - - [20/Jan/2012:18:34:20 +0000] "GET /robots.txt HTTP/1.0" 404 208 "-" "Mozilla/5.0 (compatible; MJ12bot/v1.4.1; http://www.majestic12.co.uk/bot.php?+)" www.masi.dk
76.72.167.164 - - [20/Jan/2012:18:34:21 +0000] "GET / HTTP/1.0" 200 102436 "-" "Mozilla/5.0 (compatible; MJ12bot/v1.4.1; http://www.majestic12.co.uk/bot.php?+)" www.masi.dk
208.115.111.67 - - [20/Jan/2012:20:08:12 +0000] "GET / HTTP/1.1" 200 102436 "-" "Mozilla/5.0 (compatible; Ezooms/1.0; ezooms.bot@gmail.com)" www.masi.dk
208.115.111.67 - - [20/Jan/2012:20:08:24 +0000] "GET /July_2006.htm HTTP/1.1" 200 770118 "-" "Mozilla/5.0 (compatible; Ezooms/1.0; ezooms.bot@gmail.com)" masi.dk
66.249.66.196 - - [20/Jan/2012:20:16:55 +0000] "GET /Science%20of%20M%20A%20S%20I.htm HTTP/1.1" 200 166955 "-" "Mozilla/5.0 (compatible; Googlebot/2.1; +http://www.google.com/bot.html)" www.masi.dk
66.249.66.9 - - [20/Jan/2012:20:16:59 +0000] "GET /Science%20of%20M%20A%20S%20I.htm HTTP/1.1" 304 - "-" "Mozilla/5.0 (compatible; Googlebot/2.1; +http://www.google.com/bot.html)" www.masi.dk
208.115.113.83 - - [20/Jan/2012:20:25:58 +0000] "GET /robots.txt HTTP/1.1" 404 208 "-" "Mozilla/5.0 (compatible; Ezooms/1.0; ezooms.bot@gmail.com)" www.masi.dk
208.115.113.83 - - [20/Jan/2012:21:35:52 +0000] "GET /August_2008.htm HTTP/1.1" 200 966095 "-" "Mozilla/5.0 (compatible; Ezooms/1.0; ezooms.bot@gmail.com)" www.masi.dk
208.115.111.67 - - [21/Jan/2012:02:22:10 +0000] "GET /robots.txt HTTP/1.1" 404 208 "-" "Mozilla/5.0 (compatible; Ezooms/1.0; ezooms.bot@gmail.com)" masi.dk
83.149.126.98 - - [21/Jan/2012:02:31:48 +0000] "GET /robots.txt HTTP/1.0" 404 208 "-" "Mozilla/5.0 (compatible; MJ12bot/v1.4.1; http://www.majestic12.co.uk/bot.php?+)" masi.dk
83.149.126.98 - - [21/Jan/2012:02:31:50 +0000] "GET / HTTP/1.0" 200 102436 "-" "Mozilla/5.0 (compatible; MJ12bot/v1.4.1; http://www.majestic12.co.uk/bot.php?+)" www.masi.dk
195.47.247.42 - - [21/Jan/2012:03:31:35 +0000] "GET / HTTP/1.1" 200 102436 "-" "OneDotComLatencyTester/1.0" www.masi.dk
195.47.247.42 - - [21/Jan/2012:03:31:35 +0000] "GET / HTTP/1.1" 200 102436 "-" "OneDotComLatencyTester/1.0" www.masi.dk
66.249.71.71 - - [21/Jan/2012:03:35:49 +0000] "GET /robots.txt HTTP/1.1" 404 208 "-" "Mozilla/5.0 (compatible; Googlebot/2.1; +http://www.google.com/bot.html)" www.masi.dk
66.249.66.9 - - [21/Jan/2012:03:35:50 +0000] "GET /Thesis-filer/stattotal.jpg HTTP/1.1" 304 - "-" "Googlebot-Image/1.0" www.masi.dk
208.115.111.67 - - [21/Jan/2012:03:36:20 +0000] "GET /April_2006.htm HTTP/1.1" 200 804396 "-" "Mozilla/5.0 (compatible; Ezooms/1.0; ezooms.bot@gmail.com)" www.masi.dk
178.154.160.30 - - [21/Jan/2012:07:02:57 +0000] "GET /robots.txt HTTP/1.1" 404 208 "-" "Mozilla/5.0 (compatible; YandexBot/3.0; +http://yandex.com/bots)" masi.dk
66.249.66.196 - - [21/Jan/2012:07:04:17 +0000] "GET /robots.txt HTTP/1.1" 404 208 "-" "Mozilla/5.0 (compatible; Googlebot/2.1; +http://www.google.com/bot.html)" masi.dk
66.249.71.118 - - [21/Jan/2012:07:04:17 +0000] "GET /April_2006.htm HTTP/1.1" 200 804396 "-" "Mozilla/5.0 (iPhone; U; CPU iPhone OS 4_1 like Mac OS X; en-us) AppleWebKit/532.9 (KHTML, like Gecko) Version/4.0.5 Mobile/8B117 Safari/6531.22.7 (compatible; Googlebot-Mobile/2.1; +http://www.google.com/bot.html)" www.masi.dk
66.249.71.71 - - [21/Jan/2012:07:04:27 +0000] "GET /April_2008.htm HTTP/1.1" 404 212 "-" "Mozilla/5.0 (iPhone; U; CPU iPhone OS 4_1 like Mac OS X; en-us) AppleWebKit/532.9 (KHTML, like Gecko) Version/4.0.5 Mobile/8B117 Safari/6531.22.7 (compatible; Googlebot-Mobile/2.1; +http://www.google.com/bot.html)" masi.dk
188.176.199.90 - - [21/Jan/2012:08:07:14 +0000] "GET / HTTP/1.1" 200 102436 "-" "Mozilla/4.0 (compatible; MSIE 8.0; Windows NT 6.1; WOW64; Trident/4.0; SLCC2; .NET CLR 2.0.50727; .NET CLR 3.5.30729; .NET CLR 3.0.30729; Media Center PC 6.0; .NET4.0E; BRI/1; .NET4.0C)" masi.dk
188.176.199.90 - - [21/Jan/2012:08:07:14 +0000] "GET /Thesis-filer/oversi33_31.jpg HTTP/1.1" 200 10549 "http://masi.dk/" "Mozilla/4.0 (compatible; MSIE 8.0; Windows NT 6.1; WOW64; Trident/4.0; SLCC2; .NET CLR 2.0.50727; .NET CLR 3.5.30729; .NET CLR 3.0.30729; Media Center PC 6.0; .NET4.0E; BRI/1; .NET4.0C)" masi.dk
188.176.199.90 - - [21/Jan/2012:08:07:15 +0000] "GET /Thesis-filer/Sensm.jpg HTTP/1.1" 200 11641 "http://masi.dk/" "Mozilla/4.0 (compatible; MSIE 8.0; Windows NT 6.1; WOW64; Trident/4.0; SLCC2; .NET CLR 2.0.50727; .NET CLR 3.5.30729; .NET CLR 3.0.30729; Media Center PC 6.0; .NET4.0E; BRI/1; .NET4.0C)" masi.dk
188.176.199.90 - - [21/Jan/2012:08:07:15 +0000] "GET /Thesis-filer/Timesm.jpg HTTP/1.1" 200 11464 "http://masi.dk/" "Mozilla/4.0 (compatible; MSIE 8.0; Windows NT 6.1; WOW64; Trident/4.0; SLCC2; .NET CLR 2.0.50727; .NET CLR 3.5.30729; .NET CLR 3.0.30729; Media Center PC 6.0; .NET4.0E; BRI/1; .NET4.0C)" masi.dk
188.176.199.90 - - [21/Jan/2012:08:07:15 +0000] "GET /Thesis-filer/stattotal.jpg HTTP/1.1" 200 19797 "http://masi.dk/" "Mozilla/4.0 (compatible; MSIE 8.0; Windows NT 6.1; WOW64; Trident/4.0; SLCC2; .NET CLR 2.0.50727; .NET CLR 3.5.30729; .NET CLR 3.0.30729; Media Center PC 6.0; .NET4.0E; BRI/1; .NET4.0C)" masi.dk
188.176.199.90 - - [21/Jan/2012:08:07:15 +0000] "GET /Thesis-filer/hourly_usage_200511.png HTTP/1.1" 200 19001 "http://masi.dk/" "Mozilla/4.0 (compatible; MSIE 8.0; Windows NT 6.1; WOW64; Trident/4.0; SLCC2; .NET CLR 2.0.50727; .NET CLR 3.5.30729; .NET CLR 3.0.30729; Media Center PC 6.0; .NET4.0E; BRI/1; .NET4.0C)" masi.dk
188.176.199.90 - - [21/Jan/2012:08:07:15 +0000] "GET /Thesis-filer/hourly_usage_200509.png HTTP/1.1" 200 18703 "http://masi.dk/" "Mozilla/4.0 (compatible; MSIE 8.0; Windows NT 6.1; WOW64; Trident/4.0; SLCC2; .NET CLR 2.0.50727; .NET CLR 3.5.30729; .NET CLR 3.0.30729; Media Center PC 6.0; .NET4.0E; BRI/1; .NET4.0C)" masi.dk
188.176.199.90 - - [21/Jan/2012:08:07:15 +0000] "GET /Thesis-filer/hourly_usage_200512.png HTTP/1.1" 200 18967 "http://masi.dk/" "Mozilla/4.0 (compatible; MSIE 8.0; Windows NT 6.1; WOW64; Trident/4.0; SLCC2; .NET CLR 2.0.50727; .NET CLR 3.5.30729; .NET CLR 3.0.30729; Media Center PC 6.0; .NET4.0E; BRI/1; .NET4.0C)" masi.dk
188.176.199.90 - - [21/Jan/2012:08:07:15 +0000] "GET /Thesis-filer/Varism.jpg HTTP/1.1" 200 12504 "http://masi.dk/" "Mozilla/4.0 (compatible; MSIE 8.0; Windows NT 6.1; WOW64; Trident/4.0; SLCC2; .NET CLR 2.0.50727; .NET CLR 3.5.30729; .NET CLR 3.0.30729; Media Center PC 6.0; .NET4.0E; BRI/1; .NET4.0C)" masi.dk
188.176.199.90 - - [21/Jan/2012:08:07:15 +0000] "GET /Thesis-filer/HJ_v_s.jpg HTTP/1.1" 200 3509 "http://masi.dk/" "Mozilla/4.0 (compatible; MSIE 8.0; Windows NT 6.1; WOW64; Trident/4.0; SLCC2; .NET CLR 2.0.50727; .NET CLR 3.5.30729; .NET CLR 3.0.30729; Media Center PC 6.0; .NET4.0E; BRI/1; .NET4.0C)" masi.dk
188.176.199.90 - - [21/Jan/2012:08:07:15 +0000] "GET /Thesis-filer/hourly_usage_200508.png HTTP/1.1" 200 18446 "http://masi.dk/" "Mozilla/4.0 (compatible; MSIE 8.0; Windows NT 6.1; WOW64; Trident/4.0; SLCC2; .NET CLR 2.0.50727; .NET CLR 3.5.30729; .NET CLR 3.0.30729; Media Center PC 6.0; .NET4.0E; BRI/1; .NET4.0C)" masi.dk
188.176.199.90 - - [21/Jan/2012:08:07:15 +0000] "GET /Thesis-filer/hourly_usage_200510.png HTTP/1.1" 200 18736 "http://masi.dk/" "Mozilla/4.0 (compatible; MSIE 8.0; Windows NT 6.1; WOW64; Trident/4.0; SLCC2; .NET CLR 2.0.50727; .NET CLR 3.5.30729; .NET CLR 3.0.30729; Media Center PC 6.0; .NET4.0E; BRI/1; .NET4.0C)" masi.dk
188.176.199.90 - - [21/Jan/2012:08:07:18 +0000] "GET /favicon.ico HTTP/1.1" 404 209 "-" "Mozilla/4.0 (compatible; MSIE 8.0; Windows NT 6.1; WOW64; Trident/4.0; SLCC2; .NET CLR 2.0.50727; .NET CLR 3.5.30729; .NET CLR 3.0.30729; Media Center PC 6.0; .NET4.0E; BRI/1; .NET4.0C)" masi.dk
188.176.199.90 - - [21/Jan/2012:08:07:18 +0000] "GET /fphover.class HTTP/1.1" 200 9328 "-" "Mozilla/4.0 (Windows 7 6.1) Java/1.6.0_27" masi.dk
188.176.199.90 - - [21/Jan/2012:08:07:18 +0000] "GET /fphoverx.class HTTP/1.1" 200 1476 "-" "Mozilla/4.0 (Windows 7 6.1) Java/1.6.0_27" masi.dk
188.165.195.156 - - [21/Jan/2012:08:44:01 +0000] "HEAD / HTTP/1.1" 200 - "-" "Mozilla/4.0 (compatible; MSIE 5.01; Windows NT 5.0)" masi.dk
66.249.71.118 - - [21/Jan/2012:08:52:30 +0000] "GET /April_2006.htm HTTP/1.1" 304 - "-" "Mozilla/5.0 (compatible; Googlebot/2.1; +http://www.google.com/bot.html)" www.masi.dk
65.52.104.28 - - [21/Jan/2012:08:52:42 +0000] "GET /robots.txt HTTP/1.1" 404 208 "-" "Mozilla/5.0 (compatible; bingbot/2.0; +http://www.bing.com/bingbot.htm)" www.masi.dk
65.52.104.28 - - [21/Jan/2012:08:53:33 +0000] "GET /index.htm HTTP/1.1" 304 - "-" "Mozilla/5.0 (compatible; bingbot/2.0; +http://www.bing.com/bingbot.htm)" masi.dk
66.249.66.196 - - [21/Jan/2012:09:09:33 +0000] "GET /Letters1.htm HTTP/1.1" 404 210 "-" "Mozilla/5.0 (compatible; Googlebot/2.1; +http://www.google.com/bot.html)" www.masi.dk
178.154.160.30 - - [21/Jan/2012:12:10:51 +0000] "GET /index.htm HTTP/1.1" 200 102436 "-" "Mozilla/5.0 (compatible; YandexBot/3.0; +http://yandex.com/bots)" www.masi.dk
180.76.5.182 - - [21/Jan/2012:12:36:12 +0000] "GET /Program%20Manual.htm HTTP/1.1" 200 115425 "-" "Mozilla/5.0 (compatible; Baiduspider/2.0; +http://www.baidu.com/search/spider.html)" www.masi.dk
209.85.226.87 - - [21/Jan/2012:13:12:51 +0000] "GET / HTTP/1.1" 200 102436 "http://www.google.com/search" "Mozilla/5.0 (X11; Linux x86_64) AppleWebKit/534.51 (KHTML, like Gecko; Google Web Preview) Chrome/12.0.742 Safari/534.51" www.masi.dk
74.125.17.16 - - [21/Jan/2012:13:12:52 +0000] "GET /Thesis-filer/Timesm.jpg HTTP/1.1" 200 11464 "http://www.masi.dk/" "Mozilla/5.0 (X11; Linux x86_64) AppleWebKit/534.51 (KHTML, like Gecko; Google Web Preview) Chrome/12.0.742 Safari/534.51" www.masi.dk
209.85.226.89 - - [21/Jan/2012:13:12:52 +0000] "GET /Thesis-filer/HJ_v_s.jpg HTTP/1.1" 200 3509 "http://www.masi.dk/" "Mozilla/5.0 (X11; Linux x86_64) AppleWebKit/534.51 (KHTML, like Gecko; Google Web Preview) Chrome/12.0.742 Safari/534.51" www.masi.dk
209.85.226.93 - - [21/Jan/2012:13:12:52 +0000] "GET /Thesis-filer/Sensm.jpg HTTP/1.1" 200 11641 "http://www.masi.dk/" "Mozilla/5.0 (X11; Linux x86_64) AppleWebKit/534.51 (KHTML, like Gecko; Google Web Preview) Chrome/12.0.742 Safari/534.51" www.masi.dk
209.85.226.88 - - [21/Jan/2012:13:12:52 +0000] "GET /Thesis-filer/Varism.jpg HTTP/1.1" 200 12504 "http://www.masi.dk/" "Mozilla/5.0 (X11; Linux x86_64) AppleWebKit/534.51 (KHTML, like Gecko; Google Web Preview) Chrome/12.0.742 Safari/534.51" www.masi.dk
209.85.226.87 - - [21/Jan/2012:13:12:52 +0000] "GET /Thesis-filer/oversi33_31.jpg HTTP/1.1" 200 10549 "http://www.masi.dk/" "Mozilla/5.0 (X11; Linux x86_64) AppleWebKit/534.51 (KHTML, like Gecko; Google Web Preview) Chrome/12.0.742 Safari/534.51" www.masi.dk
209.85.226.82 - - [21/Jan/2012:13:12:52 +0000] "GET /Thesis-filer/hourly_usage_200511.png HTTP/1.1" 200 19001 "http://www.masi.dk/" "Mozilla/5.0 (X11; Linux x86_64) AppleWebKit/534.51 (KHTML, like Gecko; Google Web Preview) Chrome/12.0.742 Safari/534.51" www.masi.dk
