66.249.66.196 - - [25/Jan/2012:21:48:13 +0000] "GET /July_2006.htm HTTP/1.1" 200 770118 "-" "Mozilla/5.0 (iPhone; U; CPU iPhone OS 4_1 like Mac OS X; en-us) AppleWebKit/532.9 (KHTML, like Gecko) Version/4.0.5 Mobile/8B117 Safari/6531.22.7 (compatible; Googlebot-Mobile/2.1; +http://www.google.com/bot.html)" www.masi.dk
95.108.150.235 - - [25/Jan/2012:21:59:25 +0000] "GET /robots.txt HTTP/1.1" 404 208 "-" "Mozilla/5.0 (compatible; YandexBot/3.0; +http://yandex.com/bots)" www.masi.dk
95.108.150.235 - - [25/Jan/2012:21:59:26 +0000] "GET / HTTP/1.1" 200 102436 "-" "Mozilla/5.0 (compatible; YandexBot/3.0; +http://yandex.com/bots)" www.masi.dk
95.108.150.235 - - [25/Jan/2012:21:59:27 +0000] "GET / HTTP/1.1" 200 102436 "-" "Mozilla/5.0 (compatible; YandexBot/3.0; +http://yandex.com/bots)" masi.dk
95.108.150.235 - - [25/Jan/2012:21:59:27 +0000] "GET /robots.txt HTTP/1.1" 404 208 "-" "Mozilla/5.0 (compatible; YandexBot/3.0; +http://yandex.com/bots)" masi.dk
95.108.150.235 - - [25/Jan/2012:21:59:28 +0000] "GET / HTTP/1.1" 200 102436 "-" "Mozilla/5.0 (compatible; YandexBot/3.0; +http://yandex.com/bots)" masi.dk
95.108.150.235 - - [25/Jan/2012:21:59:29 +0000] "GET / HTTP/1.1" 200 102436 "-" "Mozilla/5.0 (compatible; YandexBot/3.0; +http://yandex.com/bots)" www.masi.dk
195.47.247.42 - - [25/Jan/2012:22:39:33 +0000] "GET / HTTP/1.1" 200 102436 "-" "OneDotComLatencyTester/1.0" www.masi.dk
195.47.247.42 - - [25/Jan/2012:22:39:33 +0000] "GET / HTTP/1.1" 200 102436 "-" "OneDotComLatencyTester/1.0" www.masi.dk
207.46.13.115 - - [25/Jan/2012:22:46:41 +0000] "GET /robots.txt HTTP/1.1" 404 208 "-" "Mozilla/5.0 (compatible; bingbot/2.0; +http://www.bing.com/bingbot.htm)" www.masi.dk
207.46.13.115 - - [25/Jan/2012:22:49:34 +0000] "GET /November_2009.htm HTTP/1.1" 304 - "-" "Mozilla/5.0 (compatible; bingbot/2.0; +http://www.bing.com/bingbot.htm)" www.masi.dk
85.25.71.60 - - [25/Jan/2012:23:06:08 +0000] "HEAD / HTTP/1.1" 200 - "http://netnationen.dk/masi.dk/" "Mozilla/4.0 (compatible; MSIE 7.0; Windows NT 5.1; .NET CLR 2.0.50727)" www.masi.dk
178.154.160.30 - - [25/Jan/2012:23:17:20 +0000] "GET /April_2011.htm HTTP/1.1" 304 - "-" "Mozilla/5.0 (compatible; YandexBot/3.0; +http://yandex.com/bots)" www.masi.dk
66.249.66.9 - - [25/Jan/2012:23:20:54 +0000] "GET /August_2007.htm HTTP/1.1" 304 - "-" "Mozilla/5.0 (compatible; Googlebot/2.1; +http://www.google.com/bot.html)" masi.dk
66.249.66.196 - - [25/Jan/2012:23:32:43 +0000] "GET /August_2005.htm HTTP/1.1" 304 - "-" "Mozilla/5.0 (compatible; Googlebot/2.1; +http://www.google.com/bot.html)" www.masi.dk
119.63.196.60 - - [26/Jan/2012:02:33:26 +0000] "GET /Thesis_partB.htm HTTP/1.1" 200 1165734 "-" "Mozilla/5.0 (compatible; Baiduspider/2.0; +http://www.baidu.com/search/spider.html)" www.masi.dk
178.154.160.30 - - [26/Jan/2012:02:35:23 +0000] "GET /August_2007.htm HTTP/1.1" 200 786932 "-" "Mozilla/5.0 (compatible; YandexBot/3.0; +http://yandex.com/bots)" www.masi.dk
141.255.184.209 - - [26/Jan/2012:03:02:32 +0000] "GET / HTTP/1.0" 200 102436 "-" "Lynx/2.8.8dev.9 libwww-FM/2.14 SSL-MM/1.4.1 GNUTLS/2.10.5" www.masi.dk
119.63.196.123 - - [26/Jan/2012:03:32:44 +0000] "GET /Science%20of%20M%20A%20S%20I.htm HTTP/1.1" 200 166955 "-" "Mozilla/5.0 (compatible; Baiduspider/2.0; +http://www.baidu.com/search/spider.html)" www.masi.dk
178.154.160.30 - - [26/Jan/2012:05:44:27 +0000] "GET /licensees.htm HTTP/1.1" 200 33996 "-" "Mozilla/5.0 (compatible; YandexBot/3.0; +http://yandex.com/bots)" www.masi.dk
119.63.196.32 - - [26/Jan/2012:05:59:28 +0000] "GET /Program%20Manual.htm HTTP/1.1" 200 115425 "-" "Mozilla/5.0 (compatible; Baiduspider/2.0; +http://www.baidu.com/search/spider.html)" www.masi.dk
119.63.196.59 - - [26/Jan/2012:07:09:44 +0000] "GET /November_2009.htm HTTP/1.1" 200 974013 "-" "Mozilla/5.0 (compatible; Baiduspider/2.0; +http://www.baidu.com/search/spider.html)" www.masi.dk
119.63.196.93 - - [26/Jan/2012:08:19:09 +0000] "GET /licensees.htm HTTP/1.1" 200 33996 "-" "Mozilla/5.0 (compatible; Baiduspider/2.0; +http://www.baidu.com/search/spider.html)" www.masi.dk
195.47.247.42 - - [26/Jan/2012:08:21:30 +0000] "GET / HTTP/1.1" 200 102436 "-" "OneDotComLatencyTester/1.0" www.masi.dk
195.47.247.42 - - [26/Jan/2012:08:21:30 +0000] "GET / HTTP/1.1" 200 102436 "-" "OneDotComLatencyTester/1.0" www.masi.dk
123.125.71.20 - - [26/Jan/2012:08:29:05 +0000] "GET /November_2009.htm HTTP/1.1" 200 974013 "-" "Mozilla/5.0 (compatible; Baiduspider/2.0; +http://www.baidu.com/search/spider.html)" www.masi.dk
119.63.196.32 - - [26/Jan/2012:09:29:04 +0000] "GET /July_2006.htm HTTP/1.1" 200 770118 "-" "Mozilla/5.0 (compatible; Baiduspider/2.0; +http://www.baidu.com/search/spider.html)" www.masi.dk
207.46.199.228 - - [26/Jan/2012:10:24:31 +0000] "GET /robots.txt HTTP/1.1" 404 208 "-" "msnbot-media/1.1 (+http://search.msn.com/msnbot.htm)" www.masi.dk
207.46.199.228 - - [26/Jan/2012:10:24:32 +0000] "GET /Thesis-filer/Dr._Pap.JPG HTTP/1.1" 200 153883 "-" "msnbot-media/1.1 (+http://search.msn.com/msnbot.htm)" www.masi.dk
207.46.199.228 - - [26/Jan/2012:10:24:33 +0000] "GET /licensees.htm HTTP/1.1" 200 33996 "-" "msnbot-media/1.1 (+http://search.msn.com/msnbot.htm)" www.masi.dk
119.63.196.92 - - [26/Jan/2012:10:38:27 +0000] "GET /August_2007.htm HTTP/1.1" 200 786932 "-" "Mozilla/5.0 (compatible; Baiduspider/2.0; +http://www.baidu.com/search/spider.html)" www.masi.dk
207.46.199.215 - - [26/Jan/2012:11:42:10 +0000] "GET /robots.txt HTTP/1.1" 404 208 "-" "msnbot-media/1.1 (+http://search.msn.com/msnbot.htm)" www.masi.dk
207.46.199.215 - - [26/Jan/2012:11:42:10 +0000] "GET /Thesis-filer/Scan3.JPG HTTP/1.1" 200 130207 "-" "msnbot-media/1.1 (+http://search.msn.com/msnbot.htm)" www.masi.dk
207.46.199.215 - - [26/Jan/2012:11:42:11 +0000] "GET /licensees.htm HTTP/1.1" 200 33996 "-" "msnbot-media/1.1 (+http://search.msn.com/msnbot.htm)" masi.dk
184.22.182.90 - - [26/Jan/2012:11:54:38 +0000] "GET /Program%20Manual.htm HTTP/1.1" 200 115425 "-" "Mozilla/5.0 (X11; Linux i686; rv:6.0) Gecko/20100101 Firefox/6.0" www.masi.dk
66.249.66.9 - - [26/Jan/2012:12:34:41 +0000] "GET /robots.txt HTTP/1.1" 404 208 "-" "Mozilla/5.0 (compatible; Googlebot/2.1; +http://www.google.com/bot.html)" www.masi.dk
66.249.66.9 - - [26/Jan/2012:12:34:41 +0000] "GET /Thesis-filer/image003.gif HTTP/1.1" 304 - "-" "Googlebot-Image/1.0" www.masi.dk
207.46.199.234 - - [26/Jan/2012:12:50:28 +0000] "GET /robots.txt HTTP/1.1" 404 208 "-" "msnbot-media/1.1 (+http://search.msn.com/msnbot.htm)" www.masi.dk
207.46.199.234 - - [26/Jan/2012:12:50:28 +0000] "GET /Thesis-filer/Scan30.JPG HTTP/1.1" 200 205004 "-" "msnbot-media/1.1 (+http://search.msn.com/msnbot.htm)" www.masi.dk
207.46.199.234 - - [26/Jan/2012:12:50:29 +0000] "GET /licensees.htm HTTP/1.1" 200 33996 "-" "msnbot-media/1.1 (+http://search.msn.com/msnbot.htm)" www.masi.dk
207.46.194.51 - - [26/Jan/2012:13:25:53 +0000] "GET /robots.txt HTTP/1.1" 404 208 "-" "msnbot-media/1.1 (+http://search.msn.com/msnbot.htm)" www.masi.dk
207.46.194.51 - - [26/Jan/2012:13:25:53 +0000] "GET /Thesis-filer/Scan18.JPG HTTP/1.1" 200 145709 "-" "msnbot-media/1.1 (+http://search.msn.com/msnbot.htm)" www.masi.dk
207.46.194.51 - - [26/Jan/2012:13:25:54 +0000] "GET /licensees.htm HTTP/1.1" 200 33996 "-" "msnbot-media/1.1 (+http://search.msn.com/msnbot.htm)" www.masi.dk
207.46.194.93 - - [26/Jan/2012:13:31:55 +0000] "GET /robots.txt HTTP/1.1" 404 208 "-" "msnbot-media/1.1 (+http://search.msn.com/msnbot.htm)" www.masi.dk
207.46.194.93 - - [26/Jan/2012:13:31:55 +0000] "GET /Thesis-filer/Image53.gif HTTP/1.1" 200 27385 "-" "msnbot-media/1.1 (+http://search.msn.com/msnbot.htm)" www.masi.dk
207.46.194.93 - - [26/Jan/2012:13:31:56 +0000] "GET /Program%20Manual.htm HTTP/1.1" 200 115425 "-" "msnbot-media/1.1 (+http://search.msn.com/msnbot.htm)" www.masi.dk
207.46.199.243 - - [26/Jan/2012:13:54:16 +0000] "GET /robots.txt HTTP/1.1" 404 208 "-" "msnbot-media/1.1 (+http://search.msn.com/msnbot.htm)" www.masi.dk
207.46.199.243 - - [26/Jan/2012:13:54:16 +0000] "GET /Thesis-filer/Scan10.JPG HTTP/1.1" 200 114562 "-" "msnbot-media/1.1 (+http://search.msn.com/msnbot.htm)" www.masi.dk
207.46.199.243 - - [26/Jan/2012:13:54:17 +0000] "GET /licensees.htm HTTP/1.1" 200 33996 "-" "msnbot-media/1.1 (+http://search.msn.com/msnbot.htm)" masi.dk
180.76.5.52 - - [26/Jan/2012:14:00:11 +0000] "GET / HTTP/1.1" 304 - "-" "Mozilla/5.0 (compatible; Baiduspider/2.0; +http://www.baidu.com/search/spider.html)" www.masi.dk
207.46.194.66 - - [26/Jan/2012:15:18:55 +0000] "GET /robots.txt HTTP/1.1" 404 208 "-" "msnbot-media/1.1 (+http://search.msn.com/msnbot.htm)" www.masi.dk
207.46.194.66 - - [26/Jan/2012:15:18:55 +0000] "GET /Thesis-filer/Scan6.JPG HTTP/1.1" 200 84721 "-" "msnbot-media/1.1 (+http://search.msn.com/msnbot.htm)" www.masi.dk
207.46.194.66 - - [26/Jan/2012:15:18:56 +0000] "GET /licensees.htm HTTP/1.1" 200 33996 "-" "msnbot-media/1.1 (+http://search.msn.com/msnbot.htm)" www.masi.dk
217.69.133.31 - - [26/Jan/2012:15:51:45 +0000] "GET /robots.txt HTTP/1.0" 404 208 "-" "Mail.RU/2.0" www.masi.dk
207.46.199.246 - - [26/Jan/2012:16:04:33 +0000] "GET /robots.txt HTTP/1.1" 404 208 "-" "msnbot-media/1.1 (+http://search.msn.com/msnbot.htm)" www.masi.dk
207.46.199.246 - - [26/Jan/2012:16:04:33 +0000] "GET /Thesis-filer/Image120.gif HTTP/1.1" 200 19394 "-" "msnbot-media/1.1 (+http://search.msn.com/msnbot.htm)" www.masi.dk
207.46.199.246 - - [26/Jan/2012:16:04:34 +0000] "GET /Program%20Manual.htm HTTP/1.1" 200 115425 "-" "msnbot-media/1.1 (+http://search.msn.com/msnbot.htm)" masi.dk
66.249.66.196 - - [26/Jan/2012:16:40:44 +0000] "GET /robots.txt HTTP/1.1" 404 208 "-" "Mozilla/5.0 (compatible; Googlebot/2.1; +http://www.google.com/bot.html)" masi.dk
66.249.66.196 - - [26/Jan/2012:16:40:44 +0000] "GET /Science%20of%20M%20A%20S%20I.htm HTTP/1.1" 304 - "-" "Mozilla/5.0 (compatible; Googlebot/2.1; +http://www.google.com/bot.html)" www.masi.dk
119.63.196.95 - - [26/Jan/2012:17:02:09 +0000] "GET /Thesis.htm HTTP/1.1" 200 1281530 "-" "Mozilla/5.0 (compatible; Baiduspider/2.0; +http://www.baidu.com/search/spider.html)" www.masi.dk
119.63.196.30 - - [26/Jan/2012:18:12:08 +0000] "GET /August_2008.htm HTTP/1.1" 200 966095 "-" "Mozilla/5.0 (compatible; Baiduspider/2.0; +http://www.baidu.com/search/spider.html)" masi.dk
38.101.148.126 - - [26/Jan/2012:18:16:00 +0000] "GET /robots.txt HTTP/1.1" 404 208 "-" "Mozilla/5.0 (compatible; discobot/2.0; +http://discoveryengine.com/discobot.html)" masi.dk
38.101.148.126 - - [26/Jan/2012:18:16:10 +0000] "GET /tfxyc/accomodation.php HTTP/1.1" 404 220 "-" "Mozilla/5.0 (compatible; discobot/2.0; +http://discoveryengine.com/discobot.html)" www.masi.dk
207.46.204.133 - - [26/Jan/2012:18:41:06 +0000] "GET /robots.txt HTTP/1.1" 404 208 "-" "msnbot-media/1.1 (+http://search.msn.com/msnbot.htm)" www.masi.dk
207.46.204.133 - - [26/Jan/2012:18:41:06 +0000] "GET /Thesis-filer/Scan7.JPG HTTP/1.1" 200 147452 "-" "msnbot-media/1.1 (+http://search.msn.com/msnbot.htm)" www.masi.dk
207.46.204.133 - - [26/Jan/2012:18:41:07 +0000] "GET /licensees.htm HTTP/1.1" 200 33996 "-" "msnbot-media/1.1 (+http://search.msn.com/msnbot.htm)" www.masi.dk
65.52.108.142 - - [26/Jan/2012:19:01:18 +0000] "GET /robots.txt HTTP/1.1" 404 208 "-" "Mozilla/5.0 (compatible; bingbot/2.0; +http://www.bing.com/bingbot.htm)" www.masi.dk
65.52.108.142 - - [26/Jan/2012:19:02:55 +0000] "GET / HTTP/1.1" 304 - "-" "Mozilla/5.0 (compatible; bingbot/2.0; +http://www.bing.com/bingbot.htm)" masi.dk
66.249.71.118 - - [26/Jan/2012:20:48:27 +0000] "GET /Thesis-filer/Image59.gif HTTP/1.1" 304 - "-" "Googlebot-Image/1.0" www.masi.dk
119.63.196.31 - - [26/Jan/2012:20:52:38 +0000] "GET /August_2005.htm HTTP/1.1" 200 776208 "-" "Mozilla/5.0 (compatible; Baiduspider/2.0; +http://www.baidu.com/search/spider.html)" www.masi.dk
80.239.22.30 - - [26/Jan/2012:21:06:06 +0000] "GET /robots.txt HTTP/1.0" 404 208 "-" "Mozilla/5.0 (compatible; MJ12bot/v1.4.1; http://www.majestic12.co.uk/bot.php?+)" www.masi.dk
80.239.22.30 - - [26/Jan/2012:21:06:08 +0000] "GET / HTTP/1.0" 200 102436 "-" "Mozilla/5.0 (compatible; MJ12bot/v1.4.1; http://www.majestic12.co.uk/bot.php?+)" masi.dk
31.23.137.142 - - [26/Jan/2012:21:54:49 +0000] "GET /April_2011.htm HTTP/1.1" 200 544444 "http://tahechos.kann-helfen.de" "Mozilla/5.0 (Windows; U; Windows NT 5.1; en-US; rv:1.9.2.3) Gecko/20100401 Firefox/3.6.3" masi.dk
31.23.137.142 - - [26/Jan/2012:21:54:54 +0000] "GET /April_2011.htm HTTP/1.1" 200 544444 "-" "Mozilla/5.0 (Windows; U; Windows NT 5.1; en-US; rv:1.9.2.3) Gecko/20100401 Firefox/3.6.3" masi.dk
66.249.66.196 - - [26/Jan/2012:21:55:54 +0000] "GET /Program%20Manual.htm HTTP/1.1" 200 115425 "-" "Mozilla/5.0 (iPhone; U; CPU iPhone OS 4_1 like Mac OS X; en-us) AppleWebKit/532.9 (KHTML, like Gecko) Version/4.0.5 Mobile/8B117 Safari/6531.22.7 (compatible; Googlebot-Mobile/2.1; +http://www.google.com/bot.html)" masi.dk
66.249.71.118 - - [26/Jan/2012:21:57:58 +0000] "GET /Copyrigth%20of%20H.%20Jessen:%20Programm%20-%20files/Source%20in%20DOS%20C/REORBANK.C HTTP/1.1" 404 265 "-" "Mozilla/5.0 (compatible; Googlebot/2.1; +http://www.google.com/bot.html)" www.masi.dk
195.47.247.42 - - [26/Jan/2012:22:23:50 +0000] "GET / HTTP/1.1" 200 102436 "-" "OneDotComLatencyTester/1.0" www.masi.dk
195.47.247.42 - - [26/Jan/2012:22:23:50 +0000] "GET / HTTP/1.1" 200 102436 "-" "OneDotComLatencyTester/1.0" www.masi.dk
119.63.196.126 - - [26/Jan/2012:23:12:12 +0000] "GET /April_2011.htm HTTP/1.1" 200 544444 "-" "Mozilla/5.0 (compatible; Baiduspider/2.0; +http://www.baidu.com/search/spider.html)" www.masi.dk
119.63.196.57 - - [27/Jan/2012:00:08:09 +0000] "GET /robots.txt HTTP/1.1" 404 208 "-" "Baiduspider+(+http://www.baidu.com/search/spider.htm)" www.masi.dk
119.63.196.96 - - [27/Jan/2012:00:21:23 +0000] "GET /April_2006.htm HTTP/1.1" 200 804396 "-" "Mozilla/5.0 (compatible; Baiduspider/2.0; +http://www.baidu.com/search/spider.html)" www.masi.dk
207.46.194.48 - - [27/Jan/2012:01:55:00 +0000] "GET /robots.txt HTTP/1.1" 404 208 "-" "msnbot-media/1.1 (+http://search.msn.com/msnbot.htm)" www.masi.dk
207.46.194.48 - - [27/Jan/2012:01:55:00 +0000] "GET /Thesis-filer/Scan8.JPG HTTP/1.1" 200 200682 "-" "msnbot-media/1.1 (+http://search.msn.com/msnbot.htm)" www.masi.dk
207.46.194.48 - - [27/Jan/2012:01:55:01 +0000] "GET /licensees.htm HTTP/1.1" 200 33996 "-" "msnbot-media/1.1 (+http://search.msn.com/msnbot.htm)" masi.dk
66.249.66.196 - - [27/Jan/2012:04:44:56 +0000] "GET /Copyrigth%20of%20H.%20Jessen:%20Programm%20-%20files/Source%20in%20DOS%20C/Old%20files/Navision/Nav2/ HTTP/1.1" 404 279 "-" "Mozilla/5.0 (compatible; Googlebot/2.1; +http://www.google.com/bot.html)" www.masi.dk
65.52.110.16 - - [27/Jan/2012:10:37:46 +0000] "GET /robots.txt HTTP/1.1" 404 208 "-" "Mozilla/5.0 (compatible; bingbot/2.0; +http://www.bing.com/bingbot.htm)" www.masi.dk
65.52.110.16 - - [27/Jan/2012:10:38:57 +0000] "GET /July_2006.htm HTTP/1.1" 304 - "-" "Mozilla/5.0 (compatible; bingbot/2.0; +http://www.bing.com/bingbot.htm)" www.masi.dk
178.154.160.30 - - [27/Jan/2012:10:49:23 +0000] "GET /robots.txt HTTP/1.1" 404 208 "-" "Mozilla/5.0 (compatible; YandexBot/3.0; +http://yandex.com/bots)" masi.dk
76.72.167.163 - - [27/Jan/2012:11:02:38 +0000] "GET /robots.txt HTTP/1.0" 404 208 "-" "Mozilla/5.0 (compatible; MJ12bot/v1.4.1; http://www.majestic12.co.uk/bot.php?+)" masi.dk
76.72.167.163 - - [27/Jan/2012:11:02:40 +0000] "GET / HTTP/1.0" 200 102436 "-" "Mozilla/5.0 (compatible; MJ12bot/v1.4.1; http://www.majestic12.co.uk/bot.php?+)" www.masi.dk
178.154.160.30 - - [27/Jan/2012:12:46:28 +0000] "GET /Thesis_partB.htm HTTP/1.1" 200 1165734 "-" "Mozilla/5.0 (compatible; YandexBot/3.0; +http://yandex.com/bots)" masi.dk
157.55.16.55 - - [27/Jan/2012:13:18:38 +0000] "GET /robots.txt HTTP/1.1" 404 208 "-" "Mozilla/5.0 (compatible; bingbot/2.0; +http://www.bing.com/bingbot.htm)" masi.dk
157.55.16.55 - - [27/Jan/2012:13:19:20 +0000] "GET /August_2008.htm HTTP/1.1" 304 - "-" "Mozilla/5.0 (compatible; bingbot/2.0; +http://www.bing.com/bingbot.htm)" www.masi.dk
178.154.160.30 - - [27/Jan/2012:14:49:12 +0000] "GET /July_2006.htm HTTP/1.1" 200 770118 "-" "Mozilla/5.0 (compatible; YandexBot/3.0; +http://yandex.com/bots)" www.masi.dk
66.249.71.71 - - [27/Jan/2012:15:22:13 +0000] "GET /robots.txt HTTP/1.1" 404 208 "-" "Mozilla/5.0 (compatible; Googlebot/2.1; +http://www.google.com/bot.html)" www.masi.dk
66.249.66.9 - - [27/Jan/2012:15:22:13 +0000] "GET /Thesis_partB.htm HTTP/1.1" 304 - "-" "Mozilla/5.0 (compatible; Googlebot/2.1; +http://www.google.com/bot.html)" masi.dk
66.249.66.196 - - [27/Jan/2012:15:29:52 +0000] "GET /robots.txt HTTP/1.1" 404 208 "-" "Mozilla/5.0 (compatible; Googlebot/2.1; +http://www.google.com/bot.html)" masi.dk
66.249.71.118 - - [27/Jan/2012:15:29:52 +0000] "GET /August_2005.htm HTTP/1.1" 304 - "-" "Mozilla/5.0 (compatible; Googlebot/2.1; +http://www.google.com/bot.html)" www.masi.dk
207.46.13.115 - - [27/Jan/2012:16:59:36 +0000] "GET /robots.txt HTTP/1.1" 404 208 "-" "Mozilla/5.0 (compatible; bingbot/2.0; +http://www.bing.com/bingbot.htm)" www.masi.dk
207.46.13.115 - - [27/Jan/2012:17:03:34 +0000] "GET /index.htm HTTP/1.1" 304 - "-" "Mozilla/5.0 (compatible; bingbot/2.0; +http://www.bing.com/bingbot.htm)" www.masi.dk
178.154.160.30 - - [27/Jan/2012:17:09:17 +0000] "GET /Program%20Manual.htm HTTP/1.1" 200 115425 "-" "Mozilla/5.0 (compatible; YandexBot/3.0; +http://yandex.com/bots)" www.masi.dk
195.47.247.42 - - [27/Jan/2012:18:06:32 +0000] "GET / HTTP/1.1" 200 102436 "-" "OneDotComLatencyTester/1.0" www.masi.dk
195.47.247.42 - - [27/Jan/2012:18:06:32 +0000] "GET / HTTP/1.1" 200 102436 "-" "OneDotComLatencyTester/1.0" www.masi.dk
208.80.194.33 - - [27/Jan/2012:18:33:11 +0000] "GET / HTTP/1.0" 200 102436 "-" "Mozilla/4.0 (compatible; MSIE 6.0; Windows NT 5.1; {88083C79-327B-DAC4-1E17-950E8F5CD8E2}; FunWebProducts)" www.masi.dk
208.80.194.33 - - [27/Jan/2012:18:33:13 +0000] "GET /./fphover.class HTTP/1.0" 200 9328 "-" "Mozilla/4.0 (compatible; MSIE 6.0; Windows NT 5.1; SV1; YPC 3.2.0; .NET CLR 1.1.4322; .NET CLR 2.0.50727; .NET CLR 3.0.04506.30; InfoPath.1)" www.masi.dk
178.154.160.30 - - [27/Jan/2012:19:15:00 +0000] "GET /August_2008.htm HTTP/1.1" 200 966095 "-" "Mozilla/5.0 (compatible; YandexBot/3.0; +http://yandex.com/bots)" www.masi.dk
188.114.164.205 - - [27/Jan/2012:20:48:00 +0000] "GET /Science%20of%20M%20A%20S%20I.htm HTTP/1.1" 200 166955 "http://www.google.com/url?sa=t&rct=j&q=&esrc=s&frm=1&source=web&cd=1&sqi=2&ved=0CCEQFjAA&url=http%3A%2F%2Fwww.masi.dk%2FScience%2520of%2520M%2520A%2520S%2520I.htm&ei=Rg0jT42aOIjGtAbY2q3fAg&usg=AFQjCNF7g3J7yaR40PhnYprn9tSlg1FCNQ" "Mozilla/4.0 (compatible; MSIE 8.0; Windows NT 5.1; Trident/4.0)" www.masi.dk
188.114.164.205 - - [27/Jan/2012:20:48:01 +0000] "GET /Thesis-filer/HJ_v_s.jpg HTTP/1.1" 200 3509 "http://www.masi.dk/Science%20of%20M%20A%20S%20I.htm" "Mozilla/4.0 (compatible; MSIE 8.0; Windows NT 5.1; Trident/4.0)" www.masi.dk
188.114.164.205 - - [27/Jan/2012:20:48:02 +0000] "GET /fphover.class HTTP/1.1" 200 9328 "-" "Mozilla/4.0 (Windows XP 5.1) Java/1.6.0_30" www.masi.dk
188.114.164.205 - - [27/Jan/2012:20:48:02 +0000] "GET /fphoverx.class HTTP/1.1" 200 1476 "-" "Mozilla/4.0 (Windows XP 5.1) Java/1.6.0_30" www.masi.dk
188.114.164.205 - - [27/Jan/2012:20:48:02 +0000] "GET /Thesis-filer/MouThesis.JPG HTTP/1.1" 200 150270 "http://www.masi.dk/Science%20of%20M%20A%20S%20I.htm" "Mozilla/4.0 (compatible; MSIE 8.0; Windows NT 5.1; Trident/4.0)" www.masi.dk
188.114.164.205 - - [27/Jan/2012:20:48:01 +0000] "GET /Thesis-filer/proof.jpg HTTP/1.1" 200 119617 "http://www.masi.dk/Science%20of%20M%20A%20S%20I.htm" "Mozilla/4.0 (compatible; MSIE 8.0; Windows NT 5.1; Trident/4.0)" www.masi.dk
188.114.164.205 - - [27/Jan/2012:20:48:05 +0000] "GET /favicon.ico HTTP/1.1" 404 209 "-" "Mozilla/4.0 (compatible; MSIE 8.0; Windows NT 5.1; Trident/4.0)" www.masi.dk
188.114.164.205 - - [27/Jan/2012:20:48:49 +0000] "GET /Thesis-filer/HJ_h.jpg HTTP/1.1" 200 3274 "http://www.masi.dk/Program%20Manual.htm" "Mozilla/4.0 (compatible; MSIE 8.0; Windows NT 5.1; Trident/4.0)" www.masi.dk
188.114.164.205 - - [27/Jan/2012:20:48:49 +0000] "GET /Program%20Manual.htm HTTP/1.1" 200 115425 "http://www.masi.dk/Science%20of%20M%20A%20S%20I.htm" "Mozilla/4.0 (compatible; MSIE 8.0; Windows NT 5.1; Trident/4.0)" www.masi.dk
188.114.164.205 - - [27/Jan/2012:20:48:50 +0000] "GET /Thesis-filer/Image108.gif HTTP/1.1" 200 20407 "http://www.masi.dk/Program%20Manual.htm" "Mozilla/4.0 (compatible; MSIE 8.0; Windows NT 5.1; Trident/4.0)" www.masi.dk
188.114.164.205 - - [27/Jan/2012:20:48:49 +0000] "GET /Thesis-filer/oversi33.gif HTTP/1.1" 200 23258 "http://www.masi.dk/Program%20Manual.htm" "Mozilla/4.0 (compatible; MSIE 8.0; Windows NT 5.1; Trident/4.0)" www.masi.dk
188.114.164.205 - - [27/Jan/2012:20:48:50 +0000] "GET /Thesis-filer/Image111.gif HTTP/1.1" 200 23517 "http://www.masi.dk/Program%20Manual.htm" "Mozilla/4.0 (compatible; MSIE 8.0; Windows NT 5.1; Trident/4.0)" www.masi.dk
188.114.164.205 - - [27/Jan/2012:20:48:50 +0000] "GET /Thesis-filer/Image124.gif HTTP/1.1" 200 20396 "http://www.masi.dk/Program%20Manual.htm" "Mozilla/4.0 (compatible; MSIE 8.0; Windows NT 5.1; Trident/4.0)" www.masi.dk
188.114.164.205 - - [27/Jan/2012:20:48:50 +0000] "GET /Thesis-filer/Image112.gif HTTP/1.1" 200 26240 "http://www.masi.dk/Program%20Manual.htm" "Mozilla/4.0 (compatible; MSIE 8.0; Windows NT 5.1; Trident/4.0)" www.masi.dk
188.114.164.205 - - [27/Jan/2012:20:48:50 +0000] "GET /Thesis-filer/Image113.gif HTTP/1.1" 200 26239 "http://www.masi.dk/Program%20Manual.htm" "Mozilla/4.0 (compatible; MSIE 8.0; Windows NT 5.1; Trident/4.0)" www.masi.dk
188.114.164.205 - - [27/Jan/2012:20:48:51 +0000] "GET /Thesis-filer/Image28.gif HTTP/1.1" 200 21125 "http://www.masi.dk/Program%20Manual.htm" "Mozilla/4.0 (compatible; MSIE 8.0; Windows NT 5.1; Trident/4.0)" www.masi.dk
188.114.164.205 - - [27/Jan/2012:20:48:51 +0000] "GET /Thesis-filer/Image115.gif HTTP/1.1" 200 24411 "http://www.masi.dk/Program%20Manual.htm" "Mozilla/4.0 (compatible; MSIE 8.0; Windows NT 5.1; Trident/4.0)" www.masi.dk
188.114.164.205 - - [27/Jan/2012:20:48:51 +0000] "GET /Thesis-filer/Image116.gif HTTP/1.1" 200 21348 "http://www.masi.dk/Program%20Manual.htm" "Mozilla/4.0 (compatible; MSIE 8.0; Windows NT 5.1; Trident/4.0)" www.masi.dk
188.114.164.205 - - [27/Jan/2012:20:48:51 +0000] "GET /Thesis-filer/Image117.gif HTTP/1.1" 200 26528 "http://www.masi.dk/Program%20Manual.htm" "Mozilla/4.0 (compatible; MSIE 8.0; Windows NT 5.1; Trident/4.0)" www.masi.dk
188.114.164.205 - - [27/Jan/2012:20:48:51 +0000] "GET /Thesis-filer/Sensi118.gif HTTP/1.1" 200 27165 "http://www.masi.dk/Program%20Manual.htm" "Mozilla/4.0 (compatible; MSIE 8.0; Windows NT 5.1; Trident/4.0)" www.masi.dk
188.114.164.205 - - [27/Jan/2012:20:48:51 +0000] "GET /Thesis-filer/Varia119.gif HTTP/1.1" 200 31581 "http://www.masi.dk/Program%20Manual.htm" "Mozilla/4.0 (compatible; MSIE 8.0; Windows NT 5.1; Trident/4.0)" www.masi.dk
188.114.164.205 - - [27/Jan/2012:20:48:52 +0000] "GET /Thesis-filer/Image120.gif HTTP/1.1" 200 19394 "http://www.masi.dk/Program%20Manual.htm" "Mozilla/4.0 (compatible; MSIE 8.0; Windows NT 5.1; Trident/4.0)" www.masi.dk
188.114.164.205 - - [27/Jan/2012:20:48:52 +0000] "GET /Thesis-filer/Image49.gif HTTP/1.1" 200 19360 "http://www.masi.dk/Program%20Manual.htm" "Mozilla/4.0 (compatible; MSIE 8.0; Windows NT 5.1; Trident/4.0)" www.masi.dk
188.114.164.205 - - [27/Jan/2012:20:48:52 +0000] "GET /Thesis-filer/Image50.gif HTTP/1.1" 200 21438 "http://www.masi.dk/Program%20Manual.htm" "Mozilla/4.0 (compatible; MSIE 8.0; Windows NT 5.1; Trident/4.0)" www.masi.dk
188.114.164.205 - - [27/Jan/2012:20:48:52 +0000] "GET /Thesis-filer/Image51.gif HTTP/1.1" 200 21157 "http://www.masi.dk/Program%20Manual.htm" "Mozilla/4.0 (compatible; MSIE 8.0; Windows NT 5.1; Trident/4.0)" www.masi.dk
188.114.164.205 - - [27/Jan/2012:20:48:52 +0000] "GET /Thesis-filer/Image52.gif HTTP/1.1" 200 21374 "http://www.masi.dk/Program%20Manual.htm" "Mozilla/4.0 (compatible; MSIE 8.0; Windows NT 5.1; Trident/4.0)" www.masi.dk
188.114.164.205 - - [27/Jan/2012:20:48:52 +0000] "GET /Thesis-filer/Image53.gif HTTP/1.1" 200 27385 "http://www.masi.dk/Program%20Manual.htm" "Mozilla/4.0 (compatible; MSIE 8.0; Windows NT 5.1; Trident/4.0)" www.masi.dk
188.114.164.205 - - [27/Jan/2012:20:48:49 +0000] "GET /Thesis-filer/Image121.gif HTTP/1.1" 200 19824 "http://www.masi.dk/Program%20Manual.htm" "Mozilla/4.0 (compatible; MSIE 8.0; Windows NT 5.1; Trident/4.0)" www.masi.dk
188.114.164.205 - - [27/Jan/2012:20:48:53 +0000] "GET /Thesis-filer/Image54.gif HTTP/1.1" 200 30233 "http://www.masi.dk/Program%20Manual.htm" "Mozilla/4.0 (compatible; MSIE 8.0; Windows NT 5.1; Trident/4.0)" www.masi.dk
188.114.164.205 - - [27/Jan/2012:20:48:53 +0000] "GET /Thesis-filer/Image55.gif HTTP/1.1" 200 21644 "http://www.masi.dk/Program%20Manual.htm" "Mozilla/4.0 (compatible; MSIE 8.0; Windows NT 5.1; Trident/4.0)" www.masi.dk
188.114.164.205 - - [27/Jan/2012:20:48:49 +0000] "GET /Thesis-filer/Image110.gif HTTP/1.1" 200 23792 "http://www.masi.dk/Program%20Manual.htm" "Mozilla/4.0 (compatible; MSIE 8.0; Windows NT 5.1; Trident/4.0)" www.masi.dk
188.114.164.205 - - [27/Jan/2012:20:48:53 +0000] "GET /Thesis-filer/Image56.gif HTTP/1.1" 200 21135 "http://www.masi.dk/Program%20Manual.htm" "Mozilla/4.0 (compatible; MSIE 8.0; Windows NT 5.1; Trident/4.0)" www.masi.dk
188.114.164.205 - - [27/Jan/2012:20:48:49 +0000] "GET /Thesis-filer/Image109.gif HTTP/1.1" 200 21783 "http://www.masi.dk/Program%20Manual.htm" "Mozilla/4.0 (compatible; MSIE 8.0; Windows NT 5.1; Trident/4.0)" www.masi.dk
188.114.164.205 - - [27/Jan/2012:20:48:54 +0000] "GET /Thesis-filer/Image57.gif HTTP/1.1" 200 21039 "http://www.masi.dk/Program%20Manual.htm" "Mozilla/4.0 (compatible; MSIE 8.0; Windows NT 5.1; Trident/4.0)" www.masi.dk
188.114.164.205 - - [27/Jan/2012:20:48:54 +0000] "GET /Thesis-filer/Image58.gif HTTP/1.1" 200 25240 "http://www.masi.dk/Program%20Manual.htm" "Mozilla/4.0 (compatible; MSIE 8.0; Windows NT 5.1; Trident/4.0)" www.masi.dk
188.114.164.205 - - [27/Jan/2012:20:48:54 +0000] "GET /Thesis-filer/Image59.gif HTTP/1.1" 200 22063 "http://www.masi.dk/Program%20Manual.htm" "Mozilla/4.0 (compatible; MSIE 8.0; Windows NT 5.1; Trident/4.0)" www.masi.dk
188.114.164.205 - - [27/Jan/2012:20:48:54 +0000] "GET /Thesis-filer/Image60.gif HTTP/1.1" 200 20220 "http://www.masi.dk/Program%20Manual.htm" "Mozilla/4.0 (compatible; MSIE 8.0; Windows NT 5.1; Trident/4.0)" www.masi.dk
188.114.164.205 - - [27/Jan/2012:20:48:54 +0000] "GET /Thesis-filer/Image61.gif HTTP/1.1" 200 22644 "http://www.masi.dk/Program%20Manual.htm" "Mozilla/4.0 (compatible; MSIE 8.0; Windows NT 5.1; Trident/4.0)" www.masi.dk
188.114.164.205 - - [27/Jan/2012:20:48:54 +0000] "GET /Thesis-filer/Image62.gif HTTP/1.1" 200 27213 "http://www.masi.dk/Program%20Manual.htm" "Mozilla/4.0 (compatible; MSIE 8.0; Windows NT 5.1; Trident/4.0)" www.masi.dk
188.114.164.205 - - [27/Jan/2012:20:48:54 +0000] "GET /Thesis-filer/Image63.gif HTTP/1.1" 200 16351 "http://www.masi.dk/Program%20Manual.htm" "Mozilla/4.0 (compatible; MSIE 8.0; Windows NT 5.1; Trident/4.0)" www.masi.dk
188.114.164.205 - - [27/Jan/2012:20:48:55 +0000] "GET /favicon.ico HTTP/1.1" 404 209 "-" "Mozilla/4.0 (compatible; MSIE 8.0; Windows NT 5.1; Trident/4.0)" www.masi.dk
178.154.160.30 - - [27/Jan/2012:21:20:59 +0000] "GET /Science%20of%20M%20A%20S%20I.htm HTTP/1.1" 200 166955 "-" "Mozilla/5.0 (compatible; YandexBot/3.0; +http://yandex.com/bots)" www.masi.dk
76.72.167.163 - - [27/Jan/2012:21:22:29 +0000] "GET /robots.txt HTTP/1.0" 404 208 "-" "Mozilla/5.0 (compatible; MJ12bot/v1.4.1; http://www.majestic12.co.uk/bot.php?+)" www.masi.dk
76.72.167.163 - - [27/Jan/2012:21:22:30 +0000] "GET / HTTP/1.0" 200 102436 "-" "Mozilla/5.0 (compatible; MJ12bot/v1.4.1; http://www.majestic12.co.uk/bot.php?+)" masi.dk
66.249.66.196 - - [27/Jan/2012:21:29:14 +0000] "GET /Science%20of%20M%20A%20S%20I.htm HTTP/1.1" 200 166955 "-" "Mozilla/5.0 (iPhone; U; CPU iPhone OS 4_1 like Mac OS X; en-us) AppleWebKit/532.9 (KHTML, like Gecko) Version/4.0.5 Mobile/8B117 Safari/6531.22.7 (compatible; Googlebot-Mobile/2.1; +http://www.google.com/bot.html)" masi.dk
66.249.66.196 - - [27/Jan/2012:21:30:47 +0000] "GET /thesis-filer/hj_v_s.jpg HTTP/1.1" 404 221 "-" "Googlebot-Image/1.0" www.masi.dk
95.108.150.235 - - [27/Jan/2012:23:06:04 +0000] "GET /robots.txt HTTP/1.1" 404 208 "-" "Mozilla/5.0 (compatible; YandexBot/3.0; +http://yandex.com/bots)" masi.dk
95.108.150.235 - - [27/Jan/2012:23:06:04 +0000] "GET /robots.txt HTTP/1.1" 404 208 "-" "Mozilla/5.0 (compatible; YandexBot/3.0; +http://yandex.com/bots)" www.masi.dk
95.108.150.235 - - [27/Jan/2012:23:06:05 +0000] "GET / HTTP/1.1" 200 102436 "-" "Mozilla/5.0 (compatible; YandexBot/3.0; +http://yandex.com/bots)" masi.dk
95.108.150.235 - - [27/Jan/2012:23:06:05 +0000] "GET / HTTP/1.1" 200 102436 "-" "Mozilla/5.0 (compatible; YandexBot/3.0; +http://yandex.com/bots)" www.masi.dk
95.108.150.235 - - [27/Jan/2012:23:06:06 +0000] "GET / HTTP/1.1" 200 102436 "-" "Mozilla/5.0 (compatible; YandexBot/3.0; +http://yandex.com/bots)" masi.dk
95.108.150.235 - - [27/Jan/2012:23:06:06 +0000] "GET / HTTP/1.1" 200 102436 "-" "Mozilla/5.0 (compatible; YandexBot/3.0; +http://yandex.com/bots)" www.masi.dk
207.46.13.115 - - [27/Jan/2012:23:11:52 +0000] "GET /robots.txt HTTP/1.1" 404 208 "-" "Mozilla/5.0 (compatible; bingbot/2.0; +http://www.bing.com/bingbot.htm)" www.masi.dk
207.46.13.115 - - [27/Jan/2012:23:12:50 +0000] "GET /index.htm HTTP/1.1" 304 - "-" "Mozilla/5.0 (compatible; bingbot/2.0; +http://www.bing.com/bingbot.htm)" www.masi.dk
178.154.160.30 - - [27/Jan/2012:23:22:48 +0000] "GET /August_2005.htm HTTP/1.1" 200 776208 "-" "Mozilla/5.0 (compatible; YandexBot/3.0; +http://yandex.com/bots)" www.masi.dk
157.55.17.193 - - [28/Jan/2012:00:22:58 +0000] "GET /robots.txt HTTP/1.1" 404 208 "-" "Mozilla/5.0 (compatible; bingbot/2.0; +http://www.bing.com/bingbot.htm)" www.masi.dk
157.55.17.193 - - [28/Jan/2012:00:25:32 +0000] "GET /April_2011.htm HTTP/1.1" 304 - "-" "Mozilla/5.0 (compatible; bingbot/2.0; +http://www.bing.com/bingbot.htm)" masi.dk
123.125.71.103 - - [28/Jan/2012:01:19:46 +0000] "GET / HTTP/1.1" 200 102436 "-" "Mozilla/5.0 (compatible; Baiduspider/2.0; +http://www.baidu.com/search/spider.html)" www.masi.dk
207.46.13.209 - - [28/Jan/2012:01:22:11 +0000] "GET /robots.txt HTTP/1.1" 404 208 "-" "Mozilla/5.0 (compatible; bingbot/2.0; +http://www.bing.com/bingbot.htm)" www.masi.dk
207.46.13.209 - - [28/Jan/2012:01:22:54 +0000] "GET /August_2005.htm HTTP/1.1" 304 - "-" "Mozilla/5.0 (compatible; bingbot/2.0; +http://www.bing.com/bingbot.htm)" www.masi.dk
178.154.160.30 - - [28/Jan/2012:01:25:14 +0000] "GET /November_2009.htm HTTP/1.1" 200 974013 "-" "Mozilla/5.0 (compatible; YandexBot/3.0; +http://yandex.com/bots)" www.masi.dk
66.249.66.9 - - [28/Jan/2012:02:09:27 +0000] "GET /robots.txt HTTP/1.1" 404 208 "-" "Mozilla/5.0 (compatible; Googlebot/2.1; +http://www.google.com/bot.html)" www.masi.dk
66.249.66.9 - - [28/Jan/2012:02:09:28 +0000] "GET /Science%2520of%2520M%2520A%2520S%2520I.htm HTTP/1.1" 404 230 "-" "Mozilla/5.0 (compatible; Googlebot/2.1; +http://www.google.com/bot.html)" www.masi.dk
77.65.48.239 - - [28/Jan/2012:02:10:20 +0000] "GET /Program%2520Manual.htm HTTP/1.0" 404 218 "http://www.masi.dk/Program%2520Manual.htm" "Mozilla/5.0 (Windows NT 5.1; U; en) Opera 8.00" www.masi.dk
77.65.48.239 - - [28/Jan/2012:02:10:20 +0000] "GET / HTTP/1.0" 200 102436 "http://www.masi.dk/" "Mozilla/5.0 (Windows NT 5.1; U; en) Opera 8.00" masi.dk
66.249.66.196 - - [28/Jan/2012:02:15:58 +0000] "GET /robots.txt HTTP/1.1" 404 208 "-" "Mozilla/5.0 (compatible; Googlebot/2.1; +http://www.google.com/bot.html)" masi.dk
66.249.66.196 - - [28/Jan/2012:02:15:59 +0000] "GET /July_2006.htm HTTP/1.1" 200 770118 "-" "Mozilla/5.0 (compatible; Googlebot/2.1; +http://www.google.com/bot.html)" masi.dk
66.249.71.118 - - [28/Jan/2012:02:28:00 +0000] "GET /Copyrigth%20of%20H.%20Jessen:%20Programm%20-%20files/Source%20in%20DOS%20C/REORBANK.C HTTP/1.1" 404 265 "-" "Mozilla/5.0 (compatible; Googlebot/2.1; +http://www.google.com/bot.html)" www.masi.dk
38.107.179.216 - - [28/Jan/2012:02:38:17 +0000] "GET /robots.txt HTTP/1.1" 404 208 "-" "CCBot/1.0 (+http://www.commoncrawl.org/bot.html)" www.masi.dk
38.107.179.217 - - [28/Jan/2012:02:38:19 +0000] "GET / HTTP/1.1" 200 102436 "-" "CCBot/1.0 (+http://www.commoncrawl.org/bot.html)" www.masi.dk
180.76.5.177 - - [28/Jan/2012:02:43:36 +0000] "GET / HTTP/1.1" 304 - "-" "Mozilla/5.0 (compatible; Baiduspider/2.0; +http://www.baidu.com/search/spider.html)" www.masi.dk
83.149.126.98 - - [28/Jan/2012:02:52:50 +0000] "GET /robots.txt HTTP/1.0" 404 208 "-" "Mozilla/5.0 (compatible; MJ12bot/v1.4.1; http://www.majestic12.co.uk/bot.php?+)" www.masi.dk
83.149.126.98 - - [28/Jan/2012:02:52:52 +0000] "GET /August_2008.htm HTTP/1.0" 200 966095 "-" "Mozilla/5.0 (compatible; MJ12bot/v1.4.1; http://www.majestic12.co.uk/bot.php?+)" www.masi.dk
83.149.126.98 - - [28/Jan/2012:02:53:13 +0000] "GET /robots.txt HTTP/1.0" 404 208 "-" "Mozilla/5.0 (compatible; MJ12bot/v1.4.1; http://www.majestic12.co.uk/bot.php?+)" www.masi.dk
83.149.126.98 - - [28/Jan/2012:02:53:15 +0000] "GET /Thesis_partB.htm HTTP/1.0" 200 1165734 "-" "Mozilla/5.0 (compatible; MJ12bot/v1.4.1; http://www.majestic12.co.uk/bot.php?+)" www.masi.dk
83.149.126.98 - - [28/Jan/2012:02:53:36 +0000] "GET /robots.txt HTTP/1.0" 404 208 "-" "Mozilla/5.0 (compatible; MJ12bot/v1.4.1; http://www.majestic12.co.uk/bot.php?+)" www.masi.dk
83.149.126.98 - - [28/Jan/2012:02:53:38 +0000] "GET /licensees.htm HTTP/1.0" 200 33996 "-" "Mozilla/5.0 (compatible; MJ12bot/v1.4.1; http://www.majestic12.co.uk/bot.php?+)" www.masi.dk
178.154.160.30 - - [28/Jan/2012:03:38:13 +0000] "GET /Thesis.htm HTTP/1.1" 200 1281530 "-" "Mozilla/5.0 (compatible; YandexBot/3.0; +http://yandex.com/bots)" www.masi.dk
207.46.13.115 - - [28/Jan/2012:03:43:02 +0000] "GET /robots.txt HTTP/1.1" 404 208 "-" "Mozilla/5.0 (compatible; bingbot/2.0; +http://www.bing.com/bingbot.htm)" www.masi.dk
207.46.13.115 - - [28/Jan/2012:03:43:58 +0000] "GET /licensees.htm HTTP/1.1" 304 - "-" "Mozilla/5.0 (compatible; bingbot/2.0; +http://www.bing.com/bingbot.htm)" masi.dk
208.80.194.33 - - [28/Jan/2012:04:34:20 +0000] "GET /tfxyc/accomodation.php HTTP/1.0" 404 220 "-" "Mozilla/4.0 (compatible; MSIE 7.0; Windows NT 5.1; {31391186-B5A2-AF07-F4CC-BAC0C80FCF40}; .NET CLR 1.1.4322; .NET CLR 2.0.50727)" www.masi.dk
178.154.160.30 - - [28/Jan/2012:05:12:26 +0000] "GET /April_2006.htm HTTP/1.1" 200 804396 "-" "Mozilla/5.0 (compatible; YandexBot/3.0; +http://yandex.com/bots)" www.masi.dk
50.117.117.126 - - [28/Jan/2012:06:08:33 +0000] "GET / HTTP/1.1" 200 102436 "-" "-" masi.dk
176.31.224.128 - - [28/Jan/2012:07:07:31 +0000] "GET /plugins/editors/tinymce/jscripts/tiny_mce/plugins/tinybrowser/upload.php HTTP/1.1" 404 270 "-" "Mozilla/5.0 (Windows; U; Windows NT 6.1; en; rv:1.9.2.13) Gecko/20101203 Firefox/3.6.13" www.masi.dk
195.47.247.42 - - [28/Jan/2012:07:31:54 +0000] "GET / HTTP/1.1" 200 102436 "-" "OneDotComLatencyTester/1.0" www.masi.dk
195.47.247.42 - - [28/Jan/2012:07:31:54 +0000] "GET / HTTP/1.1" 200 102436 "-" "OneDotComLatencyTester/1.0" www.masi.dk
178.154.160.30 - - [28/Jan/2012:10:50:21 +0000] "GET /robots.txt HTTP/1.1" 404 208 "-" "Mozilla/5.0 (compatible; YandexBot/3.0; +http://yandex.com/bots)" masi.dk
188.165.195.156 - - [28/Jan/2012:11:16:32 +0000] "HEAD / HTTP/1.1" 200 - "-" "Mozilla/4.0 (compatible; MSIE 5.01; Windows NT 5.0)" www.masi.dk
217.212.224.183 - - [28/Jan/2012:11:57:55 +0000] "GET /robots.txt HTTP/1.0" 404 208 "-" "psbot/0.1 (+http://www.picsearch.com/bot.html)" www.masi.dk
217.212.224.181 - - [28/Jan/2012:11:57:55 +0000] "GET /index.htm HTTP/1.0" 200 102436 "-" "psbot/0.1 (+http://www.picsearch.com/bot.html)" www.masi.dk
66.249.66.9 - - [28/Jan/2012:12:57:39 +0000] "GET /robots.txt HTTP/1.1" 404 208 "-" "Mozilla/5.0 (compatible; Googlebot/2.1; +http://www.google.com/bot.html)" www.masi.dk
66.249.66.9 - - [28/Jan/2012:12:57:39 +0000] "GET /August_2008.htm HTTP/1.1" 304 - "-" "Mozilla/5.0 (compatible; Googlebot/2.1; +http://www.google.com/bot.html)" www.masi.dk
178.154.160.30 - - [28/Jan/2012:14:14:08 +0000] "GET /index.htm HTTP/1.1" 200 102436 "-" "Mozilla/5.0 (compatible; YandexBot/3.0; +http://yandex.com/bots)" www.masi.dk
88.112.153.33 - - [28/Jan/2012:14:15:52 +0000] "GET /November_2009.htm HTTP/1.1" 200 974013 "http://www.google.fi/url?sa=t&rct=j&q=get%20%2F%20http%2F1.1%22%20200%20373%20%22-%22%20%22python-urllib%2F2.4&source=web&cd=1&ved=0CCEQFjAA&url=http%3A%2F%2Fwww.masi.dk%2FNovember_2009.htm&ei=EQMkT7CNE-L-4QSXu-2kCQ&usg=AFQjCNG29u_HBYSDhX7sLZ_sQGpEMRXkRg&cad=rja" "Mozilla/5.0 (Windows NT 6.1; WOW64; rv:9.0.1) Gecko/20100101 Firefox/9.0.1" www.masi.dk
88.112.153.33 - - [28/Jan/2012:14:15:54 +0000] "GET /favicon.ico HTTP/1.1" 404 209 "-" "Mozilla/5.0 (Windows NT 6.1; WOW64; rv:9.0.1) Gecko/20100101 Firefox/9.0.1" www.masi.dk
88.112.153.33 - - [28/Jan/2012:14:15:54 +0000] "GET /favicon.ico HTTP/1.1" 404 209 "-" "Mozilla/5.0 (Windows NT 6.1; WOW64; rv:9.0.1) Gecko/20100101 Firefox/9.0.1" www.masi.dk
88.112.153.33 - - [28/Jan/2012:14:15:54 +0000] "GET /favicon.ico HTTP/1.1" 404 209 "-" "Mozilla/5.0 (Windows NT 6.1; WOW64; rv:9.0.1) Gecko/20100101 Firefox/9.0.1" masi.dk
66.249.66.196 - - [28/Jan/2012:15:57:48 +0000] "GET /robots.txt HTTP/1.1" 404 208 "-" "Mozilla/5.0 (compatible; Googlebot/2.1; +http://www.google.com/bot.html)" masi.dk
66.249.66.196 - - [28/Jan/2012:15:57:49 +0000] "GET /index.htm HTTP/1.1" 200 102436 "-" "Mozilla/5.0 (compatible; Googlebot/2.1; +http://www.google.com/bot.html)" masi.dk
31.185.73.5 - - [28/Jan/2012:16:21:19 +0000] "GET / HTTP/1.1" 200 102436 "-" "Mozilla/5.0 (Windows NT 6.1) AppleWebKit/535.7 (KHTML, like Gecko) Chrome/16.0.912.77 Safari/535.7" masi.dk
31.185.73.5 - - [28/Jan/2012:16:21:19 +0000] "GET /Thesis-filer/oversi33_31.jpg HTTP/1.1" 200 10549 "http://masi.dk/" "Mozilla/5.0 (Windows NT 6.1) AppleWebKit/535.7 (KHTML, like Gecko) Chrome/16.0.912.77 Safari/535.7" masi.dk
31.185.73.5 - - [28/Jan/2012:16:21:19 +0000] "GET /Thesis-filer/Sensm.jpg HTTP/1.1" 200 11641 "http://masi.dk/" "Mozilla/5.0 (Windows NT 6.1) AppleWebKit/535.7 (KHTML, like Gecko) Chrome/16.0.912.77 Safari/535.7" masi.dk
31.185.73.5 - - [28/Jan/2012:16:21:19 +0000] "GET /Thesis-filer/Varism.jpg HTTP/1.1" 200 12504 "http://masi.dk/" "Mozilla/5.0 (Windows NT 6.1) AppleWebKit/535.7 (KHTML, like Gecko) Chrome/16.0.912.77 Safari/535.7" masi.dk
31.185.73.5 - - [28/Jan/2012:16:21:19 +0000] "GET /Thesis-filer/Timesm.jpg HTTP/1.1" 200 11464 "http://masi.dk/" "Mozilla/5.0 (Windows NT 6.1) AppleWebKit/535.7 (KHTML, like Gecko) Chrome/16.0.912.77 Safari/535.7" masi.dk
31.185.73.5 - - [28/Jan/2012:16:21:19 +0000] "GET /Thesis-filer/HJ_v_s.jpg HTTP/1.1" 200 3509 "http://masi.dk/" "Mozilla/5.0 (Windows NT 6.1) AppleWebKit/535.7 (KHTML, like Gecko) Chrome/16.0.912.77 Safari/535.7" masi.dk
31.185.73.5 - - [28/Jan/2012:16:21:19 +0000] "GET /Thesis-filer/stattotal.jpg HTTP/1.1" 200 19797 "http://masi.dk/" "Mozilla/5.0 (Windows NT 6.1) AppleWebKit/535.7 (KHTML, like Gecko) Chrome/16.0.912.77 Safari/535.7" masi.dk
31.185.73.5 - - [28/Jan/2012:16:21:19 +0000] "GET /Thesis-filer/hourly_usage_200508.png HTTP/1.1" 200 18446 "http://masi.dk/" "Mozilla/5.0 (Windows NT 6.1) AppleWebKit/535.7 (KHTML, like Gecko) Chrome/16.0.912.77 Safari/535.7" masi.dk
31.185.73.5 - - [28/Jan/2012:16:21:19 +0000] "GET /Thesis-filer/hourly_usage_200509.png HTTP/1.1" 200 18703 "http://masi.dk/" "Mozilla/5.0 (Windows NT 6.1) AppleWebKit/535.7 (KHTML, like Gecko) Chrome/16.0.912.77 Safari/535.7" masi.dk
31.185.73.5 - - [28/Jan/2012:16:21:19 +0000] "GET /Thesis-filer/hourly_usage_200510.png HTTP/1.1" 200 18736 "http://masi.dk/" "Mozilla/5.0 (Windows NT 6.1) AppleWebKit/535.7 (KHTML, like Gecko) Chrome/16.0.912.77 Safari/535.7" masi.dk
31.185.73.5 - - [28/Jan/2012:16:21:20 +0000] "GET /Thesis-filer/hourly_usage_200511.png HTTP/1.1" 200 19001 "http://masi.dk/" "Mozilla/5.0 (Windows NT 6.1) AppleWebKit/535.7 (KHTML, like Gecko) Chrome/16.0.912.77 Safari/535.7" masi.dk
31.185.73.5 - - [28/Jan/2012:16:21:20 +0000] "GET /Thesis-filer/hourly_usage_200512.png HTTP/1.1" 200 18967 "http://masi.dk/" "Mozilla/5.0 (Windows NT 6.1) AppleWebKit/535.7 (KHTML, like Gecko) Chrome/16.0.912.77 Safari/535.7" masi.dk
31.185.73.5 - - [28/Jan/2012:16:21:20 +0000] "GET /favicon.ico HTTP/1.1" 404 209 "-" "Mozilla/5.0 (Windows NT 6.1) AppleWebKit/535.7 (KHTML, like Gecko) Chrome/16.0.912.77 Safari/535.7" masi.dk
123.125.71.106 - - [28/Jan/2012:16:37:37 +0000] "GET /April_2006.htm HTTP/1.1" 200 804396 "-" "Mozilla/5.0 (compatible; Baiduspider/2.0; +http://www.baidu.com/search/spider.html)" masi.dk
66.249.71.118 - - [28/Jan/2012:18:01:29 +0000] "GET /Copyrigth%20of%20H.%20Jessen:%20Programm%20-%20files/Source%20in%20DOS%20C/Old%20files/Masi_DK_S_88/SI588/II/COFIL HTTP/1.1" 404 292 "-" "Mozilla/5.0 (compatible; Googlebot/2.1; +http://www.google.com/bot.html)" www.masi.dk
176.65.164.111 - - [28/Jan/2012:18:42:28 +0000] "GET /July_2006.htm HTTP/1.1" 200 770118 "-" "Mozilla/4.0 (compatible; MSIE 6.0; Windows NT 5.1; SV1)" masi.dk
74.55.54.10 - - [28/Jan/2012:19:45:20 +0000] "GET //forum/includes/xml/bitfield_vbseo.xml HTTP/1.1" 404 235 "-" "Mozilla/4.0 (compatible; MSIE 6.0; Windows 98)" masi.dk
74.55.54.10 - - [28/Jan/2012:19:45:21 +0000] "GET //includes/xml/bitfield_vbseo.xml HTTP/1.1" 404 229 "-" "Mozilla/4.0 (compatible; MSIE 6.0; Windows 98)" masi.dk
74.55.54.10 - - [28/Jan/2012:19:45:28 +0000] "GET //vbulletin/includes/xml/bitfield_vbseo.xml HTTP/1.1" 404 239 "-" "Mozilla/4.0 (compatible; MSIE 6.0; Windows 98)" www.masi.dk
195.47.247.42 - - [28/Jan/2012:20:49:27 +0000] "GET / HTTP/1.1" 200 102436 "-" "OneDotComLatencyTester/1.0" www.masi.dk
195.47.247.42 - - [28/Jan/2012:20:49:27 +0000] "GET / HTTP/1.1" 200 102436 "-" "OneDotComLatencyTester/1.0" www.masi.dk
74.52.245.146 - - [28/Jan/2012:21:26:37 +0000] "GET / HTTP/1.0" 200 102436 "-" "Mozilla/5.0 (X11; U; Linux i686; en-US; rv:1.7.5) Gecko/20041107 Firefox/1.0" masi.dk
66.249.66.196 - - [28/Jan/2012:21:45:51 +0000] "GET /Thesis.htm HTTP/1.1" 200 1281530 "-" "Mozilla/5.0 (iPhone; U; CPU iPhone OS 4_1 like Mac OS X; en-us) AppleWebKit/532.9 (KHTML, like Gecko) Version/4.0.5 Mobile/8B117 Safari/6531.22.7 (compatible; Googlebot-Mobile/2.1; +http://www.google.com/bot.html)" www.masi.dk
188.165.248.204 - - [28/Jan/2012:22:11:35 +0000] "GET /robots.txt HTTP/1.0" 404 208 "-" "Mozilla/5.0 (compatible; MJ12bot/v1.4.1; http://www.majestic12.co.uk/bot.php?+)" www.masi.dk
188.165.248.204 - - [28/Jan/2012:22:11:40 +0000] "GET / HTTP/1.0" 200 102436 "-" "Mozilla/5.0 (compatible; MJ12bot/v1.4.1; http://www.majestic12.co.uk/bot.php?+)" masi.dk
119.63.196.110 - - [29/Jan/2012:01:48:21 +0000] "GET /robots.txt HTTP/1.1" 404 208 "-" "Baiduspider+(+http://www.baidu.com/search/spider.htm)" masi.dk
66.249.71.118 - - [29/Jan/2012:02:10:09 +0000] "GET /Copyrigth%20of%20H.%20Jessen:%20Programm%20-%20files/Source%20in%20DOS%20C/Internal%20SOURCE/SPECIUDD.C HTTP/1.1" 404 281 "-" "Mozilla/5.0 (compatible; Googlebot/2.1; +http://www.google.com/bot.html)" www.masi.dk
72.167.255.221 - - [29/Jan/2012:06:47:56 +0000] "GET //forum/includes/xml/bitfield_vbseo.xml HTTP/1.1" 404 235 "-" "Mozilla/4.0 (compatible; MSIE 6.0; Windows 98)" www.masi.dk
72.167.255.221 - - [29/Jan/2012:06:47:56 +0000] "GET //includes/xml/bitfield_vbseo.xml HTTP/1.1" 404 229 "-" "Mozilla/4.0 (compatible; MSIE 6.0; Windows 98)" www.masi.dk
72.167.255.221 - - [29/Jan/2012:06:47:57 +0000] "GET //vb/includes/xml/bitfield_vbseo.xml HTTP/1.1" 404 232 "-" "Mozilla/4.0 (compatible; MSIE 6.0; Windows 98)" www.masi.dk
72.167.255.221 - - [29/Jan/2012:06:47:57 +0000] "GET //forums/includes/xml/bitfield_vbseo.xml HTTP/1.1" 404 236 "-" "Mozilla/4.0 (compatible; MSIE 6.0; Windows 98)" www.masi.dk
72.167.255.221 - - [29/Jan/2012:06:47:57 +0000] "GET //vbulletin/includes/xml/bitfield_vbseo.xml HTTP/1.1" 404 239 "-" "Mozilla/4.0 (compatible; MSIE 6.0; Windows 98)" www.masi.dk
80.243.191.114 - - [29/Jan/2012:07:01:20 +0000] "GET /Thesis_partB.htm HTTP/1.0" 200 1165734 "http://www.masi.dk/Thesis_partB.htm" "Mozilla/4.0 (compatible; MSIE 6.0; Windows NT 5.1; SV1; FunWebProducts)" www.masi.dk
195.47.247.42 - - [29/Jan/2012:07:52:22 +0000] "GET / HTTP/1.1" 200 102436 "-" "OneDotComLatencyTester/1.0" www.masi.dk
195.47.247.42 - - [29/Jan/2012:07:52:22 +0000] "GET / HTTP/1.1" 200 102436 "-" "OneDotComLatencyTester/1.0" masi.dk
66.249.71.118 - - [29/Jan/2012:12:44:05 +0000] "GET /robots.txt HTTP/1.1" 404 208 "-" "Mozilla/5.0 (compatible; Googlebot/2.1; +http://www.google.com/bot.html)" masi.dk
66.249.66.196 - - [29/Jan/2012:12:44:05 +0000] "GET /Copyrigth%20of%20H.%20Jessen:%20Programm%20-%20files/Source%20in%20DOS%20C/REORBANK.C HTTP/1.1" 404 265 "-" "Mozilla/5.0 (compatible; Googlebot/2.1; +http://www.google.com/bot.html)" www.masi.dk
66.249.66.9 - - [29/Jan/2012:15:28:55 +0000] "GET /robots.txt HTTP/1.1" 404 208 "-" "Mozilla/5.0 (compatible; Googlebot/2.1; +http://www.google.com/bot.html)" www.masi.dk
66.249.71.71 - - [29/Jan/2012:15:28:56 +0000] "GET / HTTP/1.1" 200 102436 "-" "DoCoMo/2.0 N905i(c100;TB;W24H16) (compatible; Googlebot-Mobile/2.1; +http://www.google.com/bot.html)" www.masi.dk
123.125.71.17 - - [29/Jan/2012:15:33:06 +0000] "GET / HTTP/1.1" 200 102436 "-" "Mozilla/5.0 (compatible; Baiduspider/2.0; +http://www.baidu.com/search/spider.html)" www.masi.dk
123.125.71.18 - - [29/Jan/2012:15:33:15 +0000] "GET /Thesis.htm HTTP/1.1" 200 1281530 "-" "Mozilla/5.0 (compatible; Baiduspider/2.0; +http://www.baidu.com/search/spider.html)" masi.dk
208.80.194.27 - - [29/Jan/2012:17:35:13 +0000] "GET / HTTP/1.0" 200 102436 "-" "Mozilla/4.0 (compatible; MSIE 6.0; Windows NT 5.1; SV1; SU 2.010; (R1 1.5); .NET CLR 1.1.4322; .NET CLR 2.0.50727; .NET CLR 3.0.04506.30)" masi.dk
208.80.194.27 - - [29/Jan/2012:17:35:14 +0000] "GET /./fphover.class HTTP/1.0" 200 9328 "-" "Mozilla/4.0 (compatible; MSIE 6.0; Windows NT 5.1; SV1; .NET CLR 1.0.3705; .NET CLR 1.1.4322; Media Center PC 4.0; .NET CLR 2.0.50727; Creative ZENcast v1.02.10; MEGAUPLOAD 1.0; ZangoToolbar 4.8.2)" www.masi.dk
178.154.160.30 - - [29/Jan/2012:17:40:02 +0000] "GET /robots.txt HTTP/1.1" 404 208 "-" "Mozilla/5.0 (compatible; YandexBot/3.0; +http://yandex.com/bots)" masi.dk
188.165.195.156 - - [29/Jan/2012:18:09:09 +0000] "HEAD / HTTP/1.1" 200 - "-" "Mozilla/4.0 (compatible; MSIE 5.01; Windows NT 5.0)" www.masi.dk
178.154.160.30 - - [29/Jan/2012:19:33:34 +0000] "GET / HTTP/1.1" 200 102436 "-" "Mozilla/5.0 (compatible; YandexBot/3.0; +http://yandex.com/bots)" www.masi.dk
95.108.150.235 - - [29/Jan/2012:20:08:53 +0000] "GET /robots.txt HTTP/1.1" 404 208 "-" "Mozilla/5.0 (compatible; YandexBot/3.0; +http://yandex.com/bots)" masi.dk
95.108.150.235 - - [29/Jan/2012:20:08:53 +0000] "GET /robots.txt HTTP/1.1" 404 208 "-" "Mozilla/5.0 (compatible; YandexBot/3.0; +http://yandex.com/bots)" www.masi.dk
95.108.150.235 - - [29/Jan/2012:20:08:54 +0000] "GET / HTTP/1.1" 200 102436 "-" "Mozilla/5.0 (compatible; YandexBot/3.0; +http://yandex.com/bots)" masi.dk
95.108.150.235 - - [29/Jan/2012:20:08:54 +0000] "GET / HTTP/1.1" 200 102436 "-" "Mozilla/5.0 (compatible; YandexBot/3.0; +http://yandex.com/bots)" masi.dk
95.108.150.235 - - [29/Jan/2012:20:08:55 +0000] "GET / HTTP/1.1" 200 102436 "-" "Mozilla/5.0 (compatible; YandexBot/3.0; +http://yandex.com/bots)" www.masi.dk
95.108.150.235 - - [29/Jan/2012:20:08:56 +0000] "GET / HTTP/1.1" 200 102436 "-" "Mozilla/5.0 (compatible; YandexBot/3.0; +http://yandex.com/bots)" masi.dk
66.249.66.196 - - [29/Jan/2012:20:25:31 +0000] "GET /robots.txt HTTP/1.1" 404 208 "-" "Mozilla/5.0 (compatible; Googlebot/2.1; +http://www.google.com/bot.html)" masi.dk
66.249.71.118 - - [29/Jan/2012:20:25:31 +0000] "GET / HTTP/1.1" 304 - "-" "Mozilla/5.0 (iPhone; U; CPU iPhone OS 4_1 like Mac OS X; en-us) AppleWebKit/532.9 (KHTML, like Gecko) Version/4.0.5 Mobile/8B117 Safari/6531.22.7 (compatible; Googlebot-Mobile/2.1; +http://www.google.com/bot.html)" masi.dk
66.249.66.196 - - [29/Jan/2012:21:45:54 +0000] "GET /licensees.htm HTTP/1.1" 200 33996 "-" "Mozilla/5.0 (iPhone; U; CPU iPhone OS 4_1 like Mac OS X; en-us) AppleWebKit/532.9 (KHTML, like Gecko) Version/4.0.5 Mobile/8B117 Safari/6531.22.7 (compatible; Googlebot-Mobile/2.1; +http://www.google.com/bot.html)" www.masi.dk
207.46.13.209 - - [29/Jan/2012:22:23:17 +0000] "GET /robots.txt HTTP/1.1" 404 208 "-" "Mozilla/5.0 (compatible; bingbot/2.0; +http://www.bing.com/bingbot.htm)" www.masi.dk
207.46.13.209 - - [29/Jan/2012:22:25:06 +0000] "GET / HTTP/1.1" 304 - "-" "Mozilla/5.0 (compatible; bingbot/2.0; +http://www.bing.com/bingbot.htm)" www.masi.dk
76.72.167.163 - - [29/Jan/2012:22:30:23 +0000] "GET /robots.txt HTTP/1.0" 404 208 "-" "Mozilla/5.0 (compatible; MJ12bot/v1.4.1; http://www.majestic12.co.uk/bot.php?+)" www.masi.dk
76.72.167.163 - - [29/Jan/2012:22:30:25 +0000] "GET / HTTP/1.0" 200 102436 "-" "Mozilla/5.0 (compatible; MJ12bot/v1.4.1; http://www.majestic12.co.uk/bot.php?+)" masi.dk
123.125.71.20 - - [29/Jan/2012:23:16:33 +0000] "GET / HTTP/1.1" 200 102436 "-" "Mozilla/5.0 (compatible; Baiduspider/2.0; +http://www.baidu.com/search/spider.html)" www.masi.dk
178.154.160.30 - - [29/Jan/2012:23:28:39 +0000] "GET /Thesis_partB.htm HTTP/1.1" 200 1165734 "-" "Mozilla/5.0 (compatible; YandexBot/3.0; +http://yandex.com/bots)" www.masi.dk
119.63.196.78 - - [29/Jan/2012:23:54:29 +0000] "GET /robots.txt HTTP/1.1" 404 208 "-" "Baiduspider+(+http://www.baidu.com/search/spider.htm)" www.masi.dk
217.69.133.31 - - [30/Jan/2012:00:01:24 +0000] "GET /Thesis-filer/MouThesis.JPG HTTP/1.0" 200 150270 "-" "Mail.RU/2.0" www.masi.dk
66.249.66.9 - - [30/Jan/2012:00:30:38 +0000] "GET /robots.txt HTTP/1.1" 404 208 "-" "Mozilla/5.0 (compatible; Googlebot/2.1; +http://www.google.com/bot.html)" www.masi.dk
