209.85.226.90 - - [21/Jan/2012:13:12:52 +0000] "GET /Thesis-filer/hourly_usage_200510.png HTTP/1.1" 200 18736 "http://www.masi.dk/" "Mozilla/5.0 (X11; Linux x86_64) AppleWebKit/534.51 (KHTML, like Gecko; Google Web Preview) Chrome/12.0.742 Safari/534.51" www.masi.dk
209.85.226.80 - - [21/Jan/2012:13:12:52 +0000] "GET /Thesis-filer/hourly_usage_200512.png HTTP/1.1" 200 18967 "http://www.masi.dk/" "Mozilla/5.0 (X11; Linux x86_64) AppleWebKit/534.51 (KHTML, like Gecko; Google Web Preview) Chrome/12.0.742 Safari/534.51" www.masi.dk
209.85.226.89 - - [21/Jan/2012:13:12:52 +0000] "GET /Thesis-filer/hourly_usage_200509.png HTTP/1.1" 200 18703 "http://www.masi.dk/" "Mozilla/5.0 (X11; Linux x86_64) AppleWebKit/534.51 (KHTML, like Gecko; Google Web Preview) Chrome/12.0.742 Safari/534.51" www.masi.dk
209.85.226.84 - - [21/Jan/2012:13:12:52 +0000] "GET /Thesis-filer/stattotal.jpg HTTP/1.1" 200 19797 "http://www.masi.dk/" "Mozilla/5.0 (X11; Linux x86_64) AppleWebKit/534.51 (KHTML, like Gecko; Google Web Preview) Chrome/12.0.742 Safari/534.51" www.masi.dk
209.85.226.89 - - [21/Jan/2012:13:12:52 +0000] "GET /Thesis-filer/hourly_usage_200508.png HTTP/1.1" 200 18446 "http://www.masi.dk/" "Mozilla/5.0 (X11; Linux x86_64) AppleWebKit/534.51 (KHTML, like Gecko; Google Web Preview) Chrome/12.0.742 Safari/534.51" www.masi.dk
123.125.71.35 - - [21/Jan/2012:13:53:59 +0000] "GET / HTTP/1.1" 200 102436 "-" "Mozilla/5.0 (compatible; Baiduspider/2.0; +http://www.baidu.com/search/spider.html)" www.masi.dk
123.125.71.47 - - [21/Jan/2012:13:54:22 +0000] "GET /August_2008.htm HTTP/1.1" 200 966095 "-" "Mozilla/5.0 (compatible; Baiduspider/2.0; +http://www.baidu.com/search/spider.html)" www.masi.dk
123.125.71.35 - - [21/Jan/2012:13:54:33 +0000] "GET /Program%20Manual.htm HTTP/1.1" 200 115425 "-" "Mozilla/5.0 (compatible; Baiduspider/2.0; +http://www.baidu.com/search/spider.html)" www.masi.dk
123.125.71.117 - - [21/Jan/2012:13:54:37 +0000] "GET /Science%20of%20M%20A%20S%20I.htm HTTP/1.1" 200 166955 "-" "Mozilla/5.0 (compatible; Baiduspider/2.0; +http://www.baidu.com/search/spider.html)" www.masi.dk
123.125.71.23 - - [21/Jan/2012:13:54:37 +0000] "GET /Thesis_partB.htm HTTP/1.1" 200 1165734 "-" "Mozilla/5.0 (compatible; Baiduspider/2.0; +http://www.baidu.com/search/spider.html)" www.masi.dk
123.125.71.26 - - [21/Jan/2012:13:54:42 +0000] "GET /July_2006.htm HTTP/1.1" 200 770118 "-" "Mozilla/5.0 (compatible; Baiduspider/2.0; +http://www.baidu.com/search/spider.html)" www.masi.dk
123.125.71.35 - - [21/Jan/2012:13:54:47 +0000] "GET /April_2011.htm HTTP/1.1" 200 544444 "-" "Mozilla/5.0 (compatible; Baiduspider/2.0; +http://www.baidu.com/search/spider.html)" www.masi.dk
123.125.71.114 - - [21/Jan/2012:13:54:57 +0000] "GET /August_2007.htm HTTP/1.1" 200 786932 "-" "Mozilla/5.0 (compatible; Baiduspider/2.0; +http://www.baidu.com/search/spider.html)" www.masi.dk
123.125.71.13 - - [21/Jan/2012:13:54:52 +0000] "GET /April_2006.htm HTTP/1.1" 200 804396 "-" "Mozilla/5.0 (compatible; Baiduspider/2.0; +http://www.baidu.com/search/spider.html)" www.masi.dk
66.249.66.9 - - [21/Jan/2012:14:00:24 +0000] "GET /robots.txt HTTP/1.1" 404 208 "-" "Mozilla/5.0 (compatible; Googlebot/2.1; +http://www.google.com/bot.html)" www.masi.dk
66.249.66.9 - - [21/Jan/2012:14:00:24 +0000] "GET /Thesis-filer/image002.jpg HTTP/1.1" 200 31951 "-" "Googlebot-Image/1.0" www.masi.dk
178.154.160.30 - - [21/Jan/2012:14:52:11 +0000] "GET /July_2006.htm HTTP/1.1" 200 770118 "-" "Mozilla/5.0 (compatible; YandexBot/3.0; +http://yandex.com/bots)" www.masi.dk
178.154.160.30 - - [21/Jan/2012:17:30:19 +0000] "GET / HTTP/1.1" 200 102436 "-" "Mozilla/5.0 (compatible; YandexBot/3.0; +http://yandex.com/bots)" masi.dk
64.120.194.170 - - [21/Jan/2012:17:46:31 +0000] "GET / HTTP/1.1" 200 102436 "-" "Mozilla/5.0 (Windows; U; Windows NT 5.1; ru-RU; rv:1.7.12) Gecko/20050919 Firefox/1.0.7" www.masi.dk
208.80.194.33 - - [21/Jan/2012:17:49:15 +0000] "GET / HTTP/1.0" 200 102436 "-" "Mozilla/4.0 (compatible; MSIE 7.0; Windows NT 5.1; byond_3.5; .NET CLR 1.1.4322; IEMB3; ZangoToolbar 4.8.3; IEMB3)" www.masi.dk
208.80.194.33 - - [21/Jan/2012:17:49:16 +0000] "GET /./fphover.class HTTP/1.0" 200 9328 "-" "Mozilla/4.0 (compatible; MSIE 6.0; Windows NT 5.1; ESB{7877FB2B-BB53-4511-82DE-F8831BC80E64}; SV1; CMLSNASHVILLE)" www.masi.dk
195.47.247.42 - - [21/Jan/2012:18:08:07 +0000] "GET / HTTP/1.1" 200 102436 "-" "OneDotComLatencyTester/1.0" www.masi.dk
195.47.247.42 - - [21/Jan/2012:18:08:07 +0000] "GET / HTTP/1.1" 200 102436 "-" "OneDotComLatencyTester/1.0" masi.dk
66.249.66.196 - - [21/Jan/2012:18:19:25 +0000] "GET /Science%20of%20M%20A%20S%20I.htm HTTP/1.1" 304 - "-" "Mozilla/5.0 (compatible; Googlebot/2.1; +http://www.google.com/bot.html)" www.masi.dk
85.23.163.38 - - [21/Jan/2012:18:58:31 +0000] "GET /robots.txt HTTP/1.0" 404 208 "-" "Mozilla/5.0 (compatible; MJ12bot/v1.4.1; http://www.majestic12.co.uk/bot.php?+)" www.masi.dk
85.23.163.38 - - [21/Jan/2012:18:58:32 +0000] "GET / HTTP/1.0" 200 102436 "-" "Mozilla/5.0 (compatible; MJ12bot/v1.4.1; http://www.majestic12.co.uk/bot.php?+)" masi.dk
119.63.196.112 - - [21/Jan/2012:19:29:08 +0000] "GET /robots.txt HTTP/1.1" 404 208 "-" "Baiduspider+(+http://www.baidu.com/search/spider.htm)" masi.dk
180.76.5.67 - - [21/Jan/2012:19:49:07 +0000] "GET / HTTP/1.1" 304 - "-" "Mozilla/5.0 (compatible; Baiduspider/2.0; +http://www.baidu.com/search/spider.html)" www.masi.dk
178.154.160.30 - - [21/Jan/2012:20:12:46 +0000] "GET /April_2011.htm HTTP/1.1" 304 - "-" "Mozilla/5.0 (compatible; YandexBot/3.0; +http://yandex.com/bots)" www.masi.dk
220.181.51.82 - - [21/Jan/2012:20:18:35 +0000] "GET / HTTP/1.1" 200 102436 "-" "Mozilla/5.0 (Windows NT 5.1; rv:6.0.2) Gecko/20100101 Firefox/6.0.2" masi.dk
220.181.51.80 - - [21/Jan/2012:20:18:36 +0000] "GET / HTTP/1.1" 200 102436 "-" "Mozilla/5.0 (Windows NT 5.1; rv:6.0.2) Gecko/20100101 Firefox/6.0.2" masi.dk
95.108.150.235 - - [21/Jan/2012:20:54:08 +0000] "GET /robots.txt HTTP/1.1" 404 208 "-" "Mozilla/5.0 (compatible; YandexBot/3.0; +http://yandex.com/bots)" www.masi.dk
95.108.150.235 - - [21/Jan/2012:20:54:08 +0000] "GET /robots.txt HTTP/1.1" 404 208 "-" "Mozilla/5.0 (compatible; YandexBot/3.0; +http://yandex.com/bots)" masi.dk
95.108.150.235 - - [21/Jan/2012:20:54:09 +0000] "GET / HTTP/1.1" 200 102436 "-" "Mozilla/5.0 (compatible; YandexBot/3.0; +http://yandex.com/bots)" www.masi.dk
95.108.150.235 - - [21/Jan/2012:20:54:09 +0000] "GET / HTTP/1.1" 200 102436 "-" "Mozilla/5.0 (compatible; YandexBot/3.0; +http://yandex.com/bots)" masi.dk
95.108.150.235 - - [21/Jan/2012:20:54:10 +0000] "GET / HTTP/1.1" 200 102436 "-" "Mozilla/5.0 (compatible; YandexBot/3.0; +http://yandex.com/bots)" www.masi.dk
95.108.150.235 - - [21/Jan/2012:20:54:10 +0000] "GET / HTTP/1.1" 200 102436 "-" "Mozilla/5.0 (compatible; YandexBot/3.0; +http://yandex.com/bots)" www.masi.dk
209.216.198.155 - - [21/Jan/2012:21:39:13 +0000] "HEAD /August_2007.htm HTTP/1.1" 200 - "-" "Mozilla/4.5 [en] (Win98; I)" www.masi.dk
209.216.198.155 - - [21/Jan/2012:21:46:04 +0000] "HEAD /August_2007.htm HTTP/1.1" 200 - "-" "Mozilla/4.5 [en] (Win98; I)" www.masi.dk
178.154.160.30 - - [21/Jan/2012:22:50:00 +0000] "GET /August_2007.htm HTTP/1.1" 200 786932 "-" "Mozilla/5.0 (compatible; YandexBot/3.0; +http://yandex.com/bots)" www.masi.dk
178.154.160.30 - - [21/Jan/2012:23:16:20 +0000] "GET /licensees.htm HTTP/1.1" 200 33996 "-" "Mozilla/5.0 (compatible; YandexBot/3.0; +http://yandex.com/bots)" www.masi.dk
66.249.66.9 - - [22/Jan/2012:00:53:26 +0000] "GET /robots.txt HTTP/1.1" 404 208 "-" "Mozilla/5.0 (compatible; Googlebot/2.1; +http://www.google.com/bot.html)" www.masi.dk
66.249.66.9 - - [22/Jan/2012:00:53:27 +0000] "GET /Thesis-filer/hourly_usage_200511.png HTTP/1.1" 304 - "-" "Googlebot-Image/1.0" www.masi.dk
195.47.247.42 - - [22/Jan/2012:02:06:55 +0000] "GET / HTTP/1.1" 200 102436 "-" "OneDotComLatencyTester/1.0" www.masi.dk
195.47.247.42 - - [22/Jan/2012:02:06:55 +0000] "GET / HTTP/1.1" 200 102436 "-" "OneDotComLatencyTester/1.0" masi.dk
208.80.194.30 - - [22/Jan/2012:02:54:19 +0000] "GET /tfxyc/accomodation.php HTTP/1.0" 404 220 "-" "Mozilla/4.0 (compatible; MSIE 6.0; Windows NT 5.1; SV1; FunWebProducts; .NET CLR 1.1.4322; yplus 1.0)" www.masi.dk
66.249.66.9 - - [22/Jan/2012:05:41:07 +0000] "GET / HTTP/1.1" 304 - "-" "Mozilla/5.0 (compatible; Googlebot/2.1; +http://www.google.com/bot.html)" www.masi.dk
66.249.71.71 - - [22/Jan/2012:07:44:35 +0000] "GET /Science%2520of%2520M%2520A%2520S%2520I.htm HTTP/1.1" 404 230 "-" "Mozilla/5.0 (iPhone; U; CPU iPhone OS 4_1 like Mac OS X; en-us) AppleWebKit/532.9 (KHTML, like Gecko) Version/4.0.5 Mobile/8B117 Safari/6531.22.7 (compatible; Googlebot-Mobile/2.1; +http://www.google.com/bot.html)" masi.dk
66.249.66.196 - - [22/Jan/2012:07:44:39 +0000] "GET /robots.txt HTTP/1.1" 404 208 "-" "Mozilla/5.0 (compatible; Googlebot/2.1; +http://www.google.com/bot.html)" masi.dk
66.249.71.118 - - [22/Jan/2012:07:44:39 +0000] "GET /August_2005.htm HTTP/1.1" 200 776208 "-" "Mozilla/5.0 (iPhone; U; CPU iPhone OS 4_1 like Mac OS X; en-us) AppleWebKit/532.9 (KHTML, like Gecko) Version/4.0.5 Mobile/8B117 Safari/6531.22.7 (compatible; Googlebot-Mobile/2.1; +http://www.google.com/bot.html)" www.masi.dk
157.55.17.193 - - [22/Jan/2012:08:54:31 +0000] "GET /robots.txt HTTP/1.1" 404 208 "-" "Mozilla/5.0 (compatible; bingbot/2.0; +http://www.bing.com/bingbot.htm)" www.masi.dk
157.55.17.193 - - [22/Jan/2012:08:55:33 +0000] "GET /Program%20Manual.htm HTTP/1.1" 304 - "-" "Mozilla/5.0 (compatible; bingbot/2.0; +http://www.bing.com/bingbot.htm)" www.masi.dk
195.47.247.42 - - [22/Jan/2012:09:16:49 +0000] "GET / HTTP/1.1" 200 102436 "-" "OneDotComLatencyTester/1.0" www.masi.dk
195.47.247.42 - - [22/Jan/2012:09:16:49 +0000] "GET / HTTP/1.1" 200 102436 "-" "OneDotComLatencyTester/1.0" masi.dk
46.17.97.113 - - [22/Jan/2012:11:27:31 +0000] "GET /Science%2520of%2520M%2520A%2520S%2520I.htm HTTP/1.0" 404 230 "http://masi.dk/Science%2520of%2520M%2520A%2520S%2520I.htm" "Mozilla/4.0 (compatible; MSIE 5.5; Windows 95)" masi.dk
46.17.97.113 - - [22/Jan/2012:11:27:32 +0000] "GET / HTTP/1.0" 200 102436 "http://masi.dk/" "Mozilla/4.0 (compatible; MSIE 5.5; Windows 95)" www.masi.dk
208.115.113.83 - - [22/Jan/2012:12:00:16 +0000] "GET /robots.txt HTTP/1.1" 404 208 "-" "Mozilla/5.0 (compatible; Ezooms/1.0; ezooms.bot@gmail.com)" www.masi.dk
208.115.113.83 - - [22/Jan/2012:13:32:00 +0000] "GET /..%5C..%5C..%5C..%5CDokumenter%5CDokumenterWeb-stedermit_web-sted_0Science%20of%20M%20A%20S%20I.htm HTTP/1.1" 404 277 "-" "Mozilla/5.0 (compatible; Ezooms/1.0; ezooms.bot@gmail.com)" www.masi.dk
66.249.66.9 - - [22/Jan/2012:14:49:09 +0000] "GET /robots.txt HTTP/1.1" 404 208 "-" "Mozilla/5.0 (compatible; Googlebot/2.1; +http://www.google.com/bot.html)" www.masi.dk
66.249.66.9 - - [22/Jan/2012:14:49:09 +0000] "GET /Thesis-filer/Image120.gif HTTP/1.1" 304 - "-" "Googlebot-Image/1.0" www.masi.dk
211.254.252.230 - - [22/Jan/2012:16:49:37 +0000] "GET /licensees.htm HTTP/1.0" 200 33996 "-" "Mozilla/5.0 (Windows NT 6.1; WOW64) AppleWebKit/535.1 (KHTML, like Gecko) Chrome/13.0.782.215 Safari/535.1" www.masi.dk
82.128.203.31 - - [22/Jan/2012:19:17:28 +0000] "GET /robots.txt HTTP/1.0" 404 208 "-" "Mozilla/5.0 (compatible; MJ12bot/v1.4.1; http://www.majestic12.co.uk/bot.php?+)" www.masi.dk
82.128.203.31 - - [22/Jan/2012:19:17:30 +0000] "GET / HTTP/1.1" 200 102436 "-" "Mozilla/5.0 (compatible; MJ12bot/v1.4.1; http://www.majestic12.co.uk/bot.php?+)" masi.dk
66.249.66.196 - - [22/Jan/2012:19:30:53 +0000] "GET /robots.txt HTTP/1.1" 404 208 "-" "Mozilla/5.0 (compatible; Googlebot/2.1; +http://www.google.com/bot.html)" masi.dk
66.249.66.196 - - [22/Jan/2012:19:30:53 +0000] "GET /Science%20of%20M%20A%20S%20I.htm HTTP/1.1" 304 - "-" "Mozilla/5.0 (compatible; Googlebot/2.1; +http://www.google.com/bot.html)" masi.dk
208.80.194.37 - - [22/Jan/2012:20:58:04 +0000] "GET / HTTP/1.0" 200 102436 "-" "Mozilla/4.0 (compatible; MSIE 7.0; AOL 9.0; Windows NT 5.1; (R1 1.5); .NET CLR 1.1.4322)" masi.dk
208.80.194.37 - - [22/Jan/2012:20:58:05 +0000] "GET /./fphover.class HTTP/1.0" 200 9328 "-" "Mozilla/4.0 (compatible; MSIE 6.0; Windows NT 5.1; SV1; YPC 3.2.0; InfoPath.1; .NET CLR 1.1.4322)" masi.dk
31.23.38.151 - - [22/Jan/2012:21:40:54 +0000] "GET /April_2011.htm HTTP/1.1" 200 544444 "http://jvenulas.hu.gp" "Mozilla/5.0 (Windows; U; Windows NT 5.1; en-US; rv:1.9.2.3) Gecko/20100401 Firefox/3.6.3" masi.dk
31.23.38.151 - - [22/Jan/2012:21:41:00 +0000] "GET /April_2011.htm HTTP/1.1" 200 544444 "-" "Mozilla/5.0 (Windows; U; Windows NT 5.1; en-US; rv:1.9.2.3) Gecko/20100401 Firefox/3.6.3" masi.dk
123.125.71.82 - - [22/Jan/2012:22:45:55 +0000] "GET / HTTP/1.1" 200 102436 "-" "Mozilla/5.0 (compatible; Baiduspider/2.0; +http://www.baidu.com/search/spider.html)" masi.dk
76.72.167.163 - - [23/Jan/2012:00:32:22 +0000] "GET /robots.txt HTTP/1.0" 404 208 "-" "Mozilla/5.0 (compatible; MJ12bot/v1.4.1; http://www.majestic12.co.uk/bot.php?+)" masi.dk
76.72.167.163 - - [23/Jan/2012:00:32:23 +0000] "GET /April_2011.htm HTTP/1.0" 200 544444 "-" "Mozilla/5.0 (compatible; MJ12bot/v1.4.1; http://www.majestic12.co.uk/bot.php?+)" www.masi.dk
195.47.247.42 - - [23/Jan/2012:01:22:08 +0000] "GET / HTTP/1.1" 200 102436 "-" "OneDotComLatencyTester/1.0" www.masi.dk
195.47.247.42 - - [23/Jan/2012:01:22:08 +0000] "GET / HTTP/1.1" 200 102436 "-" "OneDotComLatencyTester/1.0" www.masi.dk
207.46.199.37 - - [23/Jan/2012:02:52:34 +0000] "GET /robots.txt HTTP/1.1" 404 208 "-" "Mozilla/5.0 (compatible; bingbot/2.0; +http://www.bing.com/bingbot.htm)" www.masi.dk
207.46.199.37 - - [23/Jan/2012:02:55:29 +0000] "GET /Science%20of%20M%20A%20S%20I.htm HTTP/1.1" 304 - "-" "Mozilla/5.0 (compatible; bingbot/2.0; +http://www.bing.com/bingbot.htm)" www.masi.dk
119.63.196.44 - - [23/Jan/2012:04:09:00 +0000] "GET /robots.txt HTTP/1.1" 404 208 "-" "Baiduspider+(+http://www.baidu.com/search/spider.htm)" www.masi.dk
123.125.71.84 - - [23/Jan/2012:04:18:20 +0000] "GET / HTTP/1.1" 200 102436 "-" "Mozilla/5.0 (compatible; Baiduspider/2.0; +http://www.baidu.com/search/spider.html)" masi.dk
66.249.66.196 - - [23/Jan/2012:04:31:33 +0000] "GET / HTTP/1.1" 304 - "-" "Mozilla/5.0 (compatible; Googlebot/2.1; +http://www.google.com/bot.html)" masi.dk
66.249.66.196 - - [23/Jan/2012:06:16:22 +0000] "GET /Science%20of%20M%20A%20S%20I.htm HTTP/1.1" 304 - "-" "Mozilla/5.0 (compatible; Googlebot/2.1; +http://www.google.com/bot.html)" masi.dk
66.249.71.118 - - [23/Jan/2012:07:07:50 +0000] "GET /April_2006.htm HTTP/1.1" 200 804396 "-" "Mozilla/5.0 (iPhone; U; CPU iPhone OS 4_1 like Mac OS X; en-us) AppleWebKit/532.9 (KHTML, like Gecko) Version/4.0.5 Mobile/8B117 Safari/6531.22.7 (compatible; Googlebot-Mobile/2.1; +http://www.google.com/bot.html)" www.masi.dk
66.249.66.9 - - [23/Jan/2012:07:08:01 +0000] "GET /robots.txt HTTP/1.1" 404 208 "-" "Mozilla/5.0 (compatible; Googlebot/2.1; +http://www.google.com/bot.html)" www.masi.dk
66.249.66.9 - - [23/Jan/2012:07:08:01 +0000] "GET /April_2008.htm HTTP/1.1" 404 212 "-" "Mozilla/5.0 (iPhone; U; CPU iPhone OS 4_1 like Mac OS X; en-us) AppleWebKit/532.9 (KHTML, like Gecko) Version/4.0.5 Mobile/8B117 Safari/6531.22.7 (compatible; Googlebot-Mobile/2.1; +http://www.google.com/bot.html)" www.masi.dk
195.47.247.42 - - [23/Jan/2012:07:10:44 +0000] "GET / HTTP/1.1" 200 102436 "-" "OneDotComLatencyTester/1.0" www.masi.dk
195.47.247.42 - - [23/Jan/2012:07:10:44 +0000] "GET / HTTP/1.1" 200 102436 "-" "OneDotComLatencyTester/1.0" www.masi.dk
208.80.194.30 - - [23/Jan/2012:09:02:40 +0000] "GET / HTTP/1.0" 200 102436 "-" "Mozilla/4.0 (compatible; MSIE 7.0; Windows NT 5.1; .NET CLR 1.0.3705; .NET CLR 1.1.4322; Media Center PC 4.0; .NET CLR 2.0.50727; Hotbar 10.0.356.0)" www.masi.dk
208.80.194.30 - - [23/Jan/2012:09:02:41 +0000] "GET /./fphover.class HTTP/1.0" 200 9328 "-" "Mozilla/4.0 (compatible; MSIE 6.0; Windows NT 5.1; SV1; .NET CLR 2.0.50928)" masi.dk
77.68.140.27 - - [23/Jan/2012:12:14:00 +0000] "GET / HTTP/1.1" 200 102436 "-" "Mozilla/4.0 (compatible; MSIE 8.0; Windows NT 5.1; Trident/4.0; .NET CLR 1.1.4322; .NET CLR 2.0.50727; .NET CLR 3.0.04506.30; .NET CLR 3.0.04506.648; .NET CLR 3.0.4506.2152; .NET CLR 3.5.30729)" masi.dk
77.68.140.27 - - [23/Jan/2012:12:14:04 +0000] "GET /Thesis-filer/oversi33_31.jpg HTTP/1.1" 200 10549 "http://masi.dk/" "Mozilla/4.0 (compatible; MSIE 8.0; Windows NT 5.1; Trident/4.0; .NET CLR 1.1.4322; .NET CLR 2.0.50727; .NET CLR 3.0.04506.30; .NET CLR 3.0.04506.648; .NET CLR 3.0.4506.2152; .NET CLR 3.5.30729)" masi.dk
77.68.140.27 - - [23/Jan/2012:12:14:04 +0000] "GET /Thesis-filer/HJ_v_s.jpg HTTP/1.1" 200 3509 "http://masi.dk/" "Mozilla/4.0 (compatible; MSIE 8.0; Windows NT 5.1; Trident/4.0; .NET CLR 1.1.4322; .NET CLR 2.0.50727; .NET CLR 3.0.04506.30; .NET CLR 3.0.04506.648; .NET CLR 3.0.4506.2152; .NET CLR 3.5.30729)" masi.dk
77.68.140.27 - - [23/Jan/2012:12:14:04 +0000] "GET /Thesis-filer/Timesm.jpg HTTP/1.1" 200 11464 "http://masi.dk/" "Mozilla/4.0 (compatible; MSIE 8.0; Windows NT 5.1; Trident/4.0; .NET CLR 1.1.4322; .NET CLR 2.0.50727; .NET CLR 3.0.04506.30; .NET CLR 3.0.04506.648; .NET CLR 3.0.4506.2152; .NET CLR 3.5.30729)" masi.dk
77.68.140.27 - - [23/Jan/2012:12:14:04 +0000] "GET /Thesis-filer/Varism.jpg HTTP/1.1" 200 12504 "http://masi.dk/" "Mozilla/4.0 (compatible; MSIE 8.0; Windows NT 5.1; Trident/4.0; .NET CLR 1.1.4322; .NET CLR 2.0.50727; .NET CLR 3.0.04506.30; .NET CLR 3.0.04506.648; .NET CLR 3.0.4506.2152; .NET CLR 3.5.30729)" masi.dk
77.68.140.27 - - [23/Jan/2012:12:14:04 +0000] "GET /Thesis-filer/hourly_usage_200508.png HTTP/1.1" 200 18446 "http://masi.dk/" "Mozilla/4.0 (compatible; MSIE 8.0; Windows NT 5.1; Trident/4.0; .NET CLR 1.1.4322; .NET CLR 2.0.50727; .NET CLR 3.0.04506.30; .NET CLR 3.0.04506.648; .NET CLR 3.0.4506.2152; .NET CLR 3.5.30729)" masi.dk
77.68.140.27 - - [23/Jan/2012:12:14:04 +0000] "GET /Thesis-filer/Sensm.jpg HTTP/1.1" 200 11641 "http://masi.dk/" "Mozilla/4.0 (compatible; MSIE 8.0; Windows NT 5.1; Trident/4.0; .NET CLR 1.1.4322; .NET CLR 2.0.50727; .NET CLR 3.0.04506.30; .NET CLR 3.0.04506.648; .NET CLR 3.0.4506.2152; .NET CLR 3.5.30729)" masi.dk
77.68.140.27 - - [23/Jan/2012:12:14:04 +0000] "GET /Thesis-filer/stattotal.jpg HTTP/1.1" 200 19797 "http://masi.dk/" "Mozilla/4.0 (compatible; MSIE 8.0; Windows NT 5.1; Trident/4.0; .NET CLR 1.1.4322; .NET CLR 2.0.50727; .NET CLR 3.0.04506.30; .NET CLR 3.0.04506.648; .NET CLR 3.0.4506.2152; .NET CLR 3.5.30729)" masi.dk
77.68.140.27 - - [23/Jan/2012:12:14:04 +0000] "GET /Thesis-filer/hourly_usage_200510.png HTTP/1.1" 200 18736 "http://masi.dk/" "Mozilla/4.0 (compatible; MSIE 8.0; Windows NT 5.1; Trident/4.0; .NET CLR 1.1.4322; .NET CLR 2.0.50727; .NET CLR 3.0.04506.30; .NET CLR 3.0.04506.648; .NET CLR 3.0.4506.2152; .NET CLR 3.5.30729)" masi.dk
77.68.140.27 - - [23/Jan/2012:12:14:04 +0000] "GET /Thesis-filer/hourly_usage_200509.png HTTP/1.1" 200 18703 "http://masi.dk/" "Mozilla/4.0 (compatible; MSIE 8.0; Windows NT 5.1; Trident/4.0; .NET CLR 1.1.4322; .NET CLR 2.0.50727; .NET CLR 3.0.04506.30; .NET CLR 3.0.04506.648; .NET CLR 3.0.4506.2152; .NET CLR 3.5.30729)" masi.dk
77.68.140.27 - - [23/Jan/2012:12:14:04 +0000] "GET /Thesis-filer/hourly_usage_200512.png HTTP/1.1" 200 18967 "http://masi.dk/" "Mozilla/4.0 (compatible; MSIE 8.0; Windows NT 5.1; Trident/4.0; .NET CLR 1.1.4322; .NET CLR 2.0.50727; .NET CLR 3.0.04506.30; .NET CLR 3.0.04506.648; .NET CLR 3.0.4506.2152; .NET CLR 3.5.30729)" masi.dk
77.68.140.27 - - [23/Jan/2012:12:14:04 +0000] "GET /Thesis-filer/hourly_usage_200511.png HTTP/1.1" 200 19001 "http://masi.dk/" "Mozilla/4.0 (compatible; MSIE 8.0; Windows NT 5.1; Trident/4.0; .NET CLR 1.1.4322; .NET CLR 2.0.50727; .NET CLR 3.0.04506.30; .NET CLR 3.0.04506.648; .NET CLR 3.0.4506.2152; .NET CLR 3.5.30729)" masi.dk
77.68.140.27 - - [23/Jan/2012:12:14:04 +0000] "GET /favicon.ico HTTP/1.1" 404 209 "-" "Mozilla/4.0 (compatible; MSIE 8.0; Windows NT 5.1; Trident/4.0; .NET CLR 1.1.4322; .NET CLR 2.0.50727; .NET CLR 3.0.04506.30; .NET CLR 3.0.04506.648; .NET CLR 3.0.4506.2152; .NET CLR 3.5.30729)" masi.dk
77.68.140.27 - - [23/Jan/2012:12:14:04 +0000] "GET /fphover.class HTTP/1.1" 200 9328 "-" "Mozilla/4.0 (Windows XP 5.1) Java/1.6.0_29" masi.dk
77.68.140.27 - - [23/Jan/2012:12:14:04 +0000] "GET /fphoverx.class HTTP/1.1" 200 1476 "-" "Mozilla/4.0 (Windows XP 5.1) Java/1.6.0_29" www.masi.dk
207.46.199.50 - - [23/Jan/2012:12:39:10 +0000] "GET /robots.txt HTTP/1.1" 404 208 "-" "Mozilla/5.0 (compatible; bingbot/2.0; +http://www.bing.com/bingbot.htm)" www.masi.dk
207.46.199.50 - - [23/Jan/2012:12:39:53 +0000] "GET / HTTP/1.1" 304 - "-" "Mozilla/5.0 (compatible; bingbot/2.0; +http://www.bing.com/bingbot.htm)" www.masi.dk
208.115.111.67 - - [23/Jan/2012:14:21:01 +0000] "GET /robots.txt HTTP/1.1" 404 208 "-" "Mozilla/5.0 (compatible; Ezooms/1.0; ezooms.bot@gmail.com)" masi.dk
74.125.16.155 - - [23/Jan/2012:14:29:25 +0000] "GET /Science%20of%20M%20A%20S%20I.htm HTTP/1.1" 200 166955 "http://www.google.com/search" "Mozilla/5.0 (X11; Linux x86_64) AppleWebKit/534.51 (KHTML, like Gecko; Google Web Preview) Chrome/12.0.742 Safari/534.51" masi.dk
74.125.16.156 - - [23/Jan/2012:14:29:25 +0000] "GET /Thesis-filer/HJ_v_s.jpg HTTP/1.1" 200 3509 "http://masi.dk/Science%20of%20M%20A%20S%20I.htm" "Mozilla/5.0 (X11; Linux x86_64) AppleWebKit/534.51 (KHTML, like Gecko; Google Web Preview) Chrome/12.0.742 Safari/534.51" masi.dk
74.125.16.147 - - [23/Jan/2012:14:29:25 +0000] "GET /Thesis-filer/proof.jpg HTTP/1.1" 200 119617 "http://masi.dk/Science%20of%20M%20A%20S%20I.htm" "Mozilla/5.0 (X11; Linux x86_64) AppleWebKit/534.51 (KHTML, like Gecko; Google Web Preview) Chrome/12.0.742 Safari/534.51" masi.dk
74.125.16.146 - - [23/Jan/2012:14:29:25 +0000] "GET /Thesis-filer/MouThesis.JPG HTTP/1.1" 200 150270 "http://masi.dk/Science%20of%20M%20A%20S%20I.htm" "Mozilla/5.0 (X11; Linux x86_64) AppleWebKit/534.51 (KHTML, like Gecko; Google Web Preview) Chrome/12.0.742 Safari/534.51" www.masi.dk
109.230.245.245 - - [23/Jan/2012:15:11:46 +0000] "GET /July_2006.htm HTTP/1.0" 200 770118 "http://www.masi.dk/July_2006.htm" "Mozilla/4.0 (compatible; MSIE 6.0; Windows ME) Opera 7.11 [en]" www.masi.dk
208.115.111.67 - - [23/Jan/2012:15:52:30 +0000] "GET /August_2007.htm HTTP/1.1" 200 786932 "-" "Mozilla/5.0 (compatible; Ezooms/1.0; ezooms.bot@gmail.com)" masi.dk
31.23.182.246 - - [23/Jan/2012:15:57:27 +0000] "GET /April_2011.htm HTTP/1.1" 200 544444 "http://daricars.erlegen.de" "Mozilla/5.0 (Windows; U; Windows NT 5.1; en-US; rv:1.9.2.3) Gecko/20100401 Firefox/3.6.3" masi.dk
31.23.182.246 - - [23/Jan/2012:15:57:33 +0000] "GET /April_2011.htm HTTP/1.1" 200 544444 "-" "Mozilla/5.0 (Windows; U; Windows NT 5.1; en-US; rv:1.9.2.3) Gecko/20100401 Firefox/3.6.3" www.masi.dk
66.249.71.71 - - [23/Jan/2012:16:12:22 +0000] "GET /robots.txt HTTP/1.1" 404 208 "-" "Mozilla/5.0 (compatible; Googlebot/2.1; +http://www.google.com/bot.html)" www.masi.dk
66.249.66.9 - - [23/Jan/2012:16:12:22 +0000] "GET /Thesis-filer/Image111.gif HTTP/1.1" 304 - "-" "Googlebot-Image/1.0" masi.dk
220.161.150.114 - - [23/Jan/2012:16:34:11 +0000] "GET /Science%2520of%2520M%2520A%2520S%2520I.htm HTTP/1.0" 404 230 "http://masi.dk/Science%2520of%2520M%2520A%2520S%2520I.htm" "Mozilla/4.0 (compatible; MSIE 6.0; Windows NT 5.2; Win64; x64; SV1; .NET CLR 2.0.50727)" masi.dk
220.161.150.114 - - [23/Jan/2012:16:34:12 +0000] "GET / HTTP/1.0" 200 102436 "http://masi.dk/" "Mozilla/4.0 (compatible; MSIE 6.0; Windows NT 5.2; Win64; x64; SV1; .NET CLR 2.0.50727)" masi.dk
1.234.5.209 - - [23/Jan/2012:17:27:48 +0000] "GET /August_2007.htm HTTP/1.0" 200 786932 "-" "Mozilla/4.0 (compatible; MSIE 6.0; Windows NT 5.1; SV1; .NET CLR 1.1.4322; LYCOSA; http://lycosa.se)" www.masi.dk
195.47.247.42 - - [23/Jan/2012:19:31:17 +0000] "GET / HTTP/1.1" 200 102436 "-" "OneDotComLatencyTester/1.0" www.masi.dk
195.47.247.42 - - [23/Jan/2012:19:31:17 +0000] "GET / HTTP/1.1" 200 102436 "-" "OneDotComLatencyTester/1.0" masi.dk
208.80.194.27 - - [23/Jan/2012:19:33:58 +0000] "GET /tfxyc/accomodation.php HTTP/1.0" 404 220 "-" "Mozilla/4.0 (compatible; MSIE 6.0; Windows NT 5.1; {0E94AAFC-E147-D1FC-9F66-4BC6B9AA7F38})" www.masi.dk
76.72.167.164 - - [23/Jan/2012:19:38:51 +0000] "GET /robots.txt HTTP/1.0" 404 208 "-" "Mozilla/5.0 (compatible; MJ12bot/v1.4.1; http://www.majestic12.co.uk/bot.php?+)" www.masi.dk
76.72.167.164 - - [23/Jan/2012:19:38:53 +0000] "GET / HTTP/1.0" 200 102436 "-" "Mozilla/5.0 (compatible; MJ12bot/v1.4.1; http://www.majestic12.co.uk/bot.php?+)" masi.dk
66.249.66.196 - - [23/Jan/2012:20:04:39 +0000] "GET /robots.txt HTTP/1.1" 404 208 "-" "Mozilla/5.0 (compatible; Googlebot/2.1; +http://www.google.com/bot.html)" masi.dk
66.249.66.196 - - [23/Jan/2012:20:04:40 +0000] "GET /Copyrigth%20of%20H.%20Jessen:%20Programm%20-%20files/Source%20in%20DOS%20C/FILCHECK.C HTTP/1.1" 404 265 "-" "Mozilla/5.0 (compatible; Googlebot/2.1; +http://www.google.com/bot.html)" masi.dk
96.244.85.46 - - [23/Jan/2012:20:56:33 +0000] "GET /Thesis-filer/MouThesis.JPG HTTP/1.1" 200 150270 "http://www.lizadavitch.com/nskdcj/Watch-Milk-Junkies" "Mozilla/5.0 (Windows NT 6.1; WOW64) AppleWebKit/534.51.22 (KHTML, like Gecko) Version/5.1.1 Safari/534.51.22" www.masi.dk
95.108.150.235 - - [23/Jan/2012:21:04:06 +0000] "GET /robots.txt HTTP/1.1" 404 208 "-" "Mozilla/5.0 (compatible; YandexBot/3.0; +http://yandex.com/bots)" masi.dk
95.108.150.235 - - [23/Jan/2012:21:04:07 +0000] "GET /robots.txt HTTP/1.1" 404 208 "-" "Mozilla/5.0 (compatible; YandexBot/3.0; +http://yandex.com/bots)" www.masi.dk
95.108.150.235 - - [23/Jan/2012:21:04:07 +0000] "GET / HTTP/1.1" 200 102436 "-" "Mozilla/5.0 (compatible; YandexBot/3.0; +http://yandex.com/bots)" www.masi.dk
95.108.150.235 - - [23/Jan/2012:21:04:08 +0000] "GET / HTTP/1.1" 200 102436 "-" "Mozilla/5.0 (compatible; YandexBot/3.0; +http://yandex.com/bots)" masi.dk
95.108.150.235 - - [23/Jan/2012:21:04:09 +0000] "GET / HTTP/1.1" 200 102436 "-" "Mozilla/5.0 (compatible; YandexBot/3.0; +http://yandex.com/bots)" masi.dk
95.108.150.235 - - [23/Jan/2012:21:04:10 +0000] "GET / HTTP/1.1" 200 102436 "-" "Mozilla/5.0 (compatible; YandexBot/3.0; +http://yandex.com/bots)" masi.dk
123.125.71.26 - - [23/Jan/2012:21:05:07 +0000] "GET /April_2011.htm HTTP/1.1" 200 544444 "-" "Mozilla/5.0 (compatible; Baiduspider/2.0; +http://www.baidu.com/search/spider.html)" www.masi.dk
123.125.71.103 - - [23/Jan/2012:22:14:55 +0000] "GET /August_2005.htm HTTP/1.1" 200 776208 "-" "Mozilla/5.0 (compatible; Baiduspider/2.0; +http://www.baidu.com/search/spider.html)" masi.dk
46.4.130.29 - - [24/Jan/2012:01:10:36 +0000] "GET / HTTP/1.1" 200 102436 "-" "Mozilla/5.0 (X11; U; Linux i686; en-US; rv:1.9.2.24) Gecko/20111108 Fedora/3.6.24-1.fc14 Firefox/3.6.24" www.masi.dk
178.154.160.30 - - [24/Jan/2012:05:08:11 +0000] "GET /robots.txt HTTP/1.1" 404 208 "-" "Mozilla/5.0 (compatible; YandexBot/3.0; +http://yandex.com/bots)" www.masi.dk
178.154.160.30 - - [24/Jan/2012:05:08:13 +0000] "GET /Program%20Manual.htm HTTP/1.1" 200 115425 "-" "Mozilla/5.0 (compatible; YandexBot/3.0; +http://yandex.com/bots)" www.masi.dk
178.154.160.30 - - [24/Jan/2012:05:08:16 +0000] "GET /November_2009.htm HTTP/1.1" 304 - "-" "Mozilla/5.0 (compatible; YandexBot/3.0; +http://yandex.com/bots)" www.masi.dk
66.249.71.71 - - [24/Jan/2012:05:29:37 +0000] "GET /robots.txt HTTP/1.1" 404 208 "-" "Mozilla/5.0 (compatible; Googlebot/2.1; +http://www.google.com/bot.html)" www.masi.dk
66.249.66.9 - - [24/Jan/2012:05:29:37 +0000] "GET /Thesis-filer/image004.jpg HTTP/1.1" 304 - "-" "Googlebot-Image/1.0" masi.dk
208.80.194.30 - - [24/Jan/2012:06:07:42 +0000] "GET / HTTP/1.0" 200 102436 "-" "Mozilla/4.0 (compatible; MSIE 6.0; Windows NT 5.1; SV1; .NET CLR 2.0.50727; MSN 9.0;MSN 9.1; MSNbVZ02; MSNmen-us; MSNcOTH)" masi.dk
208.80.194.30 - - [24/Jan/2012:06:07:44 +0000] "GET /./fphover.class HTTP/1.0" 200 9328 "-" "Mozilla/4.0 (compatible; MSIE 7.0; AOL 9.0; Windows NT 5.1; FunWebProducts; SpamBlockerUtility 4.8.0; ImageShack Toolbar 4.0.6)" www.masi.dk
195.47.247.42 - - [24/Jan/2012:07:59:01 +0000] "GET / HTTP/1.1" 200 102436 "-" "OneDotComLatencyTester/1.0" www.masi.dk
195.47.247.42 - - [24/Jan/2012:07:59:01 +0000] "GET / HTTP/1.1" 200 102436 "-" "OneDotComLatencyTester/1.0" www.masi.dk
178.154.160.30 - - [24/Jan/2012:08:02:34 +0000] "GET /July_2006.htm HTTP/1.1" 200 770118 "-" "Mozilla/5.0 (compatible; YandexBot/3.0; +http://yandex.com/bots)" www.masi.dk
84.86.53.78 - - [24/Jan/2012:08:35:29 +0000] "GET /Thesis-filer/HJ_v_s.jpg HTTP/1.1" 200 3509 "http://www.google.nl/search?q=michiel+bressers+erp&hl=nl&client=safari&tbo=d&source=lnms&tbm=isch&ei=9mweT_DEM87n-ga83O00&sa=X&oi=mode_link&ct=mode&cd=2&ved=0CAcQ_AUoATgK&biw=1024&bih=672" "Mozilla/5.0 (iPad; CPU OS 5_0_1 like Mac OS X) AppleWebKit/534.46 (KHTML, like Gecko) Version/5.1 Mobile/9A405 Safari/7534.48.3" masi.dk
222.76.210.23 - - [24/Jan/2012:09:26:25 +0000] "GET /Science%2520of%2520M%2520A%2520S%2520I.htm HTTP/1.0" 404 230 "http://uggsoutletstoreonlinesale.net" "Opera/9.00 (Windows NT 4.0; U; en)" masi.dk
222.76.210.23 - - [24/Jan/2012:09:26:26 +0000] "GET / HTTP/1.0" 200 102436 "http://masi.dk/" "Opera/9.00 (Windows NT 4.0; U; en)" masi.dk
62.212.73.211 - - [24/Jan/2012:09:42:42 +0000] "GET /robots.txt HTTP/1.0" 404 208 "-" "Mozilla/5.0 (compatible; MJ12bot/v1.4.1; http://www.majestic12.co.uk/bot.php?+)" masi.dk
62.212.73.211 - - [24/Jan/2012:09:42:44 +0000] "GET / HTTP/1.0" 200 102436 "-" "Mozilla/5.0 (compatible; MJ12bot/v1.4.1; http://www.majestic12.co.uk/bot.php?+)" masi.dk
66.249.71.118 - - [24/Jan/2012:09:44:00 +0000] "GET /robots.txt HTTP/1.1" 404 208 "-" "Mozilla/5.0 (compatible; Googlebot/2.1; +http://www.google.com/bot.html)" masi.dk
66.249.66.196 - - [24/Jan/2012:09:44:00 +0000] "GET /Thesis-filer/HJ_v_s.jpg HTTP/1.1" 304 - "-" "Googlebot-Image/1.0" www.masi.dk
178.154.160.30 - - [24/Jan/2012:09:59:37 +0000] "GET /Thesis_partB.htm HTTP/1.1" 200 1165734 "-" "Mozilla/5.0 (compatible; YandexBot/3.0; +http://yandex.com/bots)" www.masi.dk
178.154.160.30 - - [24/Jan/2012:10:29:04 +0000] "GET /Thesis.htm HTTP/1.1" 200 1281530 "-" "Mozilla/5.0 (compatible; YandexBot/3.0; +http://yandex.com/bots)" www.masi.dk
188.127.226.151 - - [24/Jan/2012:12:13:09 +0000] "GET /August_2008.htm HTTP/1.1" 200 966095 "-" "Mozilla/4.0 (compatible; MSIE 6.0; Windows NT 5.1; SV1)" www.masi.dk
178.154.160.30 - - [24/Jan/2012:12:16:29 +0000] "GET /August_2008.htm HTTP/1.1" 200 966095 "-" "Mozilla/5.0 (compatible; YandexBot/3.0; +http://yandex.com/bots)" www.masi.dk
116.90.87.2 - - [24/Jan/2012:12:42:38 +0000] "GET /August_2007.htm HTTP/1.1" 200 786932 "-" "Mozilla/4.0 (compatible; MSIE 6.0; Windows NT 5.1; SV1)" www.masi.dk
180.76.6.227 - - [24/Jan/2012:13:03:59 +0000] "GET / HTTP/1.1" 304 - "-" "Mozilla/5.0 (compatible; Baiduspider/2.0; +http://www.baidu.com/search/spider.html)" masi.dk
86.96.226.89 - - [24/Jan/2012:13:42:59 +0000] "GET / HTTP/1.1" 200 102436 "-" "Mozilla/5.0 (iPhone; CPU iPhone OS 5_0_1 like Mac OS X) AppleWebKit/534.46 (KHTML, like Gecko) Version/5.1 Mobile/9A405 Safari/7534.48.3" masi.dk
86.96.226.89 - - [24/Jan/2012:13:43:00 +0000] "GET /Thesis-filer/Sensm.jpg HTTP/1.1" 200 11641 "http://masi.dk/" "Mozilla/5.0 (iPhone; CPU iPhone OS 5_0_1 like Mac OS X) AppleWebKit/534.46 (KHTML, like Gecko) Version/5.1 Mobile/9A405 Safari/7534.48.3" masi.dk
86.96.228.84 - - [24/Jan/2012:13:43:00 +0000] "GET /Thesis-filer/HJ_v_s.jpg HTTP/1.1" 200 3509 "http://masi.dk/" "Mozilla/5.0 (iPhone; CPU iPhone OS 5_0_1 like Mac OS X) AppleWebKit/534.46 (KHTML, like Gecko) Version/5.1 Mobile/9A405 Safari/7534.48.3" masi.dk
86.96.226.88 - - [24/Jan/2012:13:43:01 +0000] "GET /Thesis-filer/Varism.jpg HTTP/1.1" 200 12504 "http://masi.dk/" "Mozilla/5.0 (iPhone; CPU iPhone OS 5_0_1 like Mac OS X) AppleWebKit/534.46 (KHTML, like Gecko) Version/5.1 Mobile/9A405 Safari/7534.48.3" masi.dk
86.96.226.87 - - [24/Jan/2012:13:43:01 +0000] "GET /Thesis-filer/oversi33_31.jpg HTTP/1.1" 200 10549 "http://masi.dk/" "Mozilla/5.0 (iPhone; CPU iPhone OS 5_0_1 like Mac OS X) AppleWebKit/534.46 (KHTML, like Gecko) Version/5.1 Mobile/9A405 Safari/7534.48.3" masi.dk
86.96.226.88 - - [24/Jan/2012:13:43:01 +0000] "GET /Thesis-filer/hourly_usage_200509.png HTTP/1.1" 200 18703 "http://masi.dk/" "Mozilla/5.0 (iPhone; CPU iPhone OS 5_0_1 like Mac OS X) AppleWebKit/534.46 (KHTML, like Gecko) Version/5.1 Mobile/9A405 Safari/7534.48.3" masi.dk
86.96.228.85 - - [24/Jan/2012:13:43:01 +0000] "GET /Thesis-filer/Timesm.jpg HTTP/1.1" 200 11464 "http://masi.dk/" "Mozilla/5.0 (iPhone; CPU iPhone OS 5_0_1 like Mac OS X) AppleWebKit/534.46 (KHTML, like Gecko) Version/5.1 Mobile/9A405 Safari/7534.48.3" masi.dk
86.96.226.87 - - [24/Jan/2012:13:43:01 +0000] "GET /Thesis-filer/hourly_usage_200510.png HTTP/1.1" 200 18736 "http://masi.dk/" "Mozilla/5.0 (iPhone; CPU iPhone OS 5_0_1 like Mac OS X) AppleWebKit/534.46 (KHTML, like Gecko) Version/5.1 Mobile/9A405 Safari/7534.48.3" masi.dk
86.96.228.85 - - [24/Jan/2012:13:43:01 +0000] "GET /Thesis-filer/stattotal.jpg HTTP/1.1" 200 19797 "http://masi.dk/" "Mozilla/5.0 (iPhone; CPU iPhone OS 5_0_1 like Mac OS X) AppleWebKit/534.46 (KHTML, like Gecko) Version/5.1 Mobile/9A405 Safari/7534.48.3" masi.dk
86.96.228.85 - - [24/Jan/2012:13:43:01 +0000] "GET /Thesis-filer/hourly_usage_200511.png HTTP/1.1" 200 19001 "http://masi.dk/" "Mozilla/5.0 (iPhone; CPU iPhone OS 5_0_1 like Mac OS X) AppleWebKit/534.46 (KHTML, like Gecko) Version/5.1 Mobile/9A405 Safari/7534.48.3" masi.dk
86.96.226.89 - - [24/Jan/2012:13:43:01 +0000] "GET /Thesis-filer/hourly_usage_200512.png HTTP/1.1" 200 18967 "http://masi.dk/" "Mozilla/5.0 (iPhone; CPU iPhone OS 5_0_1 like Mac OS X) AppleWebKit/534.46 (KHTML, like Gecko) Version/5.1 Mobile/9A405 Safari/7534.48.3" masi.dk
86.96.228.85 - - [24/Jan/2012:13:43:01 +0000] "GET /Thesis-filer/hourly_usage_200508.png HTTP/1.1" 200 18446 "http://masi.dk/" "Mozilla/5.0 (iPhone; CPU iPhone OS 5_0_1 like Mac OS X) AppleWebKit/534.46 (KHTML, like Gecko) Version/5.1 Mobile/9A405 Safari/7534.48.3" www.masi.dk
178.154.160.30 - - [24/Jan/2012:14:09:03 +0000] "GET /August_2005.htm HTTP/1.1" 200 776208 "-" "Mozilla/5.0 (compatible; YandexBot/3.0; +http://yandex.com/bots)" www.masi.dk
66.249.66.9 - - [24/Jan/2012:14:19:41 +0000] "GET /August_2007.htm HTTP/1.1" 304 - "-" "Mozilla/5.0 (compatible; Googlebot/2.1; +http://www.google.com/bot.html)" www.masi.dk
178.154.160.30 - - [24/Jan/2012:16:01:07 +0000] "GET /April_2006.htm HTTP/1.1" 200 804396 "-" "Mozilla/5.0 (compatible; YandexBot/3.0; +http://yandex.com/bots)" www.masi.dk
203.98.175.190 - - [24/Jan/2012:17:01:34 +0000] "GET /muieblackcat HTTP/1.1" 404 210 "-" "-" www.masi.dk
203.98.175.190 - - [24/Jan/2012:17:01:35 +0000] "GET //index.php HTTP/1.1" 404 207 "-" "-" www.masi.dk
203.98.175.190 - - [24/Jan/2012:17:01:35 +0000] "GET //admin/index.php HTTP/1.1" 404 213 "-" "-" www.masi.dk
203.98.175.190 - - [24/Jan/2012:17:01:36 +0000] "GET //admin/pma/index.php HTTP/1.1" 404 217 "-" "-" www.masi.dk
203.98.175.190 - - [24/Jan/2012:17:01:39 +0000] "GET //db/index.php HTTP/1.1" 404 210 "-" "-" www.masi.dk
203.98.175.190 - - [24/Jan/2012:17:01:40 +0000] "GET //dbadmin/index.php HTTP/1.1" 404 215 "-" "-" www.masi.dk
203.98.175.190 - - [24/Jan/2012:17:01:46 +0000] "GET //mysqladmin/index.php HTTP/1.1" 404 218 "-" "-" www.masi.dk
203.98.175.190 - - [24/Jan/2012:17:01:47 +0000] "GET //typo3/phpmyadmin/index.php HTTP/1.1" 404 224 "-" "-" www.masi.dk
203.98.175.190 - - [24/Jan/2012:17:01:50 +0000] "GET //phpMyAdmin/index.php HTTP/1.1" 404 218 "-" "-" www.masi.dk
203.98.175.190 - - [24/Jan/2012:17:01:51 +0000] "GET //phpmyadmin/index.php HTTP/1.1" 404 218 "-" "-" www.masi.dk
203.98.175.190 - - [24/Jan/2012:17:01:51 +0000] "GET //phpmyadmin1/index.php HTTP/1.1" 404 219 "-" "-" www.masi.dk
203.98.175.190 - - [24/Jan/2012:17:01:52 +0000] "GET //phpmyadmin2/index.php HTTP/1.1" 404 219 "-" "-" www.masi.dk
203.98.175.190 - - [24/Jan/2012:17:01:52 +0000] "GET //pma/index.php HTTP/1.1" 404 211 "-" "-" www.masi.dk
203.98.175.190 - - [24/Jan/2012:17:01:53 +0000] "GET //web/phpMyAdmin/index.php HTTP/1.1" 404 222 "-" "-" www.masi.dk
203.98.175.190 - - [24/Jan/2012:17:01:53 +0000] "GET //xampp/phpmyadmin/index.php HTTP/1.1" 404 224 "-" "-" www.masi.dk
203.98.175.190 - - [24/Jan/2012:17:01:54 +0000] "GET //web/index.php HTTP/1.1" 404 211 "-" "-" www.masi.dk
203.98.175.190 - - [24/Jan/2012:17:01:54 +0000] "GET //php-my-admin/index.php HTTP/1.1" 404 220 "-" "-" www.masi.dk
203.98.175.190 - - [24/Jan/2012:17:02:01 +0000] "GET //phpMyAdmin/index.php HTTP/1.1" 404 218 "-" "-" www.masi.dk
203.98.175.190 - - [24/Jan/2012:17:02:01 +0000] "GET //phpMyAdmin-2/index.php HTTP/1.1" 404 220 "-" "-" www.masi.dk
203.98.175.190 - - [24/Jan/2012:17:02:02 +0000] "GET //php-my-admin/index.php HTTP/1.1" 404 220 "-" "-" www.masi.dk
203.98.175.190 - - [24/Jan/2012:17:02:02 +0000] "GET //phpMyAdmin-2.2.3/index.php HTTP/1.1" 404 224 "-" "-" www.masi.dk
203.98.175.190 - - [24/Jan/2012:17:02:03 +0000] "GET //phpMyAdmin-2.2.6/index.php HTTP/1.1" 404 224 "-" "-" www.masi.dk
203.98.175.190 - - [24/Jan/2012:17:02:03 +0000] "GET //phpMyAdmin-2.5.1/index.php HTTP/1.1" 404 224 "-" "-" www.masi.dk
203.98.175.190 - - [24/Jan/2012:17:02:04 +0000] "GET //phpMyAdmin-2.5.5-rc1/index.php HTTP/1.1" 404 228 "-" "-" www.masi.dk
203.98.175.190 - - [24/Jan/2012:17:02:04 +0000] "GET //phpMyAdmin-2.5.5-rc2/index.php HTTP/1.1" 404 228 "-" "-" www.masi.dk
203.98.175.190 - - [24/Jan/2012:17:02:05 +0000] "GET //phpMyAdmin-2.5.5/index.php HTTP/1.1" 404 224 "-" "-" www.masi.dk
203.98.175.190 - - [24/Jan/2012:17:02:11 +0000] "GET //phpMyAdmin-2.5.6-rc2/index.php HTTP/1.1" 404 228 "-" "-" www.masi.dk
203.98.175.190 - - [24/Jan/2012:17:02:12 +0000] "GET //phpMyAdmin-2.5.6/index.php HTTP/1.1" 404 224 "-" "-" www.masi.dk
203.98.175.190 - - [24/Jan/2012:17:02:12 +0000] "GET //phpMyAdmin-2.5.7/index.php HTTP/1.1" 404 224 "-" "-" www.masi.dk
203.98.175.190 - - [24/Jan/2012:17:02:13 +0000] "GET //phpMyAdmin-2.5.7-pl1/index.php HTTP/1.1" 404 228 "-" "-" www.masi.dk
178.154.160.30 - - [24/Jan/2012:18:43:16 +0000] "GET /Thesis.htm HTTP/1.1" 200 1281530 "-" "Mozilla/5.0 (compatible; YandexBot/3.0; +http://yandex.com/bots)" www.masi.dk
80.72.152.152 - - [24/Jan/2012:18:47:54 +0000] "GET /Thesis-filer/image002.jpg HTTP/1.1" 200 31951 "http://www.google.com/imgres?q=dupont+pyramide+%C3%B8konomi+site:dk&um=1&hl=en&client=firefox-a&hs=396&rls=org.mozilla:da:official&biw=847&bih=770&tbm=isch&tbnid=DIxRah8gwvKBNM:&imgrefurl=http://www.masi.dk/Thesis.htm&docid=12sXIhTRFaLAOM&itg=1&imgurl=http://www.masi.dk/Thesis-filer/image002.jpg&w=566&h=832&ei=0vweT6nBBNH8sgaaorG1DA&zoom=1" "Mozilla/5.0 (Windows NT 6.1; WOW64; rv:9.0.1) Gecko/20100101 Firefox/9.0.1" www.masi.dk
80.72.152.152 - - [24/Jan/2012:18:47:54 +0000] "GET /Thesis.htm HTTP/1.1" 200 1281530 "http://www.google.com/imgres?q=dupont+pyramide+%C3%B8konomi+site:dk&um=1&hl=en&client=firefox-a&hs=396&rls=org.mozilla:da:official&biw=847&bih=770&tbm=isch&tbnid=DIxRah8gwvKBNM:&imgrefurl=http://www.masi.dk/Thesis.htm&docid=12sXIhTRFaLAOM&itg=1&imgurl=http://www.masi.dk/Thesis-filer/image002.jpg&w=566&h=832&ei=0vweT6nBBNH8sgaaorG1DA&zoom=1" "Mozilla/5.0 (Windows NT 6.1; WOW64; rv:9.0.1) Gecko/20100101 Firefox/9.0.1" www.masi.dk
80.72.152.152 - - [24/Jan/2012:18:47:58 +0000] "GET /Thesis-filer/image003.gif HTTP/1.1" 200 1955 "http://www.masi.dk/Thesis.htm" "Mozilla/5.0 (Windows NT 6.1; WOW64; rv:9.0.1) Gecko/20100101 Firefox/9.0.1" www.masi.dk
80.72.152.152 - - [24/Jan/2012:18:47:58 +0000] "GET /Thesis-filer/image001.jpg HTTP/1.1" 200 41849 "http://www.masi.dk/Thesis.htm" "Mozilla/5.0 (Windows NT 6.1; WOW64; rv:9.0.1) Gecko/20100101 Firefox/9.0.1" www.masi.dk
80.72.152.152 - - [24/Jan/2012:18:47:58 +0000] "GET /Thesis-filer/image004.jpg HTTP/1.1" 200 148427 "http://www.masi.dk/Thesis.htm" "Mozilla/5.0 (Windows NT 6.1; WOW64; rv:9.0.1) Gecko/20100101 Firefox/9.0.1" www.masi.dk
80.72.152.152 - - [24/Jan/2012:18:48:01 +0000] "GET /fphover.class HTTP/1.1" 200 9328 "-" "Mozilla/4.0 (Windows 7 6.1) Java/1.6.0_29" www.masi.dk
80.72.152.152 - - [24/Jan/2012:18:48:03 +0000] "GET /fphoverx.class HTTP/1.1" 200 1476 "-" "Mozilla/4.0 (Windows 7 6.1) Java/1.6.0_29" masi.dk
123.125.71.108 - - [24/Jan/2012:19:18:42 +0000] "GET / HTTP/1.1" 200 102436 "-" "Mozilla/5.0 (compatible; Baiduspider/2.0; +http://www.baidu.com/search/spider.html)" www.masi.dk
76.72.167.164 - - [24/Jan/2012:20:07:50 +0000] "GET /robots.txt HTTP/1.0" 404 208 "-" "Mozilla/5.0 (compatible; MJ12bot/v1.4.1; http://www.majestic12.co.uk/bot.php?+)" www.masi.dk
76.72.167.164 - - [24/Jan/2012:20:07:51 +0000] "GET / HTTP/1.0" 200 102436 "-" "Mozilla/5.0 (compatible; MJ12bot/v1.4.1; http://www.majestic12.co.uk/bot.php?+)" www.masi.dk
123.125.71.14 - - [24/Jan/2012:20:45:00 +0000] "GET /Thesis.htm HTTP/1.1" 200 1281530 "-" "Mozilla/5.0 (compatible; Baiduspider/2.0; +http://www.baidu.com/search/spider.html)" www.masi.dk
178.154.160.30 - - [24/Jan/2012:20:57:00 +0000] "GET /November_2009.htm HTTP/1.1" 200 974013 "-" "Mozilla/5.0 (compatible; YandexBot/3.0; +http://yandex.com/bots)" www.masi.dk
195.47.247.42 - - [24/Jan/2012:21:13:38 +0000] "GET / HTTP/1.1" 200 102436 "-" "OneDotComLatencyTester/1.0" www.masi.dk
195.47.247.42 - - [24/Jan/2012:21:13:38 +0000] "GET / HTTP/1.1" 200 102436 "-" "OneDotComLatencyTester/1.0" www.masi.dk
66.249.66.9 - - [24/Jan/2012:21:32:59 +0000] "GET /robots.txt HTTP/1.1" 404 208 "-" "Mozilla/5.0 (compatible; Googlebot/2.1; +http://www.google.com/bot.html)" www.masi.dk
66.249.66.9 - - [24/Jan/2012:21:32:59 +0000] "GET /Thesis_partB.htm HTTP/1.1" 200 1165734 "-" "Mozilla/5.0 (iPhone; U; CPU iPhone OS 4_1 like Mac OS X; en-us) AppleWebKit/532.9 (KHTML, like Gecko) Version/4.0.5 Mobile/8B117 Safari/6531.22.7 (compatible; Googlebot-Mobile/2.1; +http://www.google.com/bot.html)" masi.dk
66.249.66.196 - - [24/Jan/2012:21:33:02 +0000] "GET /August_2007.htm HTTP/1.1" 200 786932 "-" "Mozilla/5.0 (iPhone; U; CPU iPhone OS 4_1 like Mac OS X; en-us) AppleWebKit/532.9 (KHTML, like Gecko) Version/4.0.5 Mobile/8B117 Safari/6531.22.7 (compatible; Googlebot-Mobile/2.1; +http://www.google.com/bot.html)" www.masi.dk
178.154.160.30 - - [24/Jan/2012:22:25:08 +0000] "GET /Science%20of%20M%20A%20S%20I.htm HTTP/1.1" 200 166955 "-" "Mozilla/5.0 (compatible; YandexBot/3.0; +http://yandex.com/bots)" masi.dk
208.80.194.62 - - [24/Jan/2012:22:32:47 +0000] "GET / HTTP/1.0" 200 102436 "-" "Mozilla/4.0 (compatible; MSIE 7.0; Windows NT 5.1; (R1 1.5); MEGAUPLOAD 1.0)" masi.dk
208.80.194.62 - - [24/Jan/2012:22:32:48 +0000] "GET /./fphover.class HTTP/1.0" 200 9328 "-" "Mozilla/4.0 (compatible; MSIE 7.0; Windows NT 5.1; yie6; QS 4.1.2.2; .NET CLR 1.1.4322; .NET CLR 2.0.50727)" www.masi.dk
178.154.160.30 - - [25/Jan/2012:00:14:16 +0000] "GET /Copyrigth%20of%20H.%20Jessen:%20Programm%20-%20files/Source%20in%20DOS%20C/Internal%20SOURCE/ HTTP/1.1" 404 271 "-" "Mozilla/5.0 (compatible; YandexBot/3.0; +http://yandex.com/bots)" www.masi.dk
195.47.247.42 - - [25/Jan/2012:05:17:13 +0000] "GET / HTTP/1.1" 200 102436 "-" "OneDotComLatencyTester/1.0" www.masi.dk
195.47.247.42 - - [25/Jan/2012:05:17:13 +0000] "GET / HTTP/1.1" 200 102436 "-" "OneDotComLatencyTester/1.0" masi.dk
119.63.196.85 - - [25/Jan/2012:05:29:16 +0000] "GET /robots.txt HTTP/1.1" 404 208 "-" "Baiduspider+(+http://www.baidu.com/search/spider.htm)" masi.dk
207.46.12.210 - - [25/Jan/2012:06:54:54 +0000] "GET /August_2008.htm HTTP/1.1" 200 966095 "-" "Mozilla/4.0 (compatible; MSIE 7.0; Windows NT 5.1; SV1; .NET CLR 1.1.4325; .NET CLR 2.0.50727; .NET CLR 3.0.30729; .NET CLR 3.5.30707; InfoPath.2)" masi.dk
184.22.182.90 - - [25/Jan/2012:09:03:19 +0000] "GET /Science%20of%20M%20A%20S%20I.htm HTTP/1.1" 200 166955 "-" "Mozilla/5.0 (X11; Linux i686; rv:6.0) Gecko/20100101 Firefox/6.0" www.masi.dk
222.50.211.250 - - [25/Jan/2012:10:15:45 +0000] "GET /Program%20Manual.htm HTTP/1.1" 200 115425 "-" "-" www.masi.dk
207.46.194.144 - - [25/Jan/2012:10:18:24 +0000] "GET /robots.txt HTTP/1.1" 404 208 "-" "msnbot-media/1.1 (+http://search.msn.com/msnbot.htm)" www.masi.dk
207.46.194.144 - - [25/Jan/2012:10:18:24 +0000] "GET /Thesis-filer/Image62.gif HTTP/1.1" 200 27213 "-" "msnbot-media/1.1 (+http://search.msn.com/msnbot.htm)" www.masi.dk
207.46.194.144 - - [25/Jan/2012:10:18:24 +0000] "GET /Program%20Manual.htm HTTP/1.1" 200 115425 "-" "msnbot-media/1.1 (+http://search.msn.com/msnbot.htm)" www.masi.dk
66.249.66.9 - - [25/Jan/2012:10:47:02 +0000] "GET /robots.txt HTTP/1.1" 404 208 "-" "Mozilla/5.0 (compatible; Googlebot/2.1; +http://www.google.com/bot.html)" www.masi.dk
66.249.66.9 - - [25/Jan/2012:10:47:02 +0000] "GET /Thesis-filer/Varism.jpg HTTP/1.1" 304 - "-" "Googlebot-Image/1.0" www.masi.dk
119.63.196.60 - - [25/Jan/2012:11:23:16 +0000] "GET / HTTP/1.1" 200 102436 "-" "Mozilla/5.0 (compatible; Baiduspider/2.0; +http://www.baidu.com/search/spider.html)" www.masi.dk
208.80.194.28 - - [25/Jan/2012:12:04:44 +0000] "GET / HTTP/1.0" 200 102436 "-" "Mozilla/4.0 (compatible; MSIE 6.0; Windows NT 5.1; Advanced Searchbar; SV1; .NET CLR 1.1.4322)" www.masi.dk
208.80.194.28 - - [25/Jan/2012:12:04:45 +0000] "GET /./fphover.class HTTP/1.0" 200 9328 "-" "Mozilla/4.0 (compatible; MSIE 6.0; Windows NT 5.1; SV1; (R1 1.3); .NET CLR 2.0.50727)" www.masi.dk
66.249.71.71 - - [25/Jan/2012:12:56:23 +0000] "GET /licensees.htm HTTP/1.1" 304 - "-" "Mozilla/5.0 (compatible; Googlebot/2.1; +http://www.google.com/bot.html)" www.masi.dk
178.154.160.30 - - [25/Jan/2012:13:00:12 +0000] "GET /robots.txt HTTP/1.1" 404 208 "-" "Mozilla/5.0 (compatible; YandexBot/3.0; +http://yandex.com/bots)" www.masi.dk
207.46.194.75 - - [25/Jan/2012:13:16:27 +0000] "GET /robots.txt HTTP/1.1" 404 208 "-" "msnbot-media/1.1 (+http://search.msn.com/msnbot.htm)" www.masi.dk
207.46.194.75 - - [25/Jan/2012:13:16:27 +0000] "GET /Thesis-filer/Image57.gif HTTP/1.1" 200 21039 "-" "msnbot-media/1.1 (+http://search.msn.com/msnbot.htm)" www.masi.dk
207.46.194.75 - - [25/Jan/2012:13:16:28 +0000] "GET /Program%20Manual.htm HTTP/1.1" 200 115425 "-" "msnbot-media/1.1 (+http://search.msn.com/msnbot.htm)" www.masi.dk
207.46.204.135 - - [25/Jan/2012:14:41:24 +0000] "GET /robots.txt HTTP/1.1" 404 208 "-" "msnbot-media/1.1 (+http://search.msn.com/msnbot.htm)" www.masi.dk
207.46.204.135 - - [25/Jan/2012:14:41:24 +0000] "GET /Thesis-filer/Image110.gif HTTP/1.1" 200 23792 "-" "msnbot-media/1.1 (+http://search.msn.com/msnbot.htm)" www.masi.dk
207.46.204.135 - - [25/Jan/2012:14:41:24 +0000] "GET /Program%20Manual.htm HTTP/1.1" 200 115425 "-" "msnbot-media/1.1 (+http://search.msn.com/msnbot.htm)" www.masi.dk
207.46.199.223 - - [25/Jan/2012:15:08:58 +0000] "GET /robots.txt HTTP/1.1" 404 208 "-" "msnbot-media/1.1 (+http://search.msn.com/msnbot.htm)" www.masi.dk
207.46.199.223 - - [25/Jan/2012:15:08:59 +0000] "GET /Thesis-filer/Image28.gif HTTP/1.1" 200 21125 "-" "msnbot-media/1.1 (+http://search.msn.com/msnbot.htm)" www.masi.dk
207.46.199.223 - - [25/Jan/2012:15:08:59 +0000] "GET /Program%20Manual.htm HTTP/1.1" 200 115425 "-" "msnbot-media/1.1 (+http://search.msn.com/msnbot.htm)" www.masi.dk
207.46.194.71 - - [25/Jan/2012:15:22:58 +0000] "GET /robots.txt HTTP/1.1" 404 208 "-" "msnbot-media/1.1 (+http://search.msn.com/msnbot.htm)" www.masi.dk
207.46.194.71 - - [25/Jan/2012:15:22:59 +0000] "GET /Thesis-filer/oversi33.gif HTTP/1.1" 200 23258 "-" "msnbot-media/1.1 (+http://search.msn.com/msnbot.htm)" www.masi.dk
207.46.194.71 - - [25/Jan/2012:15:22:59 +0000] "GET /Program%20Manual.htm HTTP/1.1" 200 115425 "-" "msnbot-media/1.1 (+http://search.msn.com/msnbot.htm)" www.masi.dk
207.46.199.245 - - [25/Jan/2012:16:05:12 +0000] "GET /robots.txt HTTP/1.1" 404 208 "-" "msnbot-media/1.1 (+http://search.msn.com/msnbot.htm)" www.masi.dk
207.46.199.245 - - [25/Jan/2012:16:05:13 +0000] "GET /Thesis-filer/Image51.gif HTTP/1.1" 200 21157 "-" "msnbot-media/1.1 (+http://search.msn.com/msnbot.htm)" www.masi.dk
207.46.199.245 - - [25/Jan/2012:16:05:13 +0000] "GET /Program%20Manual.htm HTTP/1.1" 200 115425 "-" "msnbot-media/1.1 (+http://search.msn.com/msnbot.htm)" www.masi.dk
178.154.160.30 - - [25/Jan/2012:16:19:14 +0000] "GET / HTTP/1.1" 200 102436 "-" "Mozilla/5.0 (compatible; YandexBot/3.0; +http://yandex.com/bots)" www.masi.dk
65.52.110.16 - - [25/Jan/2012:18:40:35 +0000] "GET /robots.txt HTTP/1.1" 404 208 "-" "Mozilla/5.0 (compatible; bingbot/2.0; +http://www.bing.com/bingbot.htm)" www.masi.dk
65.52.110.16 - - [25/Jan/2012:18:41:26 +0000] "GET /July_2006.htm HTTP/1.1" 304 - "-" "Mozilla/5.0 (compatible; bingbot/2.0; +http://www.bing.com/bingbot.htm)" www.masi.dk
123.125.71.48 - - [25/Jan/2012:18:44:48 +0000] "GET /Thesis.htm HTTP/1.1" 200 1281530 "-" "Mozilla/5.0 (compatible; Baiduspider/2.0; +http://www.baidu.com/search/spider.html)" www.masi.dk
178.154.160.30 - - [25/Jan/2012:19:42:25 +0000] "GET /index.htm HTTP/1.1" 200 102436 "-" "Mozilla/5.0 (compatible; YandexBot/3.0; +http://yandex.com/bots)" www.masi.dk
76.72.167.164 - - [25/Jan/2012:20:29:07 +0000] "GET /robots.txt HTTP/1.0" 404 208 "-" "Mozilla/5.0 (compatible; MJ12bot/v1.4.1; http://www.majestic12.co.uk/bot.php?+)" www.masi.dk
76.72.167.164 - - [25/Jan/2012:20:29:11 +0000] "GET / HTTP/1.0" 200 102436 "-" "Mozilla/5.0 (compatible; MJ12bot/v1.4.1; http://www.majestic12.co.uk/bot.php?+)" masi.dk
123.125.71.108 - - [25/Jan/2012:20:46:00 +0000] "GET / HTTP/1.1" 200 102436 "-" "Mozilla/5.0 (compatible; Baiduspider/2.0; +http://www.baidu.com/search/spider.html)" www.masi.dk
66.249.66.9 - - [25/Jan/2012:21:46:55 +0000] "GET /robots.txt HTTP/1.1" 404 208 "-" "Mozilla/5.0 (compatible; Googlebot/2.1; +http://www.google.com/bot.html)" www.masi.dk
66.249.66.9 - - [25/Jan/2012:21:46:55 +0000] "GET /july_2006.htm HTTP/1.1" 404 211 "-" "Mozilla/5.0 (iPhone; U; CPU iPhone OS 4_1 like Mac OS X; en-us) AppleWebKit/532.9 (KHTML, like Gecko) Version/4.0.5 Mobile/8B117 Safari/6531.22.7 (compatible; Googlebot-Mobile/2.1; +http://www.google.com/bot.html)" masi.dk
66.249.66.196 - - [25/Jan/2012:21:48:13 +0000] "GET /robots.txt HTTP/1.1" 404 208 "-" "Mozilla/5.0 (compatible; Googlebot/2.1; +http://www.google.com/bot.html)" masi.dk
