65.52.110.191 - - [06/Jan/2012:23:52:24 +0000] "GET /index.htm HTTP/1.1" 200 102436 "-" "msnbot/2.0b (+http://search.msn.com/msnbot.htm)" www.masi.dk
46.17.97.134 - - [07/Jan/2012:00:07:24 +0000] "GET /April_2011.htm HTTP/1.0" 200 544444 "http://www.masi.dk/April_2011.htm" "Mozilla/4.0 (compatible; MSIE 6.0; Windows NT 5.1; SV1; FunWebProducts; MRA 4.6 (build 01425); .NET CLR 1.1.4322; .NET CLR 2.0.50727)" www.masi.dk
46.17.97.134 - - [07/Jan/2012:00:07:26 +0000] "GET / HTTP/1.0" 200 102436 "http://www.masi.dk/" "Mozilla/4.0 (compatible; MSIE 6.0; Windows NT 5.1; SV1; FunWebProducts; MRA 4.6 (build 01425); .NET CLR 1.1.4322; .NET CLR 2.0.50727)" www.masi.dk
62.75.181.210 - - [07/Jan/2012:01:03:20 +0000] "GET /November_2009.htm HTTP/1.0" 200 974013 "http://www.masi.dk/November_2009.htm" "Mozilla/4.0 (compatible; MSIE 6.0; Windows NT 5.2; Win64; x64; SV1; .NET CLR 2.0.50727)" masi.dk
66.249.66.246 - - [07/Jan/2012:01:37:36 +0000] "GET /Copyrigth%20of%20H.%20Jessen:%20Programm%20-%20files/Source%20in%20DOS%20C/Old%20files/Navision/Nav2/ HTTP/1.1" 404 279 "-" "Mozilla/5.0 (compatible; Googlebot/2.1; +http://www.google.com/bot.html)" www.masi.dk
213.186.127.10 - - [07/Jan/2012:02:29:40 +0000] "GET / HTTP/1.1" 200 102436 "-" "Mozilla/5.0 (compatible; AhrefsBot/2.0; +http://ahrefs.com/robot/)" masi.dk
117.26.107.22 - - [07/Jan/2012:02:34:29 +0000] "GET /Science%2520of%2520M%2520A%2520S%2520I.htm HTTP/1.0" 404 230 "http://www.louboutinshoeshome.com/" "Mozilla/1.22 (compatible; MSIE 2.0; Windows 95)" masi.dk
117.26.107.22 - - [07/Jan/2012:02:34:29 +0000] "GET / HTTP/1.0" 200 102436 "http://masi.dk/" "Mozilla/1.22 (compatible; MSIE 2.0; Windows 95)" www.masi.dk
195.47.247.42 - - [07/Jan/2012:02:59:52 +0000] "GET / HTTP/1.1" 200 102436 "-" "OneDotComLatencyTester/1.0" www.masi.dk
195.47.247.42 - - [07/Jan/2012:02:59:52 +0000] "GET / HTTP/1.1" 200 102436 "-" "OneDotComLatencyTester/1.0" www.masi.dk
140.182.73.73 - - [07/Jan/2012:03:18:00 +0000] "GET /Thesis-filer/MouThesis.JPG HTTP/1.1" 200 150270 "http://p-t-m.org/search/acknowledgement-in-thesis.html" "Mozilla/4.0 (compatible; MSIE 8.0; Windows NT 6.1; Trident/4.0; SLCC2; .NET CLR 2.0.50727; .NET CLR 3.5.30729; .NET CLR 3.0.30729; Media Center PC 6.0; InfoPath.3; .NET4.0C)" www.masi.dk
65.52.109.62 - - [07/Jan/2012:04:12:41 +0000] "GET /robots.txt HTTP/1.1" 404 208 "-" "Mozilla/5.0 (compatible; bingbot/2.0; +http://www.bing.com/bingbot.htm)" www.masi.dk
65.52.109.62 - - [07/Jan/2012:04:38:56 +0000] "GET /July_2006.htm HTTP/1.1" 304 - "-" "Mozilla/5.0 (compatible; bingbot/2.0; +http://www.bing.com/bingbot.htm)" www.masi.dk
65.52.110.191 - - [07/Jan/2012:05:21:36 +0000] "GET /robots.txt HTTP/1.1" 404 208 "-" "Mozilla/5.0 (compatible; bingbot/2.0; +http://www.bing.com/bingbot.htm)" www.masi.dk
65.52.110.191 - - [07/Jan/2012:05:22:37 +0000] "GET /licensees.htm HTTP/1.1" 304 - "-" "Mozilla/5.0 (compatible; bingbot/2.0; +http://www.bing.com/bingbot.htm)" www.masi.dk
178.154.160.30 - - [07/Jan/2012:05:30:10 +0000] "GET /robots.txt HTTP/1.1" 404 208 "-" "Mozilla/5.0 (compatible; YandexBot/3.0; +http://yandex.com/bots)" masi.dk
66.249.66.246 - - [07/Jan/2012:08:07:22 +0000] "GET / HTTP/1.1" 200 102436 "-" "Mozilla/5.0 (iPhone; U; CPU iPhone OS 4_1 like Mac OS X; en-us) AppleWebKit/532.9 (KHTML, like Gecko) Version/4.0.5 Mobile/8B117 Safari/6531.22.7 (compatible; Googlebot-Mobile/2.1; +http://www.google.com/bot.html)" www.masi.dk
66.249.71.106 - - [07/Jan/2012:08:16:40 +0000] "GET /robots.txt HTTP/1.1" 404 208 "-" "Mozilla/5.0 (compatible; Googlebot/2.1; +http://www.google.com/bot.html)" www.masi.dk
66.249.66.9 - - [07/Jan/2012:08:16:41 +0000] "GET /Thesis-filer/hourly_usage_200512.png HTTP/1.1" 304 - "-" "Googlebot-Image/1.0" www.masi.dk
69.84.207.147 - - [07/Jan/2012:08:46:10 +0000] "GET / HTTP/1.1" 206 102436 "-" "Mozilla/4.0 (compatible; MSIE 7.0;Windows NT 5.1;.NET CLR 1.1.4322;.NET CLR 2.0.50727;.NET CLR 3.0.04506.30) Lightspeedsystems" masi.dk
69.84.207.147 - - [07/Jan/2012:08:46:12 +0000] "GET / HTTP/1.1" 206 102436 "-" "Mozilla/4.0 (compatible; MSIE 7.0;Windows NT 5.1;.NET CLR 1.1.4322;.NET CLR 2.0.50727;.NET CLR 3.0.04506.30) Lightspeedsystems" www.masi.dk
69.84.207.147 - - [07/Jan/2012:08:46:13 +0000] "GET /Thesis.htm HTTP/1.1" 206 250000 "-" "Mozilla/4.0 (compatible; MSIE 7.0;Windows NT 5.1;.NET CLR 1.1.4322;.NET CLR 2.0.50727;.NET CLR 3.0.04506.30) Lightspeedsystems" www.masi.dk
69.84.207.147 - - [07/Jan/2012:08:46:15 +0000] "GET /April_2011.htm HTTP/1.1" 206 250000 "-" "Mozilla/4.0 (compatible; MSIE 7.0;Windows NT 5.1;.NET CLR 1.1.4322;.NET CLR 2.0.50727;.NET CLR 3.0.04506.30) Lightspeedsystems" www.masi.dk
69.84.207.147 - - [07/Jan/2012:08:46:16 +0000] "GET /August_2008.htm HTTP/1.1" 206 250000 "-" "Mozilla/4.0 (compatible; MSIE 7.0;Windows NT 5.1;.NET CLR 1.1.4322;.NET CLR 2.0.50727;.NET CLR 3.0.04506.30) Lightspeedsystems" masi.dk
208.80.194.37 - - [07/Jan/2012:10:02:11 +0000] "GET / HTTP/1.0" 200 102436 "-" "Mozilla/4.0 (compatible; MSIE 6.0; Windows NT 5.0; T312461; sbcydsl 3.12)" masi.dk
208.80.194.37 - - [07/Jan/2012:10:02:12 +0000] "GET /./fphover.class HTTP/1.0" 200 9328 "-" "Mozilla/4.0 (compatible; MSIE 6.0; Windows NT 5.1; SV1; .NET CLR 1.0.3705; .NET CLR 1.1.4322; Media Center PC 4.0; SpamBlockerUtility 4.7.1)" masi.dk
208.115.111.67 - - [07/Jan/2012:10:43:57 +0000] "GET /robots.txt HTTP/1.1" 404 208 "-" "Mozilla/5.0 (compatible; Ezooms/1.0; ezooms.bot@gmail.com)" www.masi.dk
178.154.160.30 - - [07/Jan/2012:10:53:22 +0000] "GET / HTTP/1.1" 200 102436 "-" "Mozilla/5.0 (compatible; YandexBot/3.0; +http://yandex.com/bots)" masi.dk
208.115.111.67 - - [07/Jan/2012:11:04:59 +0000] "GET /tfxyc/character.php HTTP/1.1" 404 217 "-" "Mozilla/5.0 (compatible; Ezooms/1.0; ezooms.bot@gmail.com)" www.masi.dk
88.159.78.86 - - [07/Jan/2012:11:53:45 +0000] "GET /robots.txt HTTP/1.0" 404 208 "-" "Mozilla/5.0 (compatible; MJ12bot/v1.4.1; http://www.majestic12.co.uk/bot.php?+)" www.masi.dk
88.159.78.86 - - [07/Jan/2012:11:53:47 +0000] "GET / HTTP/1.1" 200 102436 "-" "Mozilla/5.0 (compatible; MJ12bot/v1.4.1; http://www.majestic12.co.uk/bot.php?+)" www.masi.dk
207.46.204.232 - - [07/Jan/2012:12:43:21 +0000] "GET /robots.txt HTTP/1.1" 404 208 "-" "Mozilla/5.0 (compatible; bingbot/2.0; +http://www.bing.com/bingbot.htm)" www.masi.dk
207.46.204.232 - - [07/Jan/2012:12:54:32 +0000] "GET / HTTP/1.1" 304 - "-" "Mozilla/5.0 (compatible; bingbot/2.0; +http://www.bing.com/bingbot.htm)" www.masi.dk
195.47.247.42 - - [07/Jan/2012:14:10:04 +0000] "GET / HTTP/1.1" 200 102436 "-" "OneDotComLatencyTester/1.0" www.masi.dk
195.47.247.42 - - [07/Jan/2012:14:10:04 +0000] "GET / HTTP/1.1" 200 102436 "-" "OneDotComLatencyTester/1.0" www.masi.dk
178.154.160.30 - - [07/Jan/2012:16:10:06 +0000] "GET /index.htm HTTP/1.1" 200 102436 "-" "Mozilla/5.0 (compatible; YandexBot/3.0; +http://yandex.com/bots)" www.masi.dk
66.249.66.9 - - [07/Jan/2012:16:12:48 +0000] "GET /robots.txt HTTP/1.1" 404 208 "-" "Mozilla/5.0 (compatible; Googlebot/2.1; +http://www.google.com/bot.html)" www.masi.dk
66.249.66.9 - - [07/Jan/2012:16:12:48 +0000] "GET /August_2008.htm HTTP/1.1" 200 966095 "-" "Mozilla/5.0 (compatible; Googlebot/2.1; +http://www.google.com/bot.html)" masi.dk
66.249.71.118 - - [07/Jan/2012:16:30:33 +0000] "GET /robots.txt HTTP/1.1" 404 208 "-" "Mozilla/5.0 (compatible; Googlebot/2.1; +http://www.google.com/bot.html)" masi.dk
66.249.66.246 - - [07/Jan/2012:16:30:33 +0000] "GET /tfxyc/scrolls.php HTTP/1.1" 404 215 "-" "Mozilla/5.0 (compatible; Googlebot/2.1; +http://www.google.com/bot.html)" masi.dk
66.249.66.246 - - [07/Jan/2012:16:33:38 +0000] "GET /tfxyc/character.php HTTP/1.1" 404 217 "-" "Mozilla/5.0 (compatible; Googlebot/2.1; +http://www.google.com/bot.html)" masi.dk
66.249.71.118 - - [07/Jan/2012:16:37:04 +0000] "GET /tfxyc/accomodation.php HTTP/1.1" 404 220 "-" "Mozilla/5.0 (compatible; Googlebot/2.1; +http://www.google.com/bot.html)" www.masi.dk
74.125.78.91 - - [07/Jan/2012:17:43:47 +0000] "GET /Thesis_partB.htm HTTP/1.1" 200 1165734 "http://www.google.com/search" "Mozilla/5.0 (X11; Linux x86_64) AppleWebKit/534.51 (KHTML, like Gecko; Google Web Preview) Chrome/12.0.742 Safari/534.51" www.masi.dk
74.125.78.88 - - [07/Jan/2012:17:43:47 +0000] "GET /Thesis-filer/image003.gif HTTP/1.1" 200 1955 "http://www.masi.dk/Thesis_partB.htm" "Mozilla/5.0 (X11; Linux x86_64) AppleWebKit/534.51 (KHTML, like Gecko; Google Web Preview) Chrome/12.0.742 Safari/534.51" www.masi.dk
74.125.78.90 - - [07/Jan/2012:17:43:47 +0000] "GET /Thesis-filer/image002.jpg HTTP/1.1" 200 31951 "http://www.masi.dk/Thesis_partB.htm" "Mozilla/5.0 (X11; Linux x86_64) AppleWebKit/534.51 (KHTML, like Gecko; Google Web Preview) Chrome/12.0.742 Safari/534.51" www.masi.dk
66.102.12.88 - - [07/Jan/2012:17:43:47 +0000] "GET /Thesis-filer/image001.jpg HTTP/1.1" 200 41849 "http://www.masi.dk/Thesis_partB.htm" "Mozilla/5.0 (X11; Linux x86_64) AppleWebKit/534.51 (KHTML, like Gecko; Google Web Preview) Chrome/12.0.742 Safari/534.51" www.masi.dk
74.125.78.95 - - [07/Jan/2012:17:43:47 +0000] "GET /Thesis-filer/image004.jpg HTTP/1.1" 200 148427 "http://www.masi.dk/Thesis_partB.htm" "Mozilla/5.0 (X11; Linux x86_64) AppleWebKit/534.51 (KHTML, like Gecko; Google Web Preview) Chrome/12.0.742 Safari/534.51" masi.dk
123.125.68.84 - - [07/Jan/2012:17:43:56 +0000] "GET / HTTP/1.1" 200 102436 "-" "Mozilla/5.0 (compatible; Baiduspider/2.0; +http://www.baidu.com/search/spider.html)" www.masi.dk
31.53.107.247 - - [07/Jan/2012:18:16:47 +0000] "GET /Thesis-filer/proof.jpg HTTP/1.1" 200 119617 "-" "Mozilla/5.0 (Windows; U; Windows NT 5.1; en-US; rv:1.9.0.6pre) Gecko/2009011606 Firefox/3.1" www.masi.dk
66.249.66.9 - - [07/Jan/2012:18:44:43 +0000] "GET /robots.txt HTTP/1.1" 404 208 "-" "Mozilla/5.0 (compatible; Googlebot/2.1; +http://www.google.com/bot.html)" www.masi.dk
66.249.71.106 - - [07/Jan/2012:18:44:43 +0000] "GET /Thesis-filer/Varia119.gif HTTP/1.1" 304 - "-" "Googlebot-Image/1.0" www.masi.dk
178.154.160.30 - - [07/Jan/2012:19:03:21 +0000] "GET /Copyrigth%20of%20H.%20Jessen:%20Programm%20-%20files/Source%20in%20DOS%20C/Internal%20SOURCE/ HTTP/1.1" 404 271 "-" "Mozilla/5.0 (compatible; YandexBot/3.0; +http://yandex.com/bots)" www.masi.dk
208.80.194.29 - - [07/Jan/2012:20:19:31 +0000] "GET / HTTP/1.0" 200 102436 "-" "Mozilla/4.0 (compatible; MSIE 6.0; Windows NT 5.1; SV1; PeoplePal 6.1)" www.masi.dk
208.80.194.29 - - [07/Jan/2012:20:19:32 +0000] "GET /./fphover.class HTTP/1.0" 200 9328 "-" "Mozilla/4.0 (compatible; MSIE 7.0; Windows NT 5.1; 3B 3.0; .NET CLR 2.0.50727)" www.masi.dk
66.249.71.106 - - [07/Jan/2012:20:48:18 +0000] "GET /Thesis-filer/Image62.gif HTTP/1.1" 304 - "-" "Googlebot-Image/1.0" masi.dk
66.249.71.118 - - [07/Jan/2012:20:50:25 +0000] "GET /Copyrigth%20of%20H.%20Jessen:%20Programm%20-%20files/Source%20in%20DOS%20C/Internal%20SOURCE/SPECIUDD.C HTTP/1.1" 404 281 "-" "Mozilla/5.0 (compatible; Googlebot/2.1; +http://www.google.com/bot.html)" www.masi.dk
208.115.111.67 - - [07/Jan/2012:22:18:37 +0000] "GET /robots.txt HTTP/1.1" 404 208 "-" "Mozilla/5.0 (compatible; Ezooms/1.0; ezooms.bot@gmail.com)" masi.dk
173.242.125.191 - - [07/Jan/2012:23:14:43 +0000] "GET /robots.txt HTTP/1.0" 404 208 "-" "Mozilla/5.0 (compatible; MJ12bot/v1.4.1; http://www.majestic12.co.uk/bot.php?+)" masi.dk
173.242.125.191 - - [07/Jan/2012:23:14:44 +0000] "GET / HTTP/1.0" 200 102436 "-" "Mozilla/5.0 (compatible; MJ12bot/v1.4.1; http://www.majestic12.co.uk/bot.php?+)" www.masi.dk
208.115.111.67 - - [07/Jan/2012:23:23:49 +0000] "GET /August_2007.htm HTTP/1.1" 200 786932 "-" "Mozilla/5.0 (compatible; Ezooms/1.0; ezooms.bot@gmail.com)" masi.dk
188.165.195.156 - - [08/Jan/2012:01:17:23 +0000] "HEAD / HTTP/1.1" 200 - "-" "Mozilla/4.0 (compatible; MSIE 5.01; Windows NT 5.0)" www.masi.dk
95.108.150.235 - - [08/Jan/2012:01:39:50 +0000] "GET /robots.txt HTTP/1.1" 404 208 "-" "Mozilla/5.0 (compatible; YandexBot/3.0; +http://yandex.com/bots)" masi.dk
95.108.150.235 - - [08/Jan/2012:01:39:50 +0000] "GET /robots.txt HTTP/1.1" 404 208 "-" "Mozilla/5.0 (compatible; YandexBot/3.0; +http://yandex.com/bots)" www.masi.dk
95.108.150.235 - - [08/Jan/2012:01:39:51 +0000] "GET / HTTP/1.1" 200 102436 "-" "Mozilla/5.0 (compatible; YandexBot/3.0; +http://yandex.com/bots)" masi.dk
95.108.150.235 - - [08/Jan/2012:01:39:51 +0000] "GET / HTTP/1.1" 200 102436 "-" "Mozilla/5.0 (compatible; YandexBot/3.0; +http://yandex.com/bots)" www.masi.dk
95.108.150.235 - - [08/Jan/2012:01:39:52 +0000] "GET / HTTP/1.1" 200 102436 "-" "Mozilla/5.0 (compatible; YandexBot/3.0; +http://yandex.com/bots)" masi.dk
95.108.150.235 - - [08/Jan/2012:01:39:52 +0000] "GET / HTTP/1.1" 200 102436 "-" "Mozilla/5.0 (compatible; YandexBot/3.0; +http://yandex.com/bots)" www.masi.dk
66.249.71.106 - - [08/Jan/2012:01:49:23 +0000] "GET / HTTP/1.1" 200 102436 "-" "DoCoMo/2.0 N905i(c100;TB;W24H16) (compatible; Googlebot-Mobile/2.1; +http://www.google.com/bot.html)" www.masi.dk
195.47.247.42 - - [08/Jan/2012:02:45:29 +0000] "GET / HTTP/1.1" 200 102436 "-" "OneDotComLatencyTester/1.0" www.masi.dk
195.47.247.42 - - [08/Jan/2012:02:45:29 +0000] "GET / HTTP/1.1" 200 102436 "-" "OneDotComLatencyTester/1.0" masi.dk
66.249.66.246 - - [08/Jan/2012:02:54:54 +0000] "GET /Copyrigth%20of%20H.%20Jessen:%20Programm%20-%20files/Source%20in%20DOS%20C/REORBANK.C HTTP/1.1" 404 265 "-" "Mozilla/5.0 (compatible; Googlebot/2.1; +http://www.google.com/bot.html)" masi.dk
208.80.194.35 - - [08/Jan/2012:04:08:32 +0000] "GET /tfxyc/accomodation.php HTTP/1.0" 404 220 "-" "Mozilla/4.0 (compatible; MSIE 6.0; Windows NT 5.1; acc=jocker; acc=none; SV1; .NET CLR 1.1.4322)" www.masi.dk
64.246.187.42 - - [08/Jan/2012:06:20:52 +0000] "GET /robots.txt HTTP/1.0" 404 208 "-" "Mozilla/5.0 (Windows; U; Windows NT 5.1; en; rv:1.9.0.13) Gecko/2009073022 Firefox/3.5.2 (.NET CLR 3.5.30729) SurveyBot/2.3 (DomainTools)" www.masi.dk
64.246.187.42 - - [08/Jan/2012:06:20:52 +0000] "GET / HTTP/1.1" 200 102436 "http://whois.domaintools.com/masi.dk" "Mozilla/5.0 (Windows; U; Windows NT 5.1; en; rv:1.9.0.13) Gecko/2009073022 Firefox/3.5.2 (.NET CLR 3.5.30729) SurveyBot/2.3 (DomainTools)" masi.dk
188.165.195.156 - - [08/Jan/2012:06:48:08 +0000] "HEAD / HTTP/1.1" 200 - "-" "Mozilla/4.0 (compatible; MSIE 5.01; Windows NT 5.0)" www.masi.dk
217.212.224.183 - - [08/Jan/2012:08:20:09 +0000] "GET /robots.txt HTTP/1.0" 404 208 "-" "psbot/0.1 (+http://www.picsearch.com/bot.html)" www.masi.dk
217.212.224.181 - - [08/Jan/2012:08:20:09 +0000] "GET /Thesis_partB.htm HTTP/1.0" 304 - "-" "psbot/0.1 (+http://www.picsearch.com/bot.html)" www.masi.dk
66.249.71.106 - - [08/Jan/2012:09:08:39 +0000] "GET /robots.txt HTTP/1.1" 404 208 "-" "Mozilla/5.0 (compatible; Googlebot/2.1; +http://www.google.com/bot.html)" www.masi.dk
66.249.71.106 - - [08/Jan/2012:09:08:39 +0000] "GET /Thesis-filer/hourly_usage_200510.png HTTP/1.1" 304 - "-" "Googlebot-Image/1.0" masi.dk
31.214.144.177 - - [08/Jan/2012:10:18:42 +0000] "GET /Thesis.htm HTTP/1.1" 200 1281530 "-" "Mozilla/4.0 (compatible; MSIE 6.0; Windows NT 5.1; SV1)" www.masi.dk
178.154.160.30 - - [08/Jan/2012:10:56:01 +0000] "GET /robots.txt HTTP/1.1" 404 208 "-" "Mozilla/5.0 (compatible; YandexBot/3.0; +http://yandex.com/bots)" www.masi.dk
178.154.160.30 - - [08/Jan/2012:10:56:02 +0000] "GET /Thesis_partB.htm HTTP/1.1" 200 1165734 "-" "Mozilla/5.0 (compatible; YandexBot/3.0; +http://yandex.com/bots)" www.masi.dk
195.47.247.42 - - [08/Jan/2012:11:09:01 +0000] "GET / HTTP/1.1" 200 102436 "-" "OneDotComLatencyTester/1.0" www.masi.dk
195.47.247.42 - - [08/Jan/2012:11:09:01 +0000] "GET / HTTP/1.1" 200 102436 "-" "OneDotComLatencyTester/1.0" www.masi.dk
123.125.71.98 - - [08/Jan/2012:11:23:18 +0000] "GET / HTTP/1.1" 200 102436 "-" "Mozilla/5.0 (compatible; Baiduspider/2.0; +http://www.baidu.com/search/spider.html)" www.masi.dk
217.212.224.183 - - [08/Jan/2012:11:45:44 +0000] "GET /robots.txt HTTP/1.0" 404 208 "-" "psbot/0.1 (+http://www.picsearch.com/bot.html)" www.masi.dk
217.212.224.181 - - [08/Jan/2012:11:45:44 +0000] "GET /Science%20of%20M%20A%20S%20I.htm HTTP/1.0" 304 - "-" "psbot/0.1 (+http://www.picsearch.com/bot.html)" www.masi.dk
76.72.167.163 - - [08/Jan/2012:12:19:05 +0000] "GET /robots.txt HTTP/1.0" 404 208 "-" "Mozilla/5.0 (compatible; MJ12bot/v1.4.1; http://www.majestic12.co.uk/bot.php?+)" www.masi.dk
76.72.167.163 - - [08/Jan/2012:12:19:08 +0000] "GET / HTTP/1.0" 200 102436 "-" "Mozilla/5.0 (compatible; MJ12bot/v1.4.1; http://www.majestic12.co.uk/bot.php?+)" www.masi.dk
217.212.224.183 - - [08/Jan/2012:12:41:10 +0000] "GET /robots.txt HTTP/1.0" 404 208 "-" "psbot/0.1 (+http://www.picsearch.com/bot.html)" www.masi.dk
217.212.224.181 - - [08/Jan/2012:12:41:10 +0000] "GET /Program%20Manual.htm HTTP/1.0" 304 - "-" "psbot/0.1 (+http://www.picsearch.com/bot.html)" www.masi.dk
31.53.107.247 - - [08/Jan/2012:12:53:38 +0000] "GET /Thesis-filer/proof.jpg HTTP/1.1" 200 119617 "-" "Mozilla/5.0 (Windows; U; Windows NT 5.1; en-US; rv:1.9.0.6pre) Gecko/2009011606 Firefox/3.1" masi.dk
188.165.195.156 - - [08/Jan/2012:13:16:23 +0000] "HEAD / HTTP/1.1" 200 - "-" "Mozilla/4.0 (compatible; MSIE 5.01; Windows NT 5.0)" www.masi.dk
217.212.224.183 - - [08/Jan/2012:14:54:24 +0000] "GET /robots.txt HTTP/1.0" 404 208 "-" "psbot/0.1 (+http://www.picsearch.com/bot.html)" www.masi.dk
217.212.224.181 - - [08/Jan/2012:14:54:24 +0000] "GET /July_2006.htm HTTP/1.0" 304 - "-" "psbot/0.1 (+http://www.picsearch.com/bot.html)" www.masi.dk
66.249.66.9 - - [08/Jan/2012:15:46:38 +0000] "GET /robots.txt HTTP/1.1" 404 208 "-" "Mozilla/5.0 (compatible; Googlebot/2.1; +http://www.google.com/bot.html)" www.masi.dk
66.249.66.9 - - [08/Jan/2012:15:46:38 +0000] "GET /Thesis-filer/Scan31.JPG HTTP/1.1" 304 - "-" "Googlebot-Image/1.0" www.masi.dk
65.52.110.191 - - [08/Jan/2012:15:51:20 +0000] "GET /robots.txt HTTP/1.1" 404 208 "-" "Mozilla/5.0 (compatible; bingbot/2.0; +http://www.bing.com/bingbot.htm)" www.masi.dk
65.52.110.191 - - [08/Jan/2012:16:06:25 +0000] "GET /November_2009.htm HTTP/1.1" 304 - "-" "Mozilla/5.0 (compatible; bingbot/2.0; +http://www.bing.com/bingbot.htm)" www.masi.dk
217.212.224.183 - - [08/Jan/2012:16:38:45 +0000] "GET /robots.txt HTTP/1.0" 404 208 "-" "psbot/0.1 (+http://www.picsearch.com/bot.html)" www.masi.dk
217.212.224.181 - - [08/Jan/2012:16:38:45 +0000] "GET /August_2005.htm HTTP/1.0" 304 - "-" "psbot/0.1 (+http://www.picsearch.com/bot.html)" www.masi.dk
80.71.135.9 - - [08/Jan/2012:17:25:46 +0000] "GET / HTTP/1.1" 200 102436 "-" "Mozilla/5.0 (Macintosh; U; Intel Mac OS X 10_6_3; HTC_SensationXL_Beats_X315e; da-dk) AppleWebKit/533.16 (KHTML, like Gecko) Version/5.0 Safari/533.16" www.masi.dk
80.71.135.9 - - [08/Jan/2012:17:25:46 +0000] "GET /Thesis-filer/oversi33_31.jpg HTTP/1.1" 200 10549 "http://www.masi.dk/" "Mozilla/5.0 (Macintosh; U; Intel Mac OS X 10_6_3; HTC_SensationXL_Beats_X315e; da-dk) AppleWebKit/533.16 (KHTML, like Gecko) Version/5.0 Safari/533.16" www.masi.dk
80.71.135.9 - - [08/Jan/2012:17:25:47 +0000] "GET /Thesis-filer/Sensm.jpg HTTP/1.1" 200 11641 "http://www.masi.dk/" "Mozilla/5.0 (Macintosh; U; Intel Mac OS X 10_6_3; HTC_SensationXL_Beats_X315e; da-dk) AppleWebKit/533.16 (KHTML, like Gecko) Version/5.0 Safari/533.16" www.masi.dk
80.71.135.9 - - [08/Jan/2012:17:25:47 +0000] "GET /Thesis-filer/Varism.jpg HTTP/1.1" 200 12504 "http://www.masi.dk/" "Mozilla/5.0 (Macintosh; U; Intel Mac OS X 10_6_3; HTC_SensationXL_Beats_X315e; da-dk) AppleWebKit/533.16 (KHTML, like Gecko) Version/5.0 Safari/533.16" www.masi.dk
80.71.135.9 - - [08/Jan/2012:17:25:47 +0000] "GET /Thesis-filer/Timesm.jpg HTTP/1.1" 200 11464 "http://www.masi.dk/" "Mozilla/5.0 (Macintosh; U; Intel Mac OS X 10_6_3; HTC_SensationXL_Beats_X315e; da-dk) AppleWebKit/533.16 (KHTML, like Gecko) Version/5.0 Safari/533.16" www.masi.dk
80.71.135.9 - - [08/Jan/2012:17:25:47 +0000] "GET /Thesis-filer/HJ_v_s.jpg HTTP/1.1" 200 3509 "http://www.masi.dk/" "Mozilla/5.0 (Macintosh; U; Intel Mac OS X 10_6_3; HTC_SensationXL_Beats_X315e; da-dk) AppleWebKit/533.16 (KHTML, like Gecko) Version/5.0 Safari/533.16" www.masi.dk
80.71.135.9 - - [08/Jan/2012:17:25:47 +0000] "GET /Thesis-filer/stattotal.jpg HTTP/1.1" 200 19797 "http://www.masi.dk/" "Mozilla/5.0 (Macintosh; U; Intel Mac OS X 10_6_3; HTC_SensationXL_Beats_X315e; da-dk) AppleWebKit/533.16 (KHTML, like Gecko) Version/5.0 Safari/533.16" www.masi.dk
80.71.135.9 - - [08/Jan/2012:17:25:47 +0000] "GET /Thesis-filer/hourly_usage_200508.png HTTP/1.1" 200 18446 "http://www.masi.dk/" "Mozilla/5.0 (Macintosh; U; Intel Mac OS X 10_6_3; HTC_SensationXL_Beats_X315e; da-dk) AppleWebKit/533.16 (KHTML, like Gecko) Version/5.0 Safari/533.16" www.masi.dk
80.71.135.9 - - [08/Jan/2012:17:25:47 +0000] "GET /Thesis-filer/hourly_usage_200509.png HTTP/1.1" 200 18703 "http://www.masi.dk/" "Mozilla/5.0 (Macintosh; U; Intel Mac OS X 10_6_3; HTC_SensationXL_Beats_X315e; da-dk) AppleWebKit/533.16 (KHTML, like Gecko) Version/5.0 Safari/533.16" www.masi.dk
80.71.135.9 - - [08/Jan/2012:17:25:47 +0000] "GET /Thesis-filer/hourly_usage_200510.png HTTP/1.1" 200 18736 "http://www.masi.dk/" "Mozilla/5.0 (Macintosh; U; Intel Mac OS X 10_6_3; HTC_SensationXL_Beats_X315e; da-dk) AppleWebKit/533.16 (KHTML, like Gecko) Version/5.0 Safari/533.16" www.masi.dk
80.71.135.9 - - [08/Jan/2012:17:25:47 +0000] "GET /Thesis-filer/hourly_usage_200511.png HTTP/1.1" 200 19001 "http://www.masi.dk/" "Mozilla/5.0 (Macintosh; U; Intel Mac OS X 10_6_3; HTC_SensationXL_Beats_X315e; da-dk) AppleWebKit/533.16 (KHTML, like Gecko) Version/5.0 Safari/533.16" www.masi.dk
80.71.135.9 - - [08/Jan/2012:17:25:47 +0000] "GET /Thesis-filer/hourly_usage_200512.png HTTP/1.1" 200 18967 "http://www.masi.dk/" "Mozilla/5.0 (Macintosh; U; Intel Mac OS X 10_6_3; HTC_SensationXL_Beats_X315e; da-dk) AppleWebKit/533.16 (KHTML, like Gecko) Version/5.0 Safari/533.16" www.masi.dk
80.71.135.9 - - [08/Jan/2012:17:25:47 +0000] "GET /favicon.ico HTTP/1.1" 404 209 "http://www.masi.dk/" "Mozilla/5.0 (Macintosh; U; Intel Mac OS X 10_6_3; HTC_SensationXL_Beats_X315e; da-dk) AppleWebKit/533.16 (KHTML, like Gecko) Version/5.0 Safari/533.16" www.masi.dk
195.47.247.42 - - [08/Jan/2012:17:41:36 +0000] "GET / HTTP/1.1" 200 102436 "-" "OneDotComLatencyTester/1.0" www.masi.dk
195.47.247.42 - - [08/Jan/2012:17:41:36 +0000] "GET / HTTP/1.1" 200 102436 "-" "OneDotComLatencyTester/1.0" masi.dk
119.63.196.19 - - [08/Jan/2012:18:13:40 +0000] "GET /robots.txt HTTP/1.1" 404 208 "-" "Baiduspider+(+http://www.baidu.com/search/spider.htm)" www.masi.dk
46.17.97.134 - - [08/Jan/2012:18:22:38 +0000] "GET /April_2011.htm HTTP/1.0" 200 544444 "http://www.masi.dk/April_2011.htm" "Mozilla/4.7 (compatible; OffByOne; Windows 2000) Webster Pro V3.4" www.masi.dk
46.17.97.134 - - [08/Jan/2012:18:22:39 +0000] "GET / HTTP/1.0" 200 102436 "http://www.masi.dk/" "Mozilla/4.7 (compatible; OffByOne; Windows 2000) Webster Pro V3.4" www.masi.dk
62.44.134.61 - - [08/Jan/2012:18:30:16 +0000] "GET / HTTP/1.1" 200 102436 "-" "Mozilla/5.0 (iPhone; U; CPU iPhone OS 4_1 like Mac OS X; da-dk) AppleWebKit/532.9 (KHTML, like Gecko) Version/4.0.5 Mobile/8B117 Safari/6531.22.7" www.masi.dk
62.44.134.61 - - [08/Jan/2012:18:30:19 +0000] "GET /Thesis-filer/oversi33_31.jpg HTTP/1.1" 200 10549 "http://www.masi.dk/" "Mozilla/5.0 (iPhone; U; CPU iPhone OS 4_1 like Mac OS X; da-dk) AppleWebKit/532.9 (KHTML, like Gecko) Version/4.0.5 Mobile/8B117 Safari/6531.22.7" www.masi.dk
62.44.134.61 - - [08/Jan/2012:18:30:19 +0000] "GET /Thesis-filer/Sensm.jpg HTTP/1.1" 200 11641 "http://www.masi.dk/" "Mozilla/5.0 (iPhone; U; CPU iPhone OS 4_1 like Mac OS X; da-dk) AppleWebKit/532.9 (KHTML, like Gecko) Version/4.0.5 Mobile/8B117 Safari/6531.22.7" www.masi.dk
62.44.134.61 - - [08/Jan/2012:18:30:20 +0000] "GET /Thesis-filer/Timesm.jpg HTTP/1.1" 200 11464 "http://www.masi.dk/" "Mozilla/5.0 (iPhone; U; CPU iPhone OS 4_1 like Mac OS X; da-dk) AppleWebKit/532.9 (KHTML, like Gecko) Version/4.0.5 Mobile/8B117 Safari/6531.22.7" www.masi.dk
62.44.134.61 - - [08/Jan/2012:18:30:20 +0000] "GET /Thesis-filer/Varism.jpg HTTP/1.1" 200 12504 "http://www.masi.dk/" "Mozilla/5.0 (iPhone; U; CPU iPhone OS 4_1 like Mac OS X; da-dk) AppleWebKit/532.9 (KHTML, like Gecko) Version/4.0.5 Mobile/8B117 Safari/6531.22.7" www.masi.dk
62.44.134.61 - - [08/Jan/2012:18:30:26 +0000] "GET /Thesis-filer/HJ_v_s.jpg HTTP/1.1" 200 3509 "http://www.masi.dk/" "Mozilla/5.0 (iPhone; U; CPU iPhone OS 4_1 like Mac OS X; da-dk) AppleWebKit/532.9 (KHTML, like Gecko) Version/4.0.5 Mobile/8B117 Safari/6531.22.7" www.masi.dk
62.44.134.61 - - [08/Jan/2012:18:30:26 +0000] "GET /Thesis-filer/stattotal.jpg HTTP/1.1" 200 19797 "http://www.masi.dk/" "Mozilla/5.0 (iPhone; U; CPU iPhone OS 4_1 like Mac OS X; da-dk) AppleWebKit/532.9 (KHTML, like Gecko) Version/4.0.5 Mobile/8B117 Safari/6531.22.7" www.masi.dk
62.44.134.61 - - [08/Jan/2012:18:30:26 +0000] "GET /Thesis-filer/hourly_usage_200508.png HTTP/1.1" 200 18446 "http://www.masi.dk/" "Mozilla/5.0 (iPhone; U; CPU iPhone OS 4_1 like Mac OS X; da-dk) AppleWebKit/532.9 (KHTML, like Gecko) Version/4.0.5 Mobile/8B117 Safari/6531.22.7" www.masi.dk
62.44.134.61 - - [08/Jan/2012:18:30:27 +0000] "GET /Thesis-filer/hourly_usage_200509.png HTTP/1.1" 200 18703 "http://www.masi.dk/" "Mozilla/5.0 (iPhone; U; CPU iPhone OS 4_1 like Mac OS X; da-dk) AppleWebKit/532.9 (KHTML, like Gecko) Version/4.0.5 Mobile/8B117 Safari/6531.22.7" www.masi.dk
62.44.134.61 - - [08/Jan/2012:18:30:27 +0000] "GET /Thesis-filer/hourly_usage_200510.png HTTP/1.1" 200 18736 "http://www.masi.dk/" "Mozilla/5.0 (iPhone; U; CPU iPhone OS 4_1 like Mac OS X; da-dk) AppleWebKit/532.9 (KHTML, like Gecko) Version/4.0.5 Mobile/8B117 Safari/6531.22.7" www.masi.dk
62.44.134.61 - - [08/Jan/2012:18:30:30 +0000] "GET /Thesis-filer/hourly_usage_200511.png HTTP/1.1" 200 19001 "http://www.masi.dk/" "Mozilla/5.0 (iPhone; U; CPU iPhone OS 4_1 like Mac OS X; da-dk) AppleWebKit/532.9 (KHTML, like Gecko) Version/4.0.5 Mobile/8B117 Safari/6531.22.7" www.masi.dk
62.44.134.61 - - [08/Jan/2012:18:30:30 +0000] "GET /Thesis-filer/hourly_usage_200512.png HTTP/1.1" 200 18967 "http://www.masi.dk/" "Mozilla/5.0 (iPhone; U; CPU iPhone OS 4_1 like Mac OS X; da-dk) AppleWebKit/532.9 (KHTML, like Gecko) Version/4.0.5 Mobile/8B117 Safari/6531.22.7" www.masi.dk
62.44.134.61 - - [08/Jan/2012:18:30:56 +0000] "GET /Program%20Manual.htm HTTP/1.1" 200 115425 "http://www.masi.dk/" "Mozilla/5.0 (iPhone; U; CPU iPhone OS 4_1 like Mac OS X; da-dk) AppleWebKit/532.9 (KHTML, like Gecko) Version/4.0.5 Mobile/8B117 Safari/6531.22.7" www.masi.dk
62.44.134.61 - - [08/Jan/2012:18:31:00 +0000] "GET /Thesis-filer/HJ_h.jpg HTTP/1.1" 200 3274 "http://www.masi.dk/Program%20Manual.htm" "Mozilla/5.0 (iPhone; U; CPU iPhone OS 4_1 like Mac OS X; da-dk) AppleWebKit/532.9 (KHTML, like Gecko) Version/4.0.5 Mobile/8B117 Safari/6531.22.7" www.masi.dk
62.44.134.61 - - [08/Jan/2012:18:31:03 +0000] "GET /Thesis-filer/oversi33.gif HTTP/1.1" 200 23258 "http://www.masi.dk/Program%20Manual.htm" "Mozilla/5.0 (iPhone; U; CPU iPhone OS 4_1 like Mac OS X; da-dk) AppleWebKit/532.9 (KHTML, like Gecko) Version/4.0.5 Mobile/8B117 Safari/6531.22.7" www.masi.dk
62.44.134.61 - - [08/Jan/2012:18:31:03 +0000] "GET /Thesis-filer/Image121.gif HTTP/1.1" 200 19824 "http://www.masi.dk/Program%20Manual.htm" "Mozilla/5.0 (iPhone; U; CPU iPhone OS 4_1 like Mac OS X; da-dk) AppleWebKit/532.9 (KHTML, like Gecko) Version/4.0.5 Mobile/8B117 Safari/6531.22.7" www.masi.dk
62.44.134.61 - - [08/Jan/2012:18:31:03 +0000] "GET /Thesis-filer/Image108.gif HTTP/1.1" 200 20407 "http://www.masi.dk/Program%20Manual.htm" "Mozilla/5.0 (iPhone; U; CPU iPhone OS 4_1 like Mac OS X; da-dk) AppleWebKit/532.9 (KHTML, like Gecko) Version/4.0.5 Mobile/8B117 Safari/6531.22.7" www.masi.dk
62.44.134.61 - - [08/Jan/2012:18:31:10 +0000] "GET /Thesis-filer/Image109.gif HTTP/1.1" 200 21783 "http://www.masi.dk/Program%20Manual.htm" "Mozilla/5.0 (iPhone; U; CPU iPhone OS 4_1 like Mac OS X; da-dk) AppleWebKit/532.9 (KHTML, like Gecko) Version/4.0.5 Mobile/8B117 Safari/6531.22.7" www.masi.dk
62.44.134.61 - - [08/Jan/2012:18:31:15 +0000] "GET /Thesis-filer/Image110.gif HTTP/1.1" 200 23792 "http://www.masi.dk/Program%20Manual.htm" "Mozilla/5.0 (iPhone; U; CPU iPhone OS 4_1 like Mac OS X; da-dk) AppleWebKit/532.9 (KHTML, like Gecko) Version/4.0.5 Mobile/8B117 Safari/6531.22.7" www.masi.dk
62.44.134.61 - - [08/Jan/2012:18:31:15 +0000] "GET /Thesis-filer/Image111.gif HTTP/1.1" 200 23517 "http://www.masi.dk/Program%20Manual.htm" "Mozilla/5.0 (iPhone; U; CPU iPhone OS 4_1 like Mac OS X; da-dk) AppleWebKit/532.9 (KHTML, like Gecko) Version/4.0.5 Mobile/8B117 Safari/6531.22.7" www.masi.dk
62.44.134.61 - - [08/Jan/2012:18:31:15 +0000] "GET /Thesis-filer/Image124.gif HTTP/1.1" 200 20396 "http://www.masi.dk/Program%20Manual.htm" "Mozilla/5.0 (iPhone; U; CPU iPhone OS 4_1 like Mac OS X; da-dk) AppleWebKit/532.9 (KHTML, like Gecko) Version/4.0.5 Mobile/8B117 Safari/6531.22.7" www.masi.dk
62.44.134.61 - - [08/Jan/2012:18:31:16 +0000] "GET /Thesis-filer/Image112.gif HTTP/1.1" 200 26240 "http://www.masi.dk/Program%20Manual.htm" "Mozilla/5.0 (iPhone; U; CPU iPhone OS 4_1 like Mac OS X; da-dk) AppleWebKit/532.9 (KHTML, like Gecko) Version/4.0.5 Mobile/8B117 Safari/6531.22.7" www.masi.dk
62.44.134.61 - - [08/Jan/2012:18:31:20 +0000] "GET /Thesis-filer/Image113.gif HTTP/1.1" 200 26239 "http://www.masi.dk/Program%20Manual.htm" "Mozilla/5.0 (iPhone; U; CPU iPhone OS 4_1 like Mac OS X; da-dk) AppleWebKit/532.9 (KHTML, like Gecko) Version/4.0.5 Mobile/8B117 Safari/6531.22.7" www.masi.dk
62.44.134.61 - - [08/Jan/2012:18:31:23 +0000] "GET /Thesis-filer/Image28.gif HTTP/1.1" 200 21125 "http://www.masi.dk/Program%20Manual.htm" "Mozilla/5.0 (iPhone; U; CPU iPhone OS 4_1 like Mac OS X; da-dk) AppleWebKit/532.9 (KHTML, like Gecko) Version/4.0.5 Mobile/8B117 Safari/6531.22.7" www.masi.dk
62.44.134.61 - - [08/Jan/2012:18:31:23 +0000] "GET /Thesis-filer/Image115.gif HTTP/1.1" 200 24411 "http://www.masi.dk/Program%20Manual.htm" "Mozilla/5.0 (iPhone; U; CPU iPhone OS 4_1 like Mac OS X; da-dk) AppleWebKit/532.9 (KHTML, like Gecko) Version/4.0.5 Mobile/8B117 Safari/6531.22.7" www.masi.dk
62.44.134.61 - - [08/Jan/2012:18:31:27 +0000] "GET /Thesis-filer/Image116.gif HTTP/1.1" 200 21348 "http://www.masi.dk/Program%20Manual.htm" "Mozilla/5.0 (iPhone; U; CPU iPhone OS 4_1 like Mac OS X; da-dk) AppleWebKit/532.9 (KHTML, like Gecko) Version/4.0.5 Mobile/8B117 Safari/6531.22.7" www.masi.dk
62.44.134.61 - - [08/Jan/2012:18:31:27 +0000] "GET /Thesis-filer/Image117.gif HTTP/1.1" 200 26528 "http://www.masi.dk/Program%20Manual.htm" "Mozilla/5.0 (iPhone; U; CPU iPhone OS 4_1 like Mac OS X; da-dk) AppleWebKit/532.9 (KHTML, like Gecko) Version/4.0.5 Mobile/8B117 Safari/6531.22.7" www.masi.dk
62.44.134.61 - - [08/Jan/2012:18:31:29 +0000] "GET /Thesis-filer/Sensi118.gif HTTP/1.1" 200 27165 "http://www.masi.dk/Program%20Manual.htm" "Mozilla/5.0 (iPhone; U; CPU iPhone OS 4_1 like Mac OS X; da-dk) AppleWebKit/532.9 (KHTML, like Gecko) Version/4.0.5 Mobile/8B117 Safari/6531.22.7" www.masi.dk
62.44.134.61 - - [08/Jan/2012:18:31:29 +0000] "GET /Thesis-filer/Varia119.gif HTTP/1.1" 200 31581 "http://www.masi.dk/Program%20Manual.htm" "Mozilla/5.0 (iPhone; U; CPU iPhone OS 4_1 like Mac OS X; da-dk) AppleWebKit/532.9 (KHTML, like Gecko) Version/4.0.5 Mobile/8B117 Safari/6531.22.7" www.masi.dk
62.44.134.61 - - [08/Jan/2012:18:31:30 +0000] "GET /Thesis-filer/Image120.gif HTTP/1.1" 200 19394 "http://www.masi.dk/Program%20Manual.htm" "Mozilla/5.0 (iPhone; U; CPU iPhone OS 4_1 like Mac OS X; da-dk) AppleWebKit/532.9 (KHTML, like Gecko) Version/4.0.5 Mobile/8B117 Safari/6531.22.7" www.masi.dk
62.44.134.61 - - [08/Jan/2012:18:31:35 +0000] "GET /Thesis-filer/Image49.gif HTTP/1.1" 200 19360 "http://www.masi.dk/Program%20Manual.htm" "Mozilla/5.0 (iPhone; U; CPU iPhone OS 4_1 like Mac OS X; da-dk) AppleWebKit/532.9 (KHTML, like Gecko) Version/4.0.5 Mobile/8B117 Safari/6531.22.7" www.masi.dk
62.44.134.61 - - [08/Jan/2012:18:31:39 +0000] "GET /Thesis-filer/Image50.gif HTTP/1.1" 200 21438 "http://www.masi.dk/Program%20Manual.htm" "Mozilla/5.0 (iPhone; U; CPU iPhone OS 4_1 like Mac OS X; da-dk) AppleWebKit/532.9 (KHTML, like Gecko) Version/4.0.5 Mobile/8B117 Safari/6531.22.7" www.masi.dk
62.44.134.61 - - [08/Jan/2012:18:31:39 +0000] "GET /Thesis-filer/Image51.gif HTTP/1.1" 200 21157 "http://www.masi.dk/Program%20Manual.htm" "Mozilla/5.0 (iPhone; U; CPU iPhone OS 4_1 like Mac OS X; da-dk) AppleWebKit/532.9 (KHTML, like Gecko) Version/4.0.5 Mobile/8B117 Safari/6531.22.7" www.masi.dk
62.44.134.61 - - [08/Jan/2012:18:31:40 +0000] "GET /Thesis-filer/Image52.gif HTTP/1.1" 200 21374 "http://www.masi.dk/Program%20Manual.htm" "Mozilla/5.0 (iPhone; U; CPU iPhone OS 4_1 like Mac OS X; da-dk) AppleWebKit/532.9 (KHTML, like Gecko) Version/4.0.5 Mobile/8B117 Safari/6531.22.7" www.masi.dk
62.44.134.61 - - [08/Jan/2012:18:31:51 +0000] "GET /Thesis-filer/Image53.gif HTTP/1.1" 200 27385 "http://www.masi.dk/Program%20Manual.htm" "Mozilla/5.0 (iPhone; U; CPU iPhone OS 4_1 like Mac OS X; da-dk) AppleWebKit/532.9 (KHTML, like Gecko) Version/4.0.5 Mobile/8B117 Safari/6531.22.7" www.masi.dk
62.44.134.61 - - [08/Jan/2012:18:31:51 +0000] "GET /Thesis-filer/Image54.gif HTTP/1.1" 200 30233 "http://www.masi.dk/Program%20Manual.htm" "Mozilla/5.0 (iPhone; U; CPU iPhone OS 4_1 like Mac OS X; da-dk) AppleWebKit/532.9 (KHTML, like Gecko) Version/4.0.5 Mobile/8B117 Safari/6531.22.7" www.masi.dk
62.44.134.61 - - [08/Jan/2012:18:31:55 +0000] "GET /Thesis-filer/Image55.gif HTTP/1.1" 200 21644 "http://www.masi.dk/Program%20Manual.htm" "Mozilla/5.0 (iPhone; U; CPU iPhone OS 4_1 like Mac OS X; da-dk) AppleWebKit/532.9 (KHTML, like Gecko) Version/4.0.5 Mobile/8B117 Safari/6531.22.7" www.masi.dk
62.44.134.61 - - [08/Jan/2012:18:32:00 +0000] "GET /Thesis-filer/Image56.gif HTTP/1.1" 200 21135 "http://www.masi.dk/Program%20Manual.htm" "Mozilla/5.0 (iPhone; U; CPU iPhone OS 4_1 like Mac OS X; da-dk) AppleWebKit/532.9 (KHTML, like Gecko) Version/4.0.5 Mobile/8B117 Safari/6531.22.7" www.masi.dk
62.44.134.61 - - [08/Jan/2012:18:32:00 +0000] "GET /Thesis-filer/Image57.gif HTTP/1.1" 200 21039 "http://www.masi.dk/Program%20Manual.htm" "Mozilla/5.0 (iPhone; U; CPU iPhone OS 4_1 like Mac OS X; da-dk) AppleWebKit/532.9 (KHTML, like Gecko) Version/4.0.5 Mobile/8B117 Safari/6531.22.7" www.masi.dk
62.44.134.61 - - [08/Jan/2012:18:32:13 +0000] "GET /Thesis-filer/Image58.gif HTTP/1.1" 200 25240 "http://www.masi.dk/Program%20Manual.htm" "Mozilla/5.0 (iPhone; U; CPU iPhone OS 4_1 like Mac OS X; da-dk) AppleWebKit/532.9 (KHTML, like Gecko) Version/4.0.5 Mobile/8B117 Safari/6531.22.7" www.masi.dk
62.44.134.61 - - [08/Jan/2012:18:32:13 +0000] "GET /Thesis-filer/Image59.gif HTTP/1.1" 200 22063 "http://www.masi.dk/Program%20Manual.htm" "Mozilla/5.0 (iPhone; U; CPU iPhone OS 4_1 like Mac OS X; da-dk) AppleWebKit/532.9 (KHTML, like Gecko) Version/4.0.5 Mobile/8B117 Safari/6531.22.7" www.masi.dk
62.44.134.61 - - [08/Jan/2012:18:32:14 +0000] "GET /Thesis-filer/Image60.gif HTTP/1.1" 200 20220 "http://www.masi.dk/Program%20Manual.htm" "Mozilla/5.0 (iPhone; U; CPU iPhone OS 4_1 like Mac OS X; da-dk) AppleWebKit/532.9 (KHTML, like Gecko) Version/4.0.5 Mobile/8B117 Safari/6531.22.7" www.masi.dk
62.44.134.61 - - [08/Jan/2012:18:32:14 +0000] "GET /Thesis-filer/Image61.gif HTTP/1.1" 200 22644 "http://www.masi.dk/Program%20Manual.htm" "Mozilla/5.0 (iPhone; U; CPU iPhone OS 4_1 like Mac OS X; da-dk) AppleWebKit/532.9 (KHTML, like Gecko) Version/4.0.5 Mobile/8B117 Safari/6531.22.7" www.masi.dk
62.44.134.61 - - [08/Jan/2012:18:32:20 +0000] "GET /Thesis-filer/Image62.gif HTTP/1.1" 200 27213 "http://www.masi.dk/Program%20Manual.htm" "Mozilla/5.0 (iPhone; U; CPU iPhone OS 4_1 like Mac OS X; da-dk) AppleWebKit/532.9 (KHTML, like Gecko) Version/4.0.5 Mobile/8B117 Safari/6531.22.7" www.masi.dk
62.44.134.61 - - [08/Jan/2012:18:32:20 +0000] "GET /Thesis-filer/Image63.gif HTTP/1.1" 200 16351 "http://www.masi.dk/Program%20Manual.htm" "Mozilla/5.0 (iPhone; U; CPU iPhone OS 4_1 like Mac OS X; da-dk) AppleWebKit/532.9 (KHTML, like Gecko) Version/4.0.5 Mobile/8B117 Safari/6531.22.7" masi.dk
208.80.194.26 - - [08/Jan/2012:18:58:46 +0000] "GET / HTTP/1.0" 200 102436 "-" "Mozilla/4.0 (compatible; MSIE 6.0; Windows NT 5.1; SV1; .NET CLR 1.1.4322; Creative ZENcast v1.03.13)" masi.dk
208.80.194.26 - - [08/Jan/2012:18:58:47 +0000] "GET /./fphover.class HTTP/1.0" 200 9328 "-" "Mozilla/4.0 (compatible; MSIE 6.0; Windows NT 5.1; SV1; E-nrgyPlus; dial; .NET CLR 1.0.3705; Media Center PC 3.1)" masi.dk
75.50.146.27 - - [08/Jan/2012:19:47:15 +0000] "GET /Thesis-filer/MouThesis.JPG HTTP/1.1" 200 150270 "http://www.lizadavitch.com/nskdcj/Watch-Milk-Junkies" "Mozilla/5.0 (iPad; U; CPU OS 3_2_2 like Mac OS X; en-us) AppleWebKit/531.21.10 (KHTML, like Gecko) Version/4.0.4 Mobile/7B500 Safari/531.21.10" masi.dk
180.76.5.56 - - [08/Jan/2012:21:25:01 +0000] "GET / HTTP/1.1" 200 102436 "-" "Mozilla/5.0 (compatible; Baiduspider/2.0; +http://www.baidu.com/search/spider.html)" masi.dk
62.212.73.211 - - [08/Jan/2012:22:39:18 +0000] "GET /robots.txt HTTP/1.0" 404 208 "-" "Mozilla/5.0 (compatible; MJ12bot/v1.4.1; http://www.majestic12.co.uk/bot.php?+)" masi.dk
62.212.73.211 - - [08/Jan/2012:22:39:20 +0000] "GET /April_2011.htm HTTP/1.0" 200 544444 "-" "Mozilla/5.0 (compatible; MJ12bot/v1.4.1; http://www.majestic12.co.uk/bot.php?+)" www.masi.dk
66.249.72.211 - - [09/Jan/2012:00:02:42 +0000] "GET /robots.txt HTTP/1.1" 404 208 "-" "Mozilla/5.0 (compatible; Googlebot/2.1; +http://www.google.com/bot.html)" www.masi.dk
66.249.66.9 - - [09/Jan/2012:00:02:42 +0000] "GET /Thesis.htm HTTP/1.1" 200 1281530 "-" "Mozilla/5.0 (compatible; Googlebot/2.1; +http://www.google.com/bot.html)" www.masi.dk
208.80.194.33 - - [09/Jan/2012:04:47:13 +0000] "GET / HTTP/1.0" 200 102436 "-" "Mozilla/4.0 (compatible; MSIE 6.0; Windows NT 5.1; SV1; iOpus-I-M; .NET CLR 1.1.4322; .NET CLR 2.0.50727)" www.masi.dk
208.80.194.33 - - [09/Jan/2012:04:47:14 +0000] "GET /./fphover.class HTTP/1.0" 200 9328 "-" "Mozilla/4.0 (compatible; MSIE 6.0; Windows NT 5.1; SV1; SIMBAR={B9C369FD-72B6-4695-9CC7-B1548422F47F}; .NET CLR 1.1.4322; InfoPath.1)" masi.dk
220.161.150.70 - - [09/Jan/2012:07:26:41 +0000] "GET /Science%2520of%2520M%2520A%2520S%2520I.htm HTTP/1.0" 404 230 "http://www.belstaff-jackets.me.uk/" "Mozilla/6.0 (compatible; MSIE 7.0a1; Windows NT 5.2; SV1)" masi.dk
220.161.150.70 - - [09/Jan/2012:07:26:42 +0000] "GET / HTTP/1.0" 200 102436 "http://masi.dk/" "Mozilla/6.0 (compatible; MSIE 7.0a1; Windows NT 5.2; SV1)" www.masi.dk
180.76.5.62 - - [09/Jan/2012:08:47:35 +0000] "GET /Science%20of%20M%20A%20S%20I.htm HTTP/1.1" 200 166955 "-" "Mozilla/5.0 (compatible; Baiduspider/2.0; +http://www.baidu.com/search/spider.html)" www.masi.dk
80.232.77.4 - - [09/Jan/2012:10:48:51 +0000] "GET / HTTP/1.1" 200 102436 "-" "Mozilla/4.0 (compatible; MSIE 8.0; Windows NT 6.0; Trident/4.0; SV1; SLCC1; .NET CLR 2.0.50727; .NET CLR 3.5.30729; InfoPath.2; .NET CLR 1.1.4322; .NET CLR 3.0.30729; .NET4.0C; .NET4.0E)" www.masi.dk
80.232.77.4 - - [09/Jan/2012:10:48:51 +0000] "GET /Thesis-filer/oversi33_31.jpg HTTP/1.1" 200 10549 "http://www.masi.dk/" "Mozilla/4.0 (compatible; MSIE 8.0; Windows NT 6.0; Trident/4.0; SV1; SLCC1; .NET CLR 2.0.50727; .NET CLR 3.5.30729; InfoPath.2; .NET CLR 1.1.4322; .NET CLR 3.0.30729; .NET4.0C; .NET4.0E)" www.masi.dk
80.232.77.4 - - [09/Jan/2012:10:48:52 +0000] "GET /Thesis-filer/Timesm.jpg HTTP/1.1" 200 11464 "http://www.masi.dk/" "Mozilla/4.0 (compatible; MSIE 8.0; Windows NT 6.0; Trident/4.0; SV1; SLCC1; .NET CLR 2.0.50727; .NET CLR 3.5.30729; InfoPath.2; .NET CLR 1.1.4322; .NET CLR 3.0.30729; .NET4.0C; .NET4.0E)" www.masi.dk
80.232.77.4 - - [09/Jan/2012:10:48:52 +0000] "GET /Thesis-filer/hourly_usage_200511.png HTTP/1.1" 200 19001 "http://www.masi.dk/" "Mozilla/4.0 (compatible; MSIE 8.0; Windows NT 6.0; Trident/4.0; SV1; SLCC1; .NET CLR 2.0.50727; .NET CLR 3.5.30729; InfoPath.2; .NET CLR 1.1.4322; .NET CLR 3.0.30729; .NET4.0C; .NET4.0E)" www.masi.dk
80.232.77.4 - - [09/Jan/2012:10:48:52 +0000] "GET /Thesis-filer/Sensm.jpg HTTP/1.1" 200 11641 "http://www.masi.dk/" "Mozilla/4.0 (compatible; MSIE 8.0; Windows NT 6.0; Trident/4.0; SV1; SLCC1; .NET CLR 2.0.50727; .NET CLR 3.5.30729; InfoPath.2; .NET CLR 1.1.4322; .NET CLR 3.0.30729; .NET4.0C; .NET4.0E)" www.masi.dk
80.232.77.4 - - [09/Jan/2012:10:48:52 +0000] "GET /Thesis-filer/stattotal.jpg HTTP/1.1" 200 19797 "http://www.masi.dk/" "Mozilla/4.0 (compatible; MSIE 8.0; Windows NT 6.0; Trident/4.0; SV1; SLCC1; .NET CLR 2.0.50727; .NET CLR 3.5.30729; InfoPath.2; .NET CLR 1.1.4322; .NET CLR 3.0.30729; .NET4.0C; .NET4.0E)" www.masi.dk
80.232.77.4 - - [09/Jan/2012:10:48:52 +0000] "GET /Thesis-filer/hourly_usage_200509.png HTTP/1.1" 200 18703 "http://www.masi.dk/" "Mozilla/4.0 (compatible; MSIE 8.0; Windows NT 6.0; Trident/4.0; SV1; SLCC1; .NET CLR 2.0.50727; .NET CLR 3.5.30729; InfoPath.2; .NET CLR 1.1.4322; .NET CLR 3.0.30729; .NET4.0C; .NET4.0E)" www.masi.dk
80.232.77.4 - - [09/Jan/2012:10:48:52 +0000] "GET /Thesis-filer/hourly_usage_200512.png HTTP/1.1" 200 18967 "http://www.masi.dk/" "Mozilla/4.0 (compatible; MSIE 8.0; Windows NT 6.0; Trident/4.0; SV1; SLCC1; .NET CLR 2.0.50727; .NET CLR 3.5.30729; InfoPath.2; .NET CLR 1.1.4322; .NET CLR 3.0.30729; .NET4.0C; .NET4.0E)" www.masi.dk
80.232.77.4 - - [09/Jan/2012:10:48:52 +0000] "GET /Thesis-filer/Varism.jpg HTTP/1.1" 200 12504 "http://www.masi.dk/" "Mozilla/4.0 (compatible; MSIE 8.0; Windows NT 6.0; Trident/4.0; SV1; SLCC1; .NET CLR 2.0.50727; .NET CLR 3.5.30729; InfoPath.2; .NET CLR 1.1.4322; .NET CLR 3.0.30729; .NET4.0C; .NET4.0E)" www.masi.dk
80.232.77.4 - - [09/Jan/2012:10:48:52 +0000] "GET /Thesis-filer/HJ_v_s.jpg HTTP/1.1" 200 3509 "http://www.masi.dk/" "Mozilla/4.0 (compatible; MSIE 8.0; Windows NT 6.0; Trident/4.0; SV1; SLCC1; .NET CLR 2.0.50727; .NET CLR 3.5.30729; InfoPath.2; .NET CLR 1.1.4322; .NET CLR 3.0.30729; .NET4.0C; .NET4.0E)" www.masi.dk
80.232.77.4 - - [09/Jan/2012:10:48:52 +0000] "GET /Thesis-filer/hourly_usage_200510.png HTTP/1.1" 200 18736 "http://www.masi.dk/" "Mozilla/4.0 (compatible; MSIE 8.0; Windows NT 6.0; Trident/4.0; SV1; SLCC1; .NET CLR 2.0.50727; .NET CLR 3.5.30729; InfoPath.2; .NET CLR 1.1.4322; .NET CLR 3.0.30729; .NET4.0C; .NET4.0E)" www.masi.dk
80.232.77.4 - - [09/Jan/2012:10:48:52 +0000] "GET /Thesis-filer/hourly_usage_200508.png HTTP/1.1" 200 18446 "http://www.masi.dk/" "Mozilla/4.0 (compatible; MSIE 8.0; Windows NT 6.0; Trident/4.0; SV1; SLCC1; .NET CLR 2.0.50727; .NET CLR 3.5.30729; InfoPath.2; .NET CLR 1.1.4322; .NET CLR 3.0.30729; .NET4.0C; .NET4.0E)" www.masi.dk
80.232.77.4 - - [09/Jan/2012:10:48:52 +0000] "GET /favicon.ico HTTP/1.1" 404 209 "-" "Mozilla/4.0 (compatible; MSIE 8.0; Windows NT 6.0; Trident/4.0; SV1; SLCC1; .NET CLR 2.0.50727; .NET CLR 3.5.30729; InfoPath.2; .NET CLR 1.1.4322; .NET CLR 3.0.30729; .NET4.0C; .NET4.0E)" www.masi.dk
80.232.77.4 - - [09/Jan/2012:10:48:52 +0000] "GET /fphover.class HTTP/1.1" 200 9328 "-" "Mozilla/4.0 (Windows Vista 6.0) Java/1.6.0_27" www.masi.dk
80.232.77.4 - - [09/Jan/2012:10:48:53 +0000] "GET /fphoverx.class HTTP/1.1" 200 1476 "-" "Mozilla/4.0 (Windows Vista 6.0) Java/1.6.0_27" masi.dk
208.80.194.27 - - [09/Jan/2012:12:39:18 +0000] "GET /tfxyc/accomodation.php HTTP/1.0" 404 220 "-" "Mozilla/4.0 (compatible; MSIE 7.0; Windows NT 6.0; SLCC1; .NET CLR 2.0.50727; Media Center PC 5.0; .NET CLR 3.0.04506; IEMB3; .NET CLR 1.1.4322; IEMB3)" masi.dk
66.249.66.246 - - [09/Jan/2012:12:43:13 +0000] "GET /robots.txt HTTP/1.1" 404 208 "-" "Mozilla/5.0 (compatible; Googlebot/2.1; +http://www.google.com/bot.html)" masi.dk
66.249.72.240 - - [09/Jan/2012:12:43:13 +0000] "GET /August_2005.htm HTTP/1.1" 304 - "-" "Mozilla/5.0 (compatible; Googlebot/2.1; +http://www.google.com/bot.html)" www.masi.dk
188.165.248.204 - - [09/Jan/2012:12:49:58 +0000] "GET /robots.txt HTTP/1.0" 404 208 "-" "Mozilla/5.0 (compatible; MJ12bot/v1.4.1; http://www.majestic12.co.uk/bot.php?+)" www.masi.dk
188.165.248.204 - - [09/Jan/2012:12:50:01 +0000] "GET / HTTP/1.1" 200 102436 "-" "Mozilla/5.0 (compatible; MJ12bot/v1.4.1; http://www.majestic12.co.uk/bot.php?+)" www.masi.dk
195.47.247.42 - - [09/Jan/2012:12:53:41 +0000] "GET / HTTP/1.1" 200 102436 "-" "OneDotComLatencyTester/1.0" www.masi.dk
195.47.247.42 - - [09/Jan/2012:12:53:41 +0000] "GET / HTTP/1.1" 200 102436 "-" "OneDotComLatencyTester/1.0" www.masi.dk
87.118.112.62 - - [09/Jan/2012:16:23:37 +0000] "GET /August_2008.htm HTTP/1.1" 200 966095 "-" "Mozilla/5.0 (Windows; U; Windows NT 5.1; en-US; rv:1.8a5) Gecko/20041122" www.masi.dk
66.249.66.9 - - [09/Jan/2012:17:42:49 +0000] "GET /robots.txt HTTP/1.1" 404 208 "-" "Mozilla/5.0 (compatible; Googlebot/2.1; +http://www.google.com/bot.html)" www.masi.dk
66.249.66.9 - - [09/Jan/2012:17:42:49 +0000] "GET /Thesis-filer/Image51.gif HTTP/1.1" 304 - "-" "Googlebot-Image/1.0" www.masi.dk
66.249.66.9 - - [09/Jan/2012:19:31:46 +0000] "GET / HTTP/1.1" 200 102436 "-" "SAMSUNG-SGH-E250/1.0 Profile/MIDP-2.0 Configuration/CLDC-1.1 UP.Browser/6.2.3.3.c.1.101 (GUI) MMP/2.0 (compatible; Googlebot-Mobile/2.1; +http://www.google.com/bot.html)" www.masi.dk
66.249.66.9 - - [09/Jan/2012:19:59:07 +0000] "GET /Science%20of%20M%20A%20S%20I.htm HTTP/1.1" 304 - "-" "Mozilla/5.0 (compatible; Googlebot/2.1; +http://www.google.com/bot.html)" masi.dk
66.249.66.246 - - [09/Jan/2012:20:01:08 +0000] "GET /robots.txt HTTP/1.1" 404 208 "-" "Mozilla/5.0 (compatible; Googlebot/2.1; +http://www.google.com/bot.html)" masi.dk
66.249.66.246 - - [09/Jan/2012:20:01:09 +0000] "GET /Thesis.htm HTTP/1.1" 304 - "-" "Mozilla/5.0 (compatible; Googlebot/2.1; +http://www.google.com/bot.html)" www.masi.dk
119.63.196.53 - - [09/Jan/2012:20:38:22 +0000] "GET /robots.txt HTTP/1.1" 404 208 "-" "Baiduspider+(+http://www.baidu.com/search/spider.htm)" www.masi.dk
157.55.17.193 - - [09/Jan/2012:21:31:52 +0000] "GET /robots.txt HTTP/1.1" 404 208 "-" "Mozilla/5.0 (compatible; bingbot/2.0; +http://www.bing.com/bingbot.htm)" www.masi.dk
157.55.17.193 - - [09/Jan/2012:21:35:28 +0000] "GET /April_2006.htm HTTP/1.1" 304 - "-" "Mozilla/5.0 (compatible; bingbot/2.0; +http://www.bing.com/bingbot.htm)" masi.dk
180.76.5.55 - - [09/Jan/2012:22:53:50 +0000] "GET /index.htm HTTP/1.1" 200 102436 "-" "Mozilla/5.0 (compatible; Baiduspider/2.0; +http://www.baidu.com/search/spider.html)" masi.dk
180.76.5.159 - - [09/Jan/2012:22:53:52 +0000] "GET / HTTP/1.1" 200 102436 "-" "Mozilla/5.0 (compatible; Baiduspider/2.0; +http://www.baidu.com/search/spider.html)" www.masi.dk
95.108.150.235 - - [10/Jan/2012:01:26:18 +0000] "GET /robots.txt HTTP/1.1" 404 208 "-" "Mozilla/5.0 (compatible; YandexBot/3.0; +http://yandex.com/bots)" masi.dk
95.108.150.235 - - [10/Jan/2012:01:26:18 +0000] "GET /robots.txt HTTP/1.1" 404 208 "-" "Mozilla/5.0 (compatible; YandexBot/3.0; +http://yandex.com/bots)" www.masi.dk
95.108.150.235 - - [10/Jan/2012:01:26:19 +0000] "GET / HTTP/1.1" 200 102436 "-" "Mozilla/5.0 (compatible; YandexBot/3.0; +http://yandex.com/bots)" masi.dk
95.108.150.235 - - [10/Jan/2012:01:26:19 +0000] "GET / HTTP/1.1" 200 102436 "-" "Mozilla/5.0 (compatible; YandexBot/3.0; +http://yandex.com/bots)" www.masi.dk
95.108.150.235 - - [10/Jan/2012:01:26:20 +0000] "GET / HTTP/1.1" 200 102436 "-" "Mozilla/5.0 (compatible; YandexBot/3.0; +http://yandex.com/bots)" masi.dk
95.108.150.235 - - [10/Jan/2012:01:26:20 +0000] "GET / HTTP/1.1" 200 102436 "-" "Mozilla/5.0 (compatible; YandexBot/3.0; +http://yandex.com/bots)" www.masi.dk
178.154.160.30 - - [10/Jan/2012:03:48:00 +0000] "GET /robots.txt HTTP/1.1" 404 208 "-" "Mozilla/5.0 (compatible; YandexBot/3.0; +http://yandex.com/bots)" www.masi.dk
98.206.228.218 - - [10/Jan/2012:04:39:46 +0000] "GET /Thesis-filer/proof.jpg HTTP/1.1" 200 119617 "-" "Mozilla/5.0 (Windows; U; Windows NT 5.1; en-US; rv:1.9.0.6pre) Gecko/2009011606 Firefox/3.1" masi.dk
157.55.16.220 - - [10/Jan/2012:04:55:44 +0000] "GET /robots.txt HTTP/1.1" 404 208 "-" "Mozilla/5.0 (compatible; bingbot/2.0; +http://www.bing.com/bingbot.htm)" masi.dk
157.55.16.220 - - [10/Jan/2012:04:57:14 +0000] "GET /August_2008.htm HTTP/1.1" 304 - "-" "Mozilla/5.0 (compatible; bingbot/2.0; +http://www.bing.com/bingbot.htm)" www.masi.dk
157.55.17.145 - - [10/Jan/2012:06:32:44 +0000] "GET /robots.txt HTTP/1.1" 404 208 "-" "Mozilla/5.0 (compatible; bingbot/2.0; +http://www.bing.com/bingbot.htm)" www.masi.dk
157.55.17.145 - - [10/Jan/2012:06:42:27 +0000] "GET /August_2005.htm HTTP/1.1" 304 - "-" "Mozilla/5.0 (compatible; bingbot/2.0; +http://www.bing.com/bingbot.htm)" www.masi.dk
195.47.247.42 - - [10/Jan/2012:06:56:53 +0000] "GET / HTTP/1.1" 200 102436 "-" "OneDotComLatencyTester/1.0" www.masi.dk
195.47.247.42 - - [10/Jan/2012:06:56:53 +0000] "GET / HTTP/1.1" 200 102436 "-" "OneDotComLatencyTester/1.0" www.masi.dk
157.55.17.145 - - [10/Jan/2012:06:59:43 +0000] "GET / HTTP/1.1" 304 - "-" "Mozilla/5.0 (compatible; bingbot/2.0; +http://www.bing.com/bingbot.htm)" www.masi.dk
178.154.160.30 - - [10/Jan/2012:07:06:56 +0000] "GET /index.htm HTTP/1.1" 200 102436 "-" "Mozilla/5.0 (compatible; YandexBot/3.0; +http://yandex.com/bots)" masi.dk
208.80.194.36 - - [10/Jan/2012:07:34:31 +0000] "GET / HTTP/1.0" 200 102436 "-" "Mozilla/4.0 (compatible; MSIE 7.0; Windows NT 5.1; MathPlayer 2.10; .NET CLR 1.0.3705; .NET CLR 1.1.4322; InfoPath.1; Media Center PC 4.0; .NET CLR 2.0.50727)" masi.dk
208.80.194.36 - - [10/Jan/2012:07:34:32 +0000] "GET /./fphover.class HTTP/1.0" 200 9328 "-" "Mozilla/4.0 (compatible; MSIE 6.0; Windows NT 5.1; Supplied by Tesco.net; Sky Broadband)" www.masi.dk
193.191.216.25 - - [10/Jan/2012:08:10:30 +0000] "GET /Program%20Manual.htm HTTP/1.1" 200 115425 "http://www.google.be/search?q=hans+hendrik+jessen+bellemond+27+schilde&hl=nl&gbv=2&prmd=ivns&ei=Ve0LT6nRF4jS8QPAp8XUBQ&sa=N&gs_sm=e&gs_upl=316371l323637l0l323902l31l31l0l24l0l0l281l1063l0.3.2l5l0&oq=hans+hendrik+jessen+bellemond+27+schilde&aq=f&aqi=&aql=" "Mozilla/4.0 (compatible; MSIE 7.0; Windows NT 5.1; .NET CLR 2.0.50727; .NET CLR 1.1.4322)" www.masi.dk
